-- MySQL dump 10.13  Distrib 8.0.34, for Win64 (x86_64)
--
-- Host: 127.0.0.1    Database: jarves
-- ------------------------------------------------------
-- Server version	8.4.0

/*!40101 SET @OLD_CHARACTER_SET_CLIENT=@@CHARACTER_SET_CLIENT */;
/*!40101 SET @OLD_CHARACTER_SET_RESULTS=@@CHARACTER_SET_RESULTS */;
/*!40101 SET @OLD_COLLATION_CONNECTION=@@COLLATION_CONNECTION */;
/*!50503 SET NAMES utf8 */;
/*!40103 SET @OLD_TIME_ZONE=@@TIME_ZONE */;
/*!40103 SET TIME_ZONE='+00:00' */;
/*!40014 SET @OLD_UNIQUE_CHECKS=@@UNIQUE_CHECKS, UNIQUE_CHECKS=0 */;
/*!40014 SET @OLD_FOREIGN_KEY_CHECKS=@@FOREIGN_KEY_CHECKS, FOREIGN_KEY_CHECKS=0 */;
/*!40101 SET @OLD_SQL_MODE=@@SQL_MODE, SQL_MODE='NO_AUTO_VALUE_ON_ZERO' */;
/*!40111 SET @OLD_SQL_NOTES=@@SQL_NOTES, SQL_NOTES=0 */;

--
-- Table structure for table `Feedback_needforhelp`
--

DROP TABLE IF EXISTS `Feedback_needforhelp`;
/*!40101 SET @saved_cs_client     = @@character_set_client */;
/*!50503 SET character_set_client = utf8mb4 */;
CREATE TABLE `Feedback_needforhelp` (
  `id` bigint NOT NULL AUTO_INCREMENT,
  `datetime` datetime(6) NOT NULL,
  `number` int NOT NULL,
  PRIMARY KEY (`id`)
) ENGINE=InnoDB AUTO_INCREMENT=136 DEFAULT CHARSET=utf8mb3;
/*!40101 SET character_set_client = @saved_cs_client */;

--
-- Dumping data for table `Feedback_needforhelp`
--

LOCK TABLES `Feedback_needforhelp` WRITE;
/*!40000 ALTER TABLE `Feedback_needforhelp` DISABLE KEYS */;
INSERT INTO `Feedback_needforhelp` VALUES (9,'2023-09-08 13:58:58.967239',1),(10,'2023-09-08 14:40:42.698055',2),(11,'2023-09-08 14:41:08.199703',3),(12,'2023-09-08 15:38:17.839927',4),(13,'2023-09-08 15:42:46.470922',5),(14,'2023-09-08 15:54:06.899373',6),(15,'2023-09-08 15:57:29.712525',7),(16,'2023-09-08 15:57:58.340606',8),(17,'2023-09-08 15:58:06.799954',9),(18,'2023-09-08 15:58:58.804115',10),(19,'2023-09-08 15:59:09.406416',11),(20,'2023-09-08 16:00:43.850877',12),(21,'2023-09-08 16:01:07.284083',13),(22,'2023-09-08 16:01:42.884413',14),(23,'2023-09-08 16:01:45.510301',15),(24,'2023-09-08 16:01:48.718922',16),(25,'2023-09-08 16:03:05.690730',17),(26,'2023-09-08 16:03:08.394571',18),(27,'2023-09-08 16:05:13.602011',19),(28,'2023-09-08 16:05:16.603990',20),(29,'2023-09-08 16:05:37.214475',21),(30,'2023-09-08 16:06:35.759417',22),(31,'2023-09-08 16:06:41.810332',23),(32,'2023-09-08 16:09:29.800807',24),(33,'2023-09-08 16:09:35.555529',25),(34,'2023-09-08 16:09:44.868122',26),(35,'2023-09-08 17:01:32.552079',27),(36,'2023-09-08 17:04:36.420236',28),(37,'2023-09-08 17:30:50.124939',29),(38,'2023-09-09 18:23:05.756781',30),(39,'2023-09-09 18:23:07.600730',31),(40,'2023-09-11 09:01:21.433088',32),(41,'2023-09-12 12:04:19.178585',33),(42,'2023-09-12 12:04:22.928377',34),(43,'2023-09-12 12:04:23.596198',35),(44,'2023-09-12 13:23:23.167504',36),(45,'2023-09-12 13:56:00.986763',37),(46,'2023-09-12 16:47:46.981827',38),(47,'2023-09-12 17:18:30.408359',39),(48,'2023-09-12 17:18:38.925319',40),(49,'2023-09-12 17:18:40.737512',41),(50,'2023-09-12 17:18:40.906403',42),(51,'2023-09-12 17:18:41.064198',43),(52,'2023-09-12 17:18:41.221180',44),(53,'2023-09-12 17:18:41.412418',45),(54,'2023-09-12 17:18:41.569429',46),(55,'2023-09-12 17:18:41.764296',47),(56,'2023-09-12 17:18:41.927686',48),(57,'2023-09-12 17:18:42.101105',49),(58,'2023-09-12 17:18:42.259136',50),(59,'2023-09-12 17:18:42.428034',51),(60,'2023-09-12 17:18:42.608866',52),(61,'2023-09-12 17:18:42.784419',53),(62,'2023-09-12 17:18:42.910349',54),(63,'2023-09-12 17:18:43.089569',55),(64,'2023-09-12 17:18:43.268489',56),(65,'2023-09-12 17:18:43.425387',57),(66,'2023-09-12 17:18:43.574672',58),(67,'2023-09-12 17:18:43.747182',59),(68,'2023-09-12 17:18:43.889453',60),(69,'2023-09-12 17:18:43.930488',61),(70,'2023-09-12 17:18:44.093861',62),(71,'2023-09-21 08:23:39.835900',63),(72,'2023-09-21 08:23:44.791160',64),(73,'2023-09-21 08:23:54.275779',65),(74,'2023-09-21 08:23:54.652303',66),(75,'2023-09-21 08:23:54.838098',67),(76,'2023-09-21 08:23:54.997014',68),(77,'2023-09-21 08:23:55.236556',69),(78,'2023-09-21 08:23:55.305266',70),(79,'2023-09-21 08:23:55.474981',71),(80,'2023-09-21 08:23:55.686384',72),(81,'2023-09-21 08:23:55.890789',73),(82,'2023-09-21 08:23:56.277125',74),(83,'2023-09-21 08:23:56.339745',75),(84,'2023-09-21 08:23:56.378624',76),(85,'2023-09-21 08:23:56.534464',77),(86,'2023-09-26 13:27:45.470214',78),(87,'2023-09-26 13:27:45.580867',79),(88,'2023-09-26 13:27:45.736849',80),(89,'2023-09-26 13:27:45.903323',81),(90,'2023-09-26 13:27:46.084249',82),(91,'2023-09-26 13:27:46.425163',83),(92,'2023-09-26 13:27:46.602127',84),(93,'2023-09-26 13:27:46.772368',85),(94,'2023-09-26 13:27:46.966618',86),(95,'2023-09-26 13:27:47.171419',87),(96,'2023-09-26 13:27:47.324999',88),(97,'2023-09-26 13:27:47.494713',89),(98,'2023-09-26 13:27:47.658563',90),(99,'2023-09-26 13:27:47.833148',91),(100,'2023-09-26 13:27:48.118335',92),(101,'2023-09-26 13:27:48.306569',93),(102,'2023-09-26 13:27:48.573754',94),(103,'2023-09-26 13:27:48.723679',95),(104,'2023-09-26 13:27:48.909361',96),(105,'2023-09-26 13:27:49.122914',97),(106,'2023-09-26 13:27:49.297459',98),(107,'2023-09-26 13:27:49.499861',99),(108,'2023-09-26 13:27:49.890517',100),(109,'2023-09-26 13:27:54.934460',101),(110,'2023-09-26 13:27:55.079704',102),(111,'2023-09-26 13:27:55.265679',103),(112,'2023-09-26 13:27:56.005690',104),(113,'2023-09-26 13:27:56.175404',105),(114,'2023-09-26 13:27:56.315914',106),(115,'2023-09-26 13:27:56.488904',107),(116,'2023-09-26 13:27:57.256237',108),(117,'2023-09-26 13:27:57.426380',109),(118,'2023-09-26 13:27:57.571805',110),(119,'2023-09-26 13:27:59.255292',111),(120,'2023-09-27 11:38:59.713394',112),(121,'2023-09-27 12:09:43.341110',113),(122,'2023-09-28 05:53:18.148937',114),(123,'2023-09-28 08:22:22.813150',115),(124,'2023-10-05 11:02:20.986652',116),(125,'2023-11-17 08:25:49.007813',117),(126,'2023-11-17 12:03:05.595892',118),(127,'2023-11-17 12:03:06.214205',119),(128,'2023-11-17 12:03:17.005596',120),(129,'2023-11-17 12:03:17.404530',121),(130,'2023-11-17 12:15:25.502339',122),(131,'2023-11-20 18:48:33.266715',123),(132,'2023-11-20 18:48:37.293382',124),(133,'2023-11-20 18:48:38.363680',125),(134,'2023-11-20 18:48:59.579749',126),(135,'2023-11-29 10:52:59.061586',127);
/*!40000 ALTER TABLE `Feedback_needforhelp` ENABLE KEYS */;
UNLOCK TABLES;

--
-- Table structure for table `Policies_checklisttask`
--

DROP TABLE IF EXISTS `Policies_checklisttask`;
/*!40101 SET @saved_cs_client     = @@character_set_client */;
/*!50503 SET character_set_client = utf8mb4 */;
CREATE TABLE `Policies_checklisttask` (
  `id` bigint NOT NULL AUTO_INCREMENT,
  `name` varchar(30) NOT NULL,
  `description_en` varchar(300) NOT NULL,
  `description_de` varchar(300) NOT NULL,
  `responsible` varchar(30) NOT NULL,
  `done` tinyint(1) NOT NULL,
  `tag` varchar(30) NOT NULL,
  `phase_id` bigint NOT NULL,
  `step_id` bigint NOT NULL,
  PRIMARY KEY (`id`)
) ENGINE=InnoDB AUTO_INCREMENT=4 DEFAULT CHARSET=utf8mb4 COLLATE=utf8mb4_0900_ai_ci;
/*!40101 SET character_set_client = @saved_cs_client */;

--
-- Dumping data for table `Policies_checklisttask`
--

LOCK TABLES `Policies_checklisttask` WRITE;
/*!40000 ALTER TABLE `Policies_checklisttask` DISABLE KEYS */;
INSERT INTO `Policies_checklisttask` VALUES (1,'Create DMP','Create DMP','DMP erstellen','NONE',0,'DMP',1,25),(2,'NONE','NONE','NONE','NONE',0,'-',9,25),(3,'Archive Data','Archive Data','Daten archivieren','NONE',0,'Archive',7,25);
/*!40000 ALTER TABLE `Policies_checklisttask` ENABLE KEYS */;
UNLOCK TABLES;

--
-- Table structure for table `Policies_colleg`
--

DROP TABLE IF EXISTS `Policies_colleg`;
/*!40101 SET @saved_cs_client     = @@character_set_client */;
/*!50503 SET character_set_client = utf8mb4 */;
CREATE TABLE `Policies_colleg` (
  `id` bigint NOT NULL AUTO_INCREMENT,
  `name` varchar(30) NOT NULL,
  `acronym` varchar(30) NOT NULL,
  `policy_id` bigint DEFAULT NULL,
  PRIMARY KEY (`id`),
  UNIQUE KEY `policy_id` (`policy_id`),
  CONSTRAINT `Policies_colleg_policy_id_4e9dc368_fk_Policies_policyguide_id` FOREIGN KEY (`policy_id`) REFERENCES `Policies_policyguide` (`id`)
) ENGINE=InnoDB AUTO_INCREMENT=3 DEFAULT CHARSET=utf8mb4 COLLATE=utf8mb4_0900_ai_ci;
/*!40101 SET character_set_client = @saved_cs_client */;

--
-- Dumping data for table `Policies_colleg`
--

LOCK TABLES `Policies_colleg` WRITE;
/*!40000 ALTER TABLE `Policies_colleg` DISABLE KEYS */;
INSERT INTO `Policies_colleg` VALUES (1,'RWTH Aachen University','RWTH',1),(2,'KIT - Karlsruher Institut für','KIT',2);
/*!40000 ALTER TABLE `Policies_colleg` ENABLE KEYS */;
UNLOCK TABLES;

--
-- Table structure for table `Policies_dmp_tool`
--

DROP TABLE IF EXISTS `Policies_dmp_tool`;
/*!40101 SET @saved_cs_client     = @@character_set_client */;
/*!50503 SET character_set_client = utf8mb4 */;
CREATE TABLE `Policies_dmp_tool` (
  `id` bigint NOT NULL AUTO_INCREMENT,
  `name` varchar(30) NOT NULL,
  `url` varchar(30) NOT NULL,
  PRIMARY KEY (`id`)
) ENGINE=InnoDB AUTO_INCREMENT=3 DEFAULT CHARSET=utf8mb4 COLLATE=utf8mb4_0900_ai_ci;
/*!40101 SET character_set_client = @saved_cs_client */;

--
-- Dumping data for table `Policies_dmp_tool`
--

LOCK TABLES `Policies_dmp_tool` WRITE;
/*!40000 ALTER TABLE `Policies_dmp_tool` DISABLE KEYS */;
INSERT INTO `Policies_dmp_tool` VALUES (1,'RWTH RDMO','https://rdmo.rwth-aachen.de/'),(2,'NONE','NONE');
/*!40000 ALTER TABLE `Policies_dmp_tool` ENABLE KEYS */;
UNLOCK TABLES;

--
-- Table structure for table `Policies_funding`
--

DROP TABLE IF EXISTS `Policies_funding`;
/*!40101 SET @saved_cs_client     = @@character_set_client */;
/*!50503 SET character_set_client = utf8mb4 */;
CREATE TABLE `Policies_funding` (
  `id` bigint NOT NULL AUTO_INCREMENT,
  `name` varchar(100) NOT NULL,
  `acronym` varchar(30) NOT NULL,
  `policy_id` bigint DEFAULT NULL,
  PRIMARY KEY (`id`),
  KEY `Policies_funding_policy_id_e411c8ae_fk_Policies_policyguide_id` (`policy_id`),
  CONSTRAINT `Policies_funding_policy_id_e411c8ae_fk_Policies_policyguide_id` FOREIGN KEY (`policy_id`) REFERENCES `Policies_policyguide` (`id`)
) ENGINE=InnoDB AUTO_INCREMENT=2 DEFAULT CHARSET=utf8mb4 COLLATE=utf8mb4_0900_ai_ci;
/*!40101 SET character_set_client = @saved_cs_client */;

--
-- Dumping data for table `Policies_funding`
--

LOCK TABLES `Policies_funding` WRITE;
/*!40000 ALTER TABLE `Policies_funding` DISABLE KEYS */;
INSERT INTO `Policies_funding` VALUES (1,'Deutsche Forschungsgemeinschaft','DFG',3);
/*!40000 ALTER TABLE `Policies_funding` ENABLE KEYS */;
UNLOCK TABLES;

--
-- Table structure for table `Policies_institute`
--

DROP TABLE IF EXISTS `Policies_institute`;
/*!40101 SET @saved_cs_client     = @@character_set_client */;
/*!50503 SET character_set_client = utf8mb4 */;
CREATE TABLE `Policies_institute` (
  `id` bigint NOT NULL AUTO_INCREMENT,
  `name` varchar(100) NOT NULL,
  `acronym` varchar(30) NOT NULL,
  `policy_id` bigint DEFAULT NULL,
  `university_id` bigint DEFAULT NULL,
  PRIMARY KEY (`id`),
  UNIQUE KEY `policy_id` (`policy_id`),
  KEY `Policies_institute_university_id_f1b424d4_fk_Policies_colleg_id` (`university_id`),
  CONSTRAINT `Policies_institute_policy_id_75e80f81_fk_Policies_policyguide_id` FOREIGN KEY (`policy_id`) REFERENCES `Policies_policyguide` (`id`),
  CONSTRAINT `Policies_institute_university_id_f1b424d4_fk_Policies_colleg_id` FOREIGN KEY (`university_id`) REFERENCES `Policies_colleg` (`id`)
) ENGINE=InnoDB AUTO_INCREMENT=2 DEFAULT CHARSET=utf8mb4 COLLATE=utf8mb4_0900_ai_ci;
/*!40101 SET character_set_client = @saved_cs_client */;

--
-- Dumping data for table `Policies_institute`
--

LOCK TABLES `Policies_institute` WRITE;
/*!40000 ALTER TABLE `Policies_institute` DISABLE KEYS */;
INSERT INTO `Policies_institute` VALUES (1,'Werkzeugmaschinenlabor WZL der RWTH Aachen','WZL',4,1);
/*!40000 ALTER TABLE `Policies_institute` ENABLE KEYS */;
UNLOCK TABLES;

--
-- Table structure for table `Policies_policy`
--

DROP TABLE IF EXISTS `Policies_policy`;
/*!40101 SET @saved_cs_client     = @@character_set_client */;
/*!50503 SET character_set_client = utf8mb4 */;
CREATE TABLE `Policies_policy` (
  `id` bigint NOT NULL AUTO_INCREMENT,
  `name` varchar(30) NOT NULL,
  `kind_id` varchar(30) NOT NULL,
  `DMP_Tool` varchar(30) NOT NULL,
  PRIMARY KEY (`id`)
) ENGINE=InnoDB AUTO_INCREMENT=4 DEFAULT CHARSET=utf8mb3;
/*!40101 SET character_set_client = @saved_cs_client */;

--
-- Dumping data for table `Policies_policy`
--

LOCK TABLES `Policies_policy` WRITE;
/*!40000 ALTER TABLE `Policies_policy` DISABLE KEYS */;
INSERT INTO `Policies_policy` VALUES (1,'DFG','1','RDMO'),(2,'RWTH Aachen University','2','RDMO'),(3,'RWTH - WZL','2','RDMO');
/*!40000 ALTER TABLE `Policies_policy` ENABLE KEYS */;
UNLOCK TABLES;

--
-- Table structure for table `Policies_policy_kind`
--

DROP TABLE IF EXISTS `Policies_policy_kind`;
/*!40101 SET @saved_cs_client     = @@character_set_client */;
/*!50503 SET character_set_client = utf8mb4 */;
CREATE TABLE `Policies_policy_kind` (
  `id` bigint NOT NULL AUTO_INCREMENT,
  `name` varchar(30) NOT NULL,
  PRIMARY KEY (`id`)
) ENGINE=InnoDB AUTO_INCREMENT=5 DEFAULT CHARSET=utf8mb3;
/*!40101 SET character_set_client = @saved_cs_client */;

--
-- Dumping data for table `Policies_policy_kind`
--

LOCK TABLES `Policies_policy_kind` WRITE;
/*!40000 ALTER TABLE `Policies_policy_kind` DISABLE KEYS */;
INSERT INTO `Policies_policy_kind` VALUES (1,'Funding'),(2,'Institution'),(3,'University'),(4,'Institute');
/*!40000 ALTER TABLE `Policies_policy_kind` ENABLE KEYS */;
UNLOCK TABLES;

--
-- Table structure for table `Policies_policyguide`
--

DROP TABLE IF EXISTS `Policies_policyguide`;
/*!40101 SET @saved_cs_client     = @@character_set_client */;
/*!50503 SET character_set_client = utf8mb4 */;
CREATE TABLE `Policies_policyguide` (
  `id` bigint NOT NULL AUTO_INCREMENT,
  `name` varchar(100) NOT NULL,
  `score1` varchar(30) NOT NULL,
  `score2` varchar(30) NOT NULL,
  `dmp_recommendation_id` bigint DEFAULT NULL,
  `kind_id` bigint NOT NULL,
  `storage_recommendation_id` bigint DEFAULT NULL,
  PRIMARY KEY (`id`),
  KEY `Policies_policyguide_dmp_recommendation_i_23431651_fk_Policies_` (`dmp_recommendation_id`),
  KEY `Policies_policyguide_kind_id_2cca8971_fk_Policies_policy_kind_id` (`kind_id`),
  KEY `Policies_policyguide_storage_recommendati_b1d1e64d_fk_Policies_` (`storage_recommendation_id`),
  CONSTRAINT `Policies_policyguide_dmp_recommendation_i_23431651_fk_Policies_` FOREIGN KEY (`dmp_recommendation_id`) REFERENCES `Policies_dmp_tool` (`id`),
  CONSTRAINT `Policies_policyguide_kind_id_2cca8971_fk_Policies_policy_kind_id` FOREIGN KEY (`kind_id`) REFERENCES `Policies_policy_kind` (`id`),
  CONSTRAINT `Policies_policyguide_storage_recommendati_b1d1e64d_fk_Policies_` FOREIGN KEY (`storage_recommendation_id`) REFERENCES `Policies_storage_tool` (`id`)
) ENGINE=InnoDB AUTO_INCREMENT=5 DEFAULT CHARSET=utf8mb4 COLLATE=utf8mb4_0900_ai_ci;
/*!40101 SET character_set_client = @saved_cs_client */;

--
-- Dumping data for table `Policies_policyguide`
--

LOCK TABLES `Policies_policyguide` WRITE;
/*!40000 ALTER TABLE `Policies_policyguide` DISABLE KEYS */;
INSERT INTO `Policies_policyguide` VALUES (1,'RWTH Aachen University - Policy','1','1',1,2,1),(2,'KIT - Policy','0','0',2,2,2),(3,'DFG - Policy','NONE','NONE',2,1,2),(4,'WZL - Policy','4','4',1,4,1);
/*!40000 ALTER TABLE `Policies_policyguide` ENABLE KEYS */;
UNLOCK TABLES;

--
-- Table structure for table `Policies_policyguide_tasks`
--

DROP TABLE IF EXISTS `Policies_policyguide_tasks`;
/*!40101 SET @saved_cs_client     = @@character_set_client */;
/*!50503 SET character_set_client = utf8mb4 */;
CREATE TABLE `Policies_policyguide_tasks` (
  `id` bigint NOT NULL AUTO_INCREMENT,
  `policyguide_id` bigint NOT NULL,
  `checklisttask_id` bigint NOT NULL,
  PRIMARY KEY (`id`),
  UNIQUE KEY `Policies_policyguide_tas_policyguide_id_checklist_e80f17fa_uniq` (`policyguide_id`,`checklisttask_id`),
  KEY `Policies_policyguide_checklisttask_id_fd2d995e_fk_Policies_` (`checklisttask_id`),
  CONSTRAINT `Policies_policyguide_checklisttask_id_fd2d995e_fk_Policies_` FOREIGN KEY (`checklisttask_id`) REFERENCES `Policies_checklisttask` (`id`),
  CONSTRAINT `Policies_policyguide_policyguide_id_215d336e_fk_Policies_` FOREIGN KEY (`policyguide_id`) REFERENCES `Policies_policyguide` (`id`)
) ENGINE=InnoDB AUTO_INCREMENT=7 DEFAULT CHARSET=utf8mb4 COLLATE=utf8mb4_0900_ai_ci;
/*!40101 SET character_set_client = @saved_cs_client */;

--
-- Dumping data for table `Policies_policyguide_tasks`
--

LOCK TABLES `Policies_policyguide_tasks` WRITE;
/*!40000 ALTER TABLE `Policies_policyguide_tasks` DISABLE KEYS */;
INSERT INTO `Policies_policyguide_tasks` VALUES (1,1,1),(2,2,1),(6,2,3),(3,3,1),(4,3,2),(5,4,1);
/*!40000 ALTER TABLE `Policies_policyguide_tasks` ENABLE KEYS */;
UNLOCK TABLES;

--
-- Table structure for table `Policies_projectchecklisttask`
--

DROP TABLE IF EXISTS `Policies_projectchecklisttask`;
/*!40101 SET @saved_cs_client     = @@character_set_client */;
/*!50503 SET character_set_client = utf8mb4 */;
CREATE TABLE `Policies_projectchecklisttask` (
  `id` bigint NOT NULL AUTO_INCREMENT,
  `name` varchar(30) NOT NULL,
  `description_en` varchar(300) NOT NULL,
  `description_de` varchar(300) NOT NULL,
  `responsible` varchar(30) NOT NULL,
  `done` tinyint(1) NOT NULL,
  `tag` varchar(30) NOT NULL,
  `phase_id` bigint NOT NULL,
  `project_id` bigint NOT NULL,
  `step_id` bigint NOT NULL,
  PRIMARY KEY (`id`),
  KEY `Policies_projectchec_phase_id_a6ecd96e_fk_ProjectAP` (`phase_id`),
  KEY `Policies_projectchec_project_id_d01592da_fk_ProjectAP` (`project_id`),
  KEY `Policies_projectchec_step_id_a725cbf6_fk_ProjectAP` (`step_id`),
  CONSTRAINT `Policies_projectchec_phase_id_a6ecd96e_fk_ProjectAP` FOREIGN KEY (`phase_id`) REFERENCES `ProjectAPP_projectphase` (`id`),
  CONSTRAINT `Policies_projectchec_project_id_d01592da_fk_ProjectAP` FOREIGN KEY (`project_id`) REFERENCES `ProjectAPP_project` (`id`),
  CONSTRAINT `Policies_projectchec_step_id_a725cbf6_fk_ProjectAP` FOREIGN KEY (`step_id`) REFERENCES `ProjectAPP_projectstep` (`id`)
) ENGINE=InnoDB AUTO_INCREMENT=6 DEFAULT CHARSET=utf8mb4 COLLATE=utf8mb4_0900_ai_ci;
/*!40101 SET character_set_client = @saved_cs_client */;

--
-- Dumping data for table `Policies_projectchecklisttask`
--

LOCK TABLES `Policies_projectchecklisttask` WRITE;
/*!40000 ALTER TABLE `Policies_projectchecklisttask` DISABLE KEYS */;
INSERT INTO `Policies_projectchecklisttask` VALUES (1,'Create DMP','Create DMP','DMP erstellen','NONE',0,'DMP',1,20,25),(2,'NONE','NONE','NONE','NONE',0,'-',9,20,25),(3,'Create DMP','Create DMP','DMP erstellen','NONE',0,'DMP',1,21,25),(4,'NONE','NONE','NONE','NONE',0,'-',9,21,25),(5,'Archive Data','Archive Data','Daten archivieren','NONE',0,'Archive',7,21,25);
/*!40000 ALTER TABLE `Policies_projectchecklisttask` ENABLE KEYS */;
UNLOCK TABLES;

--
-- Table structure for table `Policies_projectpolicy`
--

DROP TABLE IF EXISTS `Policies_projectpolicy`;
/*!40101 SET @saved_cs_client     = @@character_set_client */;
/*!50503 SET character_set_client = utf8mb4 */;
CREATE TABLE `Policies_projectpolicy` (
  `id` bigint NOT NULL AUTO_INCREMENT,
  `name` varchar(100) NOT NULL,
  `score1` varchar(30) NOT NULL,
  `score2` varchar(30) NOT NULL,
  `dmp_recommendation_id` bigint DEFAULT NULL,
  `kind_id` bigint NOT NULL,
  `project_id` bigint NOT NULL,
  `storage_recommendation_id` bigint DEFAULT NULL,
  PRIMARY KEY (`id`),
  KEY `Policies_projectpoli_dmp_recommendation_i_485325c1_fk_Policies_` (`dmp_recommendation_id`),
  KEY `Policies_projectpoli_kind_id_279b048c_fk_Policies_` (`kind_id`),
  KEY `Policies_projectpoli_project_id_ea9ee68f_fk_ProjectAP` (`project_id`),
  KEY `Policies_projectpoli_storage_recommendati_1e361786_fk_Policies_` (`storage_recommendation_id`),
  CONSTRAINT `Policies_projectpoli_dmp_recommendation_i_485325c1_fk_Policies_` FOREIGN KEY (`dmp_recommendation_id`) REFERENCES `Policies_dmp_tool` (`id`),
  CONSTRAINT `Policies_projectpoli_kind_id_279b048c_fk_Policies_` FOREIGN KEY (`kind_id`) REFERENCES `Policies_policy_kind` (`id`),
  CONSTRAINT `Policies_projectpoli_project_id_ea9ee68f_fk_ProjectAP` FOREIGN KEY (`project_id`) REFERENCES `ProjectAPP_project` (`id`),
  CONSTRAINT `Policies_projectpoli_storage_recommendati_1e361786_fk_Policies_` FOREIGN KEY (`storage_recommendation_id`) REFERENCES `Policies_storage_tool` (`id`)
) ENGINE=InnoDB AUTO_INCREMENT=7 DEFAULT CHARSET=utf8mb4 COLLATE=utf8mb4_0900_ai_ci;
/*!40101 SET character_set_client = @saved_cs_client */;

--
-- Dumping data for table `Policies_projectpolicy`
--

LOCK TABLES `Policies_projectpolicy` WRITE;
/*!40000 ALTER TABLE `Policies_projectpolicy` DISABLE KEYS */;
INSERT INTO `Policies_projectpolicy` VALUES (1,'DFG - Policy','NONE','NONE',2,1,20,2),(2,'WZL - Policy','4','4',1,4,20,1),(3,'RWTH Aachen University - Policy','1','1',1,2,20,1),(4,'DFG - Policy','NONE','NONE',2,1,21,2),(5,'WZL - Policy','4','4',1,4,21,1),(6,'KIT - Policy','0','0',2,2,21,2);
/*!40000 ALTER TABLE `Policies_projectpolicy` ENABLE KEYS */;
UNLOCK TABLES;

--
-- Table structure for table `Policies_storage_tool`
--

DROP TABLE IF EXISTS `Policies_storage_tool`;
/*!40101 SET @saved_cs_client     = @@character_set_client */;
/*!50503 SET character_set_client = utf8mb4 */;
CREATE TABLE `Policies_storage_tool` (
  `id` bigint NOT NULL AUTO_INCREMENT,
  `name` varchar(30) NOT NULL,
  `url` varchar(30) NOT NULL,
  PRIMARY KEY (`id`)
) ENGINE=InnoDB AUTO_INCREMENT=3 DEFAULT CHARSET=utf8mb4 COLLATE=utf8mb4_0900_ai_ci;
/*!40101 SET character_set_client = @saved_cs_client */;

--
-- Dumping data for table `Policies_storage_tool`
--

LOCK TABLES `Policies_storage_tool` WRITE;
/*!40000 ALTER TABLE `Policies_storage_tool` DISABLE KEYS */;
INSERT INTO `Policies_storage_tool` VALUES (1,'Coscine','https://coscine.rwth-aachen.de'),(2,'NONE','NONE');
/*!40000 ALTER TABLE `Policies_storage_tool` ENABLE KEYS */;
UNLOCK TABLES;

--
-- Table structure for table `ProjectAPP_allcollaborationfields`
--

DROP TABLE IF EXISTS `ProjectAPP_allcollaborationfields`;
/*!40101 SET @saved_cs_client     = @@character_set_client */;
/*!50503 SET character_set_client = utf8mb4 */;
CREATE TABLE `ProjectAPP_allcollaborationfields` (
  `id` bigint NOT NULL AUTO_INCREMENT,
  `punkt2_1` varchar(30) NOT NULL,
  PRIMARY KEY (`id`)
) ENGINE=InnoDB DEFAULT CHARSET=utf8mb3;
/*!40101 SET character_set_client = @saved_cs_client */;

--
-- Dumping data for table `ProjectAPP_allcollaborationfields`
--

LOCK TABLES `ProjectAPP_allcollaborationfields` WRITE;
/*!40000 ALTER TABLE `ProjectAPP_allcollaborationfields` DISABLE KEYS */;
/*!40000 ALTER TABLE `ProjectAPP_allcollaborationfields` ENABLE KEYS */;
UNLOCK TABLES;

--
-- Table structure for table `ProjectAPP_authorisationmanagement`
--

DROP TABLE IF EXISTS `ProjectAPP_authorisationmanagement`;
/*!40101 SET @saved_cs_client     = @@character_set_client */;
/*!50503 SET character_set_client = utf8mb4 */;
CREATE TABLE `ProjectAPP_authorisationmanagement` (
  `id` bigint NOT NULL AUTO_INCREMENT,
  `role` varchar(30) NOT NULL,
  `rights` longtext NOT NULL,
  `project_id` varchar(30) NOT NULL,
  PRIMARY KEY (`id`)
) ENGINE=InnoDB DEFAULT CHARSET=utf8mb3;
/*!40101 SET character_set_client = @saved_cs_client */;

--
-- Dumping data for table `ProjectAPP_authorisationmanagement`
--

LOCK TABLES `ProjectAPP_authorisationmanagement` WRITE;
/*!40000 ALTER TABLE `ProjectAPP_authorisationmanagement` DISABLE KEYS */;
/*!40000 ALTER TABLE `ProjectAPP_authorisationmanagement` ENABLE KEYS */;
UNLOCK TABLES;

--
-- Table structure for table `ProjectAPP_checklists`
--

DROP TABLE IF EXISTS `ProjectAPP_checklists`;
/*!40101 SET @saved_cs_client     = @@character_set_client */;
/*!50503 SET character_set_client = utf8mb4 */;
CREATE TABLE `ProjectAPP_checklists` (
  `id` bigint NOT NULL AUTO_INCREMENT,
  `name` varchar(30) NOT NULL,
  `project_phase` varchar(30) NOT NULL,
  `activity` varchar(30) NOT NULL,
  `data_repository_id` bigint NOT NULL,
  `project_requirements_id` bigint NOT NULL,
  PRIMARY KEY (`id`),
  KEY `ProjectAPP_checklist_data_repository_id_38983aa6_fk_ProjectAP` (`data_repository_id`),
  KEY `ProjectAPP_checklist_project_requirements_e30351c4_fk_ProjectAP` (`project_requirements_id`),
  CONSTRAINT `ProjectAPP_checklist_data_repository_id_38983aa6_fk_ProjectAP` FOREIGN KEY (`data_repository_id`) REFERENCES `ProjectAPP_datarepository` (`id`),
  CONSTRAINT `ProjectAPP_checklist_project_requirements_e30351c4_fk_ProjectAP` FOREIGN KEY (`project_requirements_id`) REFERENCES `ProjectAPP_projectrequirements` (`id`)
) ENGINE=InnoDB AUTO_INCREMENT=2 DEFAULT CHARSET=utf8mb3;
/*!40101 SET character_set_client = @saved_cs_client */;

--
-- Dumping data for table `ProjectAPP_checklists`
--

LOCK TABLES `ProjectAPP_checklists` WRITE;
/*!40000 ALTER TABLE `ProjectAPP_checklists` DISABLE KEYS */;
INSERT INTO `ProjectAPP_checklists` VALUES (1,'NONE','NONE','test',1,1);
/*!40000 ALTER TABLE `ProjectAPP_checklists` ENABLE KEYS */;
UNLOCK TABLES;

--
-- Table structure for table `ProjectAPP_datarepository`
--

DROP TABLE IF EXISTS `ProjectAPP_datarepository`;
/*!40101 SET @saved_cs_client     = @@character_set_client */;
/*!50503 SET character_set_client = utf8mb4 */;
CREATE TABLE `ProjectAPP_datarepository` (
  `id` bigint NOT NULL AUTO_INCREMENT,
  `name` varchar(30) NOT NULL,
  `faculty_dpmt` varchar(30) NOT NULL,
  `link` varchar(200) NOT NULL,
  PRIMARY KEY (`id`)
) ENGINE=InnoDB AUTO_INCREMENT=2 DEFAULT CHARSET=utf8mb3;
/*!40101 SET character_set_client = @saved_cs_client */;

--
-- Dumping data for table `ProjectAPP_datarepository`
--

LOCK TABLES `ProjectAPP_datarepository` WRITE;
/*!40000 ALTER TABLE `ProjectAPP_datarepository` DISABLE KEYS */;
INSERT INTO `ProjectAPP_datarepository` VALUES (1,'default datarepo','this is a placeholder','');
/*!40000 ALTER TABLE `ProjectAPP_datarepository` ENABLE KEYS */;
UNLOCK TABLES;

--
-- Table structure for table `ProjectAPP_employee`
--

DROP TABLE IF EXISTS `ProjectAPP_employee`;
/*!40101 SET @saved_cs_client     = @@character_set_client */;
/*!50503 SET character_set_client = utf8mb4 */;
CREATE TABLE `ProjectAPP_employee` (
  `id` bigint NOT NULL AUTO_INCREMENT,
  `first_name` varchar(30) NOT NULL,
  `last_name` varchar(30) NOT NULL,
  `coscine_token` varchar(150) NOT NULL,
  PRIMARY KEY (`id`)
) ENGINE=InnoDB DEFAULT CHARSET=utf8mb3;
/*!40101 SET character_set_client = @saved_cs_client */;

--
-- Dumping data for table `ProjectAPP_employee`
--

LOCK TABLES `ProjectAPP_employee` WRITE;
/*!40000 ALTER TABLE `ProjectAPP_employee` DISABLE KEYS */;
/*!40000 ALTER TABLE `ProjectAPP_employee` ENABLE KEYS */;
UNLOCK TABLES;

--
-- Table structure for table `ProjectAPP_employee_authorisation_management`
--

DROP TABLE IF EXISTS `ProjectAPP_employee_authorisation_management`;
/*!40101 SET @saved_cs_client     = @@character_set_client */;
/*!50503 SET character_set_client = utf8mb4 */;
CREATE TABLE `ProjectAPP_employee_authorisation_management` (
  `id` bigint NOT NULL AUTO_INCREMENT,
  `employee_id` bigint NOT NULL,
  `authorisationmanagement_id` bigint NOT NULL,
  PRIMARY KEY (`id`),
  UNIQUE KEY `ProjectAPP_employee_auth_employee_id_authorisatio_921ef466_uniq` (`employee_id`,`authorisationmanagement_id`),
  KEY `ProjectAPP_employee__authorisationmanagem_79546f7a_fk_ProjectAP` (`authorisationmanagement_id`),
  CONSTRAINT `ProjectAPP_employee__authorisationmanagem_79546f7a_fk_ProjectAP` FOREIGN KEY (`authorisationmanagement_id`) REFERENCES `ProjectAPP_authorisationmanagement` (`id`),
  CONSTRAINT `ProjectAPP_employee__employee_id_e23f7ee5_fk_ProjectAP` FOREIGN KEY (`employee_id`) REFERENCES `ProjectAPP_employee` (`id`)
) ENGINE=InnoDB DEFAULT CHARSET=utf8mb3;
/*!40101 SET character_set_client = @saved_cs_client */;

--
-- Dumping data for table `ProjectAPP_employee_authorisation_management`
--

LOCK TABLES `ProjectAPP_employee_authorisation_management` WRITE;
/*!40000 ALTER TABLE `ProjectAPP_employee_authorisation_management` DISABLE KEYS */;
/*!40000 ALTER TABLE `ProjectAPP_employee_authorisation_management` ENABLE KEYS */;
UNLOCK TABLES;

--
-- Table structure for table `ProjectAPP_employee_version_control_managment`
--

DROP TABLE IF EXISTS `ProjectAPP_employee_version_control_managment`;
/*!40101 SET @saved_cs_client     = @@character_set_client */;
/*!50503 SET character_set_client = utf8mb4 */;
CREATE TABLE `ProjectAPP_employee_version_control_managment` (
  `id` bigint NOT NULL AUTO_INCREMENT,
  `employee_id` bigint NOT NULL,
  `versioncontrolmanagment_id` bigint NOT NULL,
  PRIMARY KEY (`id`),
  UNIQUE KEY `ProjectAPP_employee_vers_employee_id_versioncontr_4f9870bc_uniq` (`employee_id`,`versioncontrolmanagment_id`),
  KEY `ProjectAPP_employee__versioncontrolmanagm_9310d493_fk_ProjectAP` (`versioncontrolmanagment_id`),
  CONSTRAINT `ProjectAPP_employee__employee_id_be29dd9f_fk_ProjectAP` FOREIGN KEY (`employee_id`) REFERENCES `ProjectAPP_employee` (`id`),
  CONSTRAINT `ProjectAPP_employee__versioncontrolmanagm_9310d493_fk_ProjectAP` FOREIGN KEY (`versioncontrolmanagment_id`) REFERENCES `ProjectAPP_versioncontrolmanagment` (`id`)
) ENGINE=InnoDB DEFAULT CHARSET=utf8mb3;
/*!40101 SET character_set_client = @saved_cs_client */;

--
-- Dumping data for table `ProjectAPP_employee_version_control_managment`
--

LOCK TABLES `ProjectAPP_employee_version_control_managment` WRITE;
/*!40000 ALTER TABLE `ProjectAPP_employee_version_control_managment` DISABLE KEYS */;
/*!40000 ALTER TABLE `ProjectAPP_employee_version_control_managment` ENABLE KEYS */;
UNLOCK TABLES;

--
-- Table structure for table `ProjectAPP_funding`
--

DROP TABLE IF EXISTS `ProjectAPP_funding`;
/*!40101 SET @saved_cs_client     = @@character_set_client */;
/*!50503 SET character_set_client = utf8mb4 */;
CREATE TABLE `ProjectAPP_funding` (
  `id` bigint NOT NULL AUTO_INCREMENT,
  `name` varchar(255) NOT NULL,
  `is_selected` tinyint(1) NOT NULL,
  PRIMARY KEY (`id`)
) ENGINE=InnoDB AUTO_INCREMENT=19 DEFAULT CHARSET=utf8mb3;
/*!40101 SET character_set_client = @saved_cs_client */;

--
-- Dumping data for table `ProjectAPP_funding`
--

LOCK TABLES `ProjectAPP_funding` WRITE;
/*!40000 ALTER TABLE `ProjectAPP_funding` DISABLE KEYS */;
INSERT INTO `ProjectAPP_funding` VALUES (15,'BMBF',0),(16,'ESF',1),(17,'Horizon Europe',0),(18,'+',0);
/*!40000 ALTER TABLE `ProjectAPP_funding` ENABLE KEYS */;
UNLOCK TABLES;

--
-- Table structure for table `ProjectAPP_license`
--

DROP TABLE IF EXISTS `ProjectAPP_license`;
/*!40101 SET @saved_cs_client     = @@character_set_client */;
/*!50503 SET character_set_client = utf8mb4 */;
CREATE TABLE `ProjectAPP_license` (
  `id` bigint NOT NULL AUTO_INCREMENT,
  `name` varchar(30) NOT NULL,
  `description` longtext NOT NULL,
  `link` varchar(200) NOT NULL,
  PRIMARY KEY (`id`)
) ENGINE=InnoDB DEFAULT CHARSET=utf8mb3;
/*!40101 SET character_set_client = @saved_cs_client */;

--
-- Dumping data for table `ProjectAPP_license`
--

LOCK TABLES `ProjectAPP_license` WRITE;
/*!40000 ALTER TABLE `ProjectAPP_license` DISABLE KEYS */;
/*!40000 ALTER TABLE `ProjectAPP_license` ENABLE KEYS */;
UNLOCK TABLES;

--
-- Table structure for table `ProjectAPP_metadata`
--

DROP TABLE IF EXISTS `ProjectAPP_metadata`;
/*!40101 SET @saved_cs_client     = @@character_set_client */;
/*!50503 SET character_set_client = utf8mb4 */;
CREATE TABLE `ProjectAPP_metadata` (
  `id` bigint NOT NULL AUTO_INCREMENT,
  `project_name` varchar(30) NOT NULL,
  `dataset_title` varchar(30) NOT NULL,
  `project_description` longtext NOT NULL,
  `contact_info` longtext NOT NULL,
  `dataset_handle_URL` varchar(200) NOT NULL,
  `dataset_handle_DOI` varchar(255) NOT NULL,
  `keywords` longtext NOT NULL,
  `sponsor` varchar(30) NOT NULL,
  PRIMARY KEY (`id`)
) ENGINE=InnoDB AUTO_INCREMENT=3 DEFAULT CHARSET=utf8mb3;
/*!40101 SET character_set_client = @saved_cs_client */;

--
-- Dumping data for table `ProjectAPP_metadata`
--

LOCK TABLES `ProjectAPP_metadata` WRITE;
/*!40000 ALTER TABLE `ProjectAPP_metadata` DISABLE KEYS */;
INSERT INTO `ProjectAPP_metadata` VALUES (1,'test','test','test','test','http://test.org','test','test','test'),(2,'test1','test1','test1','test1','http://test1.org','test1','test1','test1');
/*!40000 ALTER TABLE `ProjectAPP_metadata` ENABLE KEYS */;
UNLOCK TABLES;

--
-- Table structure for table `ProjectAPP_metadata_metadatastandarts`
--

DROP TABLE IF EXISTS `ProjectAPP_metadata_metadatastandarts`;
/*!40101 SET @saved_cs_client     = @@character_set_client */;
/*!50503 SET character_set_client = utf8mb4 */;
CREATE TABLE `ProjectAPP_metadata_metadatastandarts` (
  `id` bigint NOT NULL AUTO_INCREMENT,
  `metadata_id` bigint NOT NULL,
  `metadatastandarts_id` bigint NOT NULL,
  PRIMARY KEY (`id`),
  UNIQUE KEY `ProjectAPP_metadata_meta_metadata_id_metadatastan_43c1495a_uniq` (`metadata_id`,`metadatastandarts_id`),
  KEY `ProjectAPP_metadata__metadatastandarts_id_d801f33f_fk_ProjectAP` (`metadatastandarts_id`),
  CONSTRAINT `ProjectAPP_metadata__metadata_id_f1e627f8_fk_ProjectAP` FOREIGN KEY (`metadata_id`) REFERENCES `ProjectAPP_metadata` (`id`),
  CONSTRAINT `ProjectAPP_metadata__metadatastandarts_id_d801f33f_fk_ProjectAP` FOREIGN KEY (`metadatastandarts_id`) REFERENCES `ProjectAPP_metadatastandarts` (`id`)
) ENGINE=InnoDB AUTO_INCREMENT=3 DEFAULT CHARSET=utf8mb3;
/*!40101 SET character_set_client = @saved_cs_client */;

--
-- Dumping data for table `ProjectAPP_metadata_metadatastandarts`
--

LOCK TABLES `ProjectAPP_metadata_metadatastandarts` WRITE;
/*!40000 ALTER TABLE `ProjectAPP_metadata_metadatastandarts` DISABLE KEYS */;
INSERT INTO `ProjectAPP_metadata_metadatastandarts` VALUES (1,1,1),(2,2,1);
/*!40000 ALTER TABLE `ProjectAPP_metadata_metadatastandarts` ENABLE KEYS */;
UNLOCK TABLES;

--
-- Table structure for table `ProjectAPP_metadatastandarts`
--

DROP TABLE IF EXISTS `ProjectAPP_metadatastandarts`;
/*!40101 SET @saved_cs_client     = @@character_set_client */;
/*!50503 SET character_set_client = utf8mb4 */;
CREATE TABLE `ProjectAPP_metadatastandarts` (
  `id` bigint NOT NULL AUTO_INCREMENT,
  `name_of_standart` varchar(30) NOT NULL,
  PRIMARY KEY (`id`)
) ENGINE=InnoDB AUTO_INCREMENT=2 DEFAULT CHARSET=utf8mb3;
/*!40101 SET character_set_client = @saved_cs_client */;

--
-- Dumping data for table `ProjectAPP_metadatastandarts`
--

LOCK TABLES `ProjectAPP_metadatastandarts` WRITE;
/*!40000 ALTER TABLE `ProjectAPP_metadatastandarts` DISABLE KEYS */;
INSERT INTO `ProjectAPP_metadatastandarts` VALUES (1,'test');
/*!40000 ALTER TABLE `ProjectAPP_metadatastandarts` ENABLE KEYS */;
UNLOCK TABLES;

--
-- Table structure for table `ProjectAPP_ontologies`
--

DROP TABLE IF EXISTS `ProjectAPP_ontologies`;
/*!40101 SET @saved_cs_client     = @@character_set_client */;
/*!50503 SET character_set_client = utf8mb4 */;
CREATE TABLE `ProjectAPP_ontologies` (
  `id` bigint NOT NULL AUTO_INCREMENT,
  `name` varchar(30) NOT NULL,
  `link` varchar(200) NOT NULL,
  `project_id` bigint NOT NULL,
  PRIMARY KEY (`id`),
  KEY `ProjectAPP_ontologie_project_id_d0f16371_fk_ProjectAP` (`project_id`),
  CONSTRAINT `ProjectAPP_ontologie_project_id_d0f16371_fk_ProjectAP` FOREIGN KEY (`project_id`) REFERENCES `ProjectAPP_project` (`id`)
) ENGINE=InnoDB DEFAULT CHARSET=utf8mb3;
/*!40101 SET character_set_client = @saved_cs_client */;

--
-- Dumping data for table `ProjectAPP_ontologies`
--

LOCK TABLES `ProjectAPP_ontologies` WRITE;
/*!40000 ALTER TABLE `ProjectAPP_ontologies` DISABLE KEYS */;
/*!40000 ALTER TABLE `ProjectAPP_ontologies` ENABLE KEYS */;
UNLOCK TABLES;

--
-- Table structure for table `ProjectAPP_organisation`
--

DROP TABLE IF EXISTS `ProjectAPP_organisation`;
/*!40101 SET @saved_cs_client     = @@character_set_client */;
/*!50503 SET character_set_client = utf8mb4 */;
CREATE TABLE `ProjectAPP_organisation` (
  `id` bigint NOT NULL AUTO_INCREMENT,
  `name` varchar(30) NOT NULL,
  `ror_id` int NOT NULL,
  PRIMARY KEY (`id`)
) ENGINE=InnoDB AUTO_INCREMENT=2 DEFAULT CHARSET=utf8mb3;
/*!40101 SET character_set_client = @saved_cs_client */;

--
-- Dumping data for table `ProjectAPP_organisation`
--

LOCK TABLES `ProjectAPP_organisation` WRITE;
/*!40000 ALTER TABLE `ProjectAPP_organisation` DISABLE KEYS */;
INSERT INTO `ProjectAPP_organisation` VALUES (1,'test',1);
/*!40000 ALTER TABLE `ProjectAPP_organisation` ENABLE KEYS */;
UNLOCK TABLES;

--
-- Table structure for table `ProjectAPP_project`
--

DROP TABLE IF EXISTS `ProjectAPP_project`;
/*!40101 SET @saved_cs_client     = @@character_set_client */;
/*!50503 SET character_set_client = utf8mb4 */;
CREATE TABLE `ProjectAPP_project` (
  `id` bigint NOT NULL AUTO_INCREMENT,
  `title` varchar(30) NOT NULL,
  `short_title` varchar(30) NOT NULL,
  `status` varchar(30) NOT NULL,
  `start_date` date NOT NULL,
  `description` longtext NOT NULL,
  `duration` bigint NOT NULL,
  `research_field` varchar(30) NOT NULL,
  `metadata_id` bigint DEFAULT NULL,
  `research_workflow_id` bigint DEFAULT NULL,
  PRIMARY KEY (`id`),
  UNIQUE KEY `metadata_id` (`metadata_id`),
  KEY `ProjectAPP_project_research_workflow_id_10dc4982_fk_ProjectAP` (`research_workflow_id`),
  CONSTRAINT `ProjectAPP_project_metadata_id_a2216f56_fk_ProjectAP` FOREIGN KEY (`metadata_id`) REFERENCES `ProjectAPP_metadata` (`id`),
  CONSTRAINT `ProjectAPP_project_research_workflow_id_10dc4982_fk_ProjectAP` FOREIGN KEY (`research_workflow_id`) REFERENCES `ProjectAPP_researchworkflow` (`id`)
) ENGINE=InnoDB AUTO_INCREMENT=22 DEFAULT CHARSET=utf8mb3;
/*!40101 SET character_set_client = @saved_cs_client */;

--
-- Dumping data for table `ProjectAPP_project`
--

LOCK TABLES `ProjectAPP_project` WRITE;
/*!40000 ALTER TABLE `ProjectAPP_project` DISABLE KEYS */;
INSERT INTO `ProjectAPP_project` VALUES (1,'Ingrain','IG','Laufend','2023-05-25','cross-industry resource exchange',0,'Cybernetics',NULL,NULL),(2,'Databatt','DB','Laufend','2023-07-06','Databatt is a storage for Battery comparisons',0,'Power supply',1,1),(3,'Zukipro','ZP','Laufend','2023-07-06','Education for small and middle-sized firms in AI',0,'AI and IT infrastructures',2,1),(4,'ZUKIPRO','ZUKIPRO','Laufend','2023-01-01','Produktion',31000000,'401',NULL,NULL),(5,'NFDI4Ing S-6','S-6','Laufend','2023-01-01','Produktion',31000000,'401',NULL,NULL),(6,'NFDI4Ing S-1','S-1','Laufend','2023-01-01','Produktion',31000000,'401',NULL,NULL),(7,'NFDI4Ing CC41','CC41','Laufend','2023-01-01','Produktion',31000000,'401',NULL,NULL),(8,'asd','asd','sdadsadsa','2024-02-01','sda',0,'NONE',NULL,NULL),(9,'x<','<','xxx','2024-01-23','yxx',0,'NONE',NULL,NULL),(10,'dsa','sda','asd','2024-01-24','asd',0,'NONE',NULL,NULL),(11,'sad','dsa','adsdas','2024-01-17','asd',0,'NONE',NULL,NULL),(12,'hallo','hallo','hallo','2024-01-24','hallo',0,'NONE',NULL,NULL),(13,'sd','asd','asdasd','2024-01-12','das',0,'NONE',NULL,NULL),(14,'yxc','cxy','cxy','2024-01-19','cyx',0,'NONE',NULL,NULL),(15,'asd','sda','asd','2024-01-19','asd',0,'NONE',NULL,NULL),(17,'Internet of Production','IoP','In Bearbeitung','2024-02-01','IoP is about developing software solution in industrial manufacturing',0,'NONE',NULL,NULL),(18,'IoSP','IoP','In Bearbeitung','2024-02-01','IoP is about developing software solution in industrial manufacturing',0,'NONE',NULL,NULL),(19,'CT: CTHuLHU','CTHuLHU','Ideation','2024-01-12','https://www.dfg.de/de/aktuelles/neuigkeiten-themen/info-wissenschaft/2023/ideenwettbewerb-ressourceneffiziente-grossgeraeteinfrastrukturen-fuer-die-forschung',0,'NONE',NULL,NULL),(20,'T1','T1','Ongoing','2024-05-03','T1',0,'NONE',NULL,NULL),(21,'T1','T1','Ongoing','2024-05-03','T1',0,'NONE',NULL,NULL);
/*!40000 ALTER TABLE `ProjectAPP_project` ENABLE KEYS */;
UNLOCK TABLES;

--
-- Table structure for table `ProjectAPP_project_organisation`
--

DROP TABLE IF EXISTS `ProjectAPP_project_organisation`;
/*!40101 SET @saved_cs_client     = @@character_set_client */;
/*!50503 SET character_set_client = utf8mb4 */;
CREATE TABLE `ProjectAPP_project_organisation` (
  `id` bigint NOT NULL AUTO_INCREMENT,
  `project_id` bigint NOT NULL,
  `organisation_id` bigint NOT NULL,
  PRIMARY KEY (`id`),
  UNIQUE KEY `ProjectAPP_project_organ_project_id_organisation__d6a146aa_uniq` (`project_id`,`organisation_id`),
  KEY `ProjectAPP_project_o_organisation_id_60896ab2_fk_ProjectAP` (`organisation_id`),
  CONSTRAINT `ProjectAPP_project_o_organisation_id_60896ab2_fk_ProjectAP` FOREIGN KEY (`organisation_id`) REFERENCES `ProjectAPP_organisation` (`id`),
  CONSTRAINT `ProjectAPP_project_o_project_id_66857358_fk_ProjectAP` FOREIGN KEY (`project_id`) REFERENCES `ProjectAPP_project` (`id`)
) ENGINE=InnoDB AUTO_INCREMENT=3 DEFAULT CHARSET=utf8mb3;
/*!40101 SET character_set_client = @saved_cs_client */;

--
-- Dumping data for table `ProjectAPP_project_organisation`
--

LOCK TABLES `ProjectAPP_project_organisation` WRITE;
/*!40000 ALTER TABLE `ProjectAPP_project_organisation` DISABLE KEYS */;
INSERT INTO `ProjectAPP_project_organisation` VALUES (1,2,1),(2,3,1);
/*!40000 ALTER TABLE `ProjectAPP_project_organisation` ENABLE KEYS */;
UNLOCK TABLES;

--
-- Table structure for table `ProjectAPP_project_project_phase`
--

DROP TABLE IF EXISTS `ProjectAPP_project_project_phase`;
/*!40101 SET @saved_cs_client     = @@character_set_client */;
/*!50503 SET character_set_client = utf8mb4 */;
CREATE TABLE `ProjectAPP_project_project_phase` (
  `id` bigint NOT NULL AUTO_INCREMENT,
  `project_id` bigint NOT NULL,
  `projectphase_id` bigint NOT NULL,
  PRIMARY KEY (`id`),
  UNIQUE KEY `ProjectAPP_project_proje_project_id_projectphase__923249d1_uniq` (`project_id`,`projectphase_id`),
  KEY `ProjectAPP_project_p_projectphase_id_e0ef9524_fk_ProjectAP` (`projectphase_id`),
  CONSTRAINT `ProjectAPP_project_p_project_id_83e515e3_fk_ProjectAP` FOREIGN KEY (`project_id`) REFERENCES `ProjectAPP_project` (`id`),
  CONSTRAINT `ProjectAPP_project_p_projectphase_id_e0ef9524_fk_ProjectAP` FOREIGN KEY (`projectphase_id`) REFERENCES `ProjectAPP_projectphase` (`id`)
) ENGINE=InnoDB AUTO_INCREMENT=3 DEFAULT CHARSET=utf8mb3;
/*!40101 SET character_set_client = @saved_cs_client */;

--
-- Dumping data for table `ProjectAPP_project_project_phase`
--

LOCK TABLES `ProjectAPP_project_project_phase` WRITE;
/*!40000 ALTER TABLE `ProjectAPP_project_project_phase` DISABLE KEYS */;
INSERT INTO `ProjectAPP_project_project_phase` VALUES (1,2,1),(2,3,1);
/*!40000 ALTER TABLE `ProjectAPP_project_project_phase` ENABLE KEYS */;
UNLOCK TABLES;

--
-- Table structure for table `ProjectAPP_project_project_requirements`
--

DROP TABLE IF EXISTS `ProjectAPP_project_project_requirements`;
/*!40101 SET @saved_cs_client     = @@character_set_client */;
/*!50503 SET character_set_client = utf8mb4 */;
CREATE TABLE `ProjectAPP_project_project_requirements` (
  `id` bigint NOT NULL AUTO_INCREMENT,
  `project_id` bigint NOT NULL,
  `projectrequirements_id` bigint NOT NULL,
  PRIMARY KEY (`id`),
  UNIQUE KEY `ProjectAPP_project_proje_project_id_projectrequir_2584462b_uniq` (`project_id`,`projectrequirements_id`),
  KEY `ProjectAPP_project_p_projectrequirements__a2488505_fk_ProjectAP` (`projectrequirements_id`),
  CONSTRAINT `ProjectAPP_project_p_project_id_7087dee9_fk_ProjectAP` FOREIGN KEY (`project_id`) REFERENCES `ProjectAPP_project` (`id`),
  CONSTRAINT `ProjectAPP_project_p_projectrequirements__a2488505_fk_ProjectAP` FOREIGN KEY (`projectrequirements_id`) REFERENCES `ProjectAPP_projectrequirements` (`id`)
) ENGINE=InnoDB AUTO_INCREMENT=3 DEFAULT CHARSET=utf8mb3;
/*!40101 SET character_set_client = @saved_cs_client */;

--
-- Dumping data for table `ProjectAPP_project_project_requirements`
--

LOCK TABLES `ProjectAPP_project_project_requirements` WRITE;
/*!40000 ALTER TABLE `ProjectAPP_project_project_requirements` DISABLE KEYS */;
INSERT INTO `ProjectAPP_project_project_requirements` VALUES (1,2,1),(2,3,1);
/*!40000 ALTER TABLE `ProjectAPP_project_project_requirements` ENABLE KEYS */;
UNLOCK TABLES;

--
-- Table structure for table `ProjectAPP_project_publications`
--

DROP TABLE IF EXISTS `ProjectAPP_project_publications`;
/*!40101 SET @saved_cs_client     = @@character_set_client */;
/*!50503 SET character_set_client = utf8mb4 */;
CREATE TABLE `ProjectAPP_project_publications` (
  `id` bigint NOT NULL AUTO_INCREMENT,
  `project_id` bigint NOT NULL,
  `publications_id` bigint NOT NULL,
  PRIMARY KEY (`id`),
  UNIQUE KEY `ProjectAPP_project_publi_project_id_publications__c840c7f1_uniq` (`project_id`,`publications_id`),
  KEY `ProjectAPP_project_p_publications_id_1cd434ec_fk_ProjectAP` (`publications_id`),
  CONSTRAINT `ProjectAPP_project_p_project_id_80666aca_fk_ProjectAP` FOREIGN KEY (`project_id`) REFERENCES `ProjectAPP_project` (`id`),
  CONSTRAINT `ProjectAPP_project_p_publications_id_1cd434ec_fk_ProjectAP` FOREIGN KEY (`publications_id`) REFERENCES `ProjectAPP_publications` (`id`)
) ENGINE=InnoDB AUTO_INCREMENT=3 DEFAULT CHARSET=utf8mb3;
/*!40101 SET character_set_client = @saved_cs_client */;

--
-- Dumping data for table `ProjectAPP_project_publications`
--

LOCK TABLES `ProjectAPP_project_publications` WRITE;
/*!40000 ALTER TABLE `ProjectAPP_project_publications` DISABLE KEYS */;
INSERT INTO `ProjectAPP_project_publications` VALUES (1,2,1),(2,3,1);
/*!40000 ALTER TABLE `ProjectAPP_project_publications` ENABLE KEYS */;
UNLOCK TABLES;

--
-- Table structure for table `ProjectAPP_project_users`
--

DROP TABLE IF EXISTS `ProjectAPP_project_users`;
/*!40101 SET @saved_cs_client     = @@character_set_client */;
/*!50503 SET character_set_client = utf8mb4 */;
CREATE TABLE `ProjectAPP_project_users` (
  `id` bigint NOT NULL AUTO_INCREMENT,
  `project_id` bigint NOT NULL,
  `userprofile_id` bigint NOT NULL,
  PRIMARY KEY (`id`),
  UNIQUE KEY `ProjectAPP_project_users_project_id_userprofile_id_b0ac3582_uniq` (`project_id`,`userprofile_id`),
  KEY `ProjectAPP_project_u_userprofile_id_7d8a52e9_fk_apiservic` (`userprofile_id`),
  CONSTRAINT `ProjectAPP_project_u_project_id_abb32a11_fk_ProjectAP` FOREIGN KEY (`project_id`) REFERENCES `ProjectAPP_project` (`id`),
  CONSTRAINT `ProjectAPP_project_u_userprofile_id_7d8a52e9_fk_apiservic` FOREIGN KEY (`userprofile_id`) REFERENCES `apiservices_userprofile` (`id`)
) ENGINE=InnoDB AUTO_INCREMENT=43 DEFAULT CHARSET=utf8mb3;
/*!40101 SET character_set_client = @saved_cs_client */;

--
-- Dumping data for table `ProjectAPP_project_users`
--

LOCK TABLES `ProjectAPP_project_users` WRITE;
/*!40000 ALTER TABLE `ProjectAPP_project_users` DISABLE KEYS */;
INSERT INTO `ProjectAPP_project_users` VALUES (1,2,1),(2,2,2),(3,2,3),(9,2,5),(4,2,6),(26,2,7),(30,2,8),(31,2,9),(5,3,1),(6,3,2),(7,3,3),(17,3,4),(13,3,5),(8,3,6),(32,7,2),(37,17,2),(39,17,3),(38,18,2),(40,19,3),(41,20,1),(42,21,1);
/*!40000 ALTER TABLE `ProjectAPP_project_users` ENABLE KEYS */;
UNLOCK TABLES;

--
-- Table structure for table `ProjectAPP_project_version_control_managment`
--

DROP TABLE IF EXISTS `ProjectAPP_project_version_control_managment`;
/*!40101 SET @saved_cs_client     = @@character_set_client */;
/*!50503 SET character_set_client = utf8mb4 */;
CREATE TABLE `ProjectAPP_project_version_control_managment` (
  `id` bigint NOT NULL AUTO_INCREMENT,
  `project_id` bigint NOT NULL,
  `versioncontrolmanagment_id` bigint NOT NULL,
  PRIMARY KEY (`id`),
  UNIQUE KEY `ProjectAPP_project_versi_project_id_versioncontro_52a09c32_uniq` (`project_id`,`versioncontrolmanagment_id`),
  KEY `ProjectAPP_project_v_versioncontrolmanagm_605dcccb_fk_ProjectAP` (`versioncontrolmanagment_id`),
  CONSTRAINT `ProjectAPP_project_v_project_id_4c84ac60_fk_ProjectAP` FOREIGN KEY (`project_id`) REFERENCES `ProjectAPP_project` (`id`),
  CONSTRAINT `ProjectAPP_project_v_versioncontrolmanagm_605dcccb_fk_ProjectAP` FOREIGN KEY (`versioncontrolmanagment_id`) REFERENCES `ProjectAPP_versioncontrolmanagment` (`id`)
) ENGINE=InnoDB AUTO_INCREMENT=3 DEFAULT CHARSET=utf8mb3;
/*!40101 SET character_set_client = @saved_cs_client */;

--
-- Dumping data for table `ProjectAPP_project_version_control_managment`
--

LOCK TABLES `ProjectAPP_project_version_control_managment` WRITE;
/*!40000 ALTER TABLE `ProjectAPP_project_version_control_managment` DISABLE KEYS */;
INSERT INTO `ProjectAPP_project_version_control_managment` VALUES (1,2,1),(2,3,1);
/*!40000 ALTER TABLE `ProjectAPP_project_version_control_managment` ENABLE KEYS */;
UNLOCK TABLES;

--
-- Table structure for table `ProjectAPP_projectphase`
--

DROP TABLE IF EXISTS `ProjectAPP_projectphase`;
/*!40101 SET @saved_cs_client     = @@character_set_client */;
/*!50503 SET character_set_client = utf8mb4 */;
CREATE TABLE `ProjectAPP_projectphase` (
  `id` bigint NOT NULL AUTO_INCREMENT,
  `CODE_name` varchar(30) NOT NULL,
  `GUI_name` varchar(30) NOT NULL,
  `description` longtext NOT NULL,
  `name` varchar(30) NOT NULL,
  PRIMARY KEY (`id`)
) ENGINE=InnoDB AUTO_INCREMENT=11 DEFAULT CHARSET=utf8mb3;
/*!40101 SET character_set_client = @saved_cs_client */;

--
-- Dumping data for table `ProjectAPP_projectphase`
--

LOCK TABLES `ProjectAPP_projectphase` WRITE;
/*!40000 ALTER TABLE `ProjectAPP_projectphase` DISABLE KEYS */;
INSERT INTO `ProjectAPP_projectphase` VALUES (1,'stepperPlanen','Planen','None','stepperPlanen'),(5,'stepperErhebung','Erhebung','stepperErhebung','stepperErhebung'),(6,'stepperAnalyse','Analyse','stepperAnalyse','stepperAnalyse'),(7,'stepperArchivieren','Archivieren','stepperArchivieren','stepperArchivieren'),(8,'stepperEinleitung','Einleitung','stepperEinleitung','stepperEinleitung'),(9,'All','All','All Phases are relevant','All'),(10,'Publication','Publication','Publication Process','Publication');
/*!40000 ALTER TABLE `ProjectAPP_projectphase` ENABLE KEYS */;
UNLOCK TABLES;

--
-- Table structure for table `ProjectAPP_projectphase_training_material`
--

DROP TABLE IF EXISTS `ProjectAPP_projectphase_training_material`;
/*!40101 SET @saved_cs_client     = @@character_set_client */;
/*!50503 SET character_set_client = utf8mb4 */;
CREATE TABLE `ProjectAPP_projectphase_training_material` (
  `id` bigint NOT NULL AUTO_INCREMENT,
  `projectphase_id` bigint NOT NULL,
  `trainingmaterials_id` bigint NOT NULL,
  PRIMARY KEY (`id`),
  UNIQUE KEY `ProjectAPP_projectphase__projectphase_id_training_49133cea_uniq` (`projectphase_id`,`trainingmaterials_id`),
  KEY `ProjectAPP_projectph_trainingmaterials_id_fb4a590b_fk_ProjectAP` (`trainingmaterials_id`),
  CONSTRAINT `ProjectAPP_projectph_projectphase_id_037b7aa7_fk_ProjectAP` FOREIGN KEY (`projectphase_id`) REFERENCES `ProjectAPP_projectphase` (`id`),
  CONSTRAINT `ProjectAPP_projectph_trainingmaterials_id_fb4a590b_fk_ProjectAP` FOREIGN KEY (`trainingmaterials_id`) REFERENCES `ProjectAPP_trainingmaterials` (`id`)
) ENGINE=InnoDB DEFAULT CHARSET=utf8mb3;
/*!40101 SET character_set_client = @saved_cs_client */;

--
-- Dumping data for table `ProjectAPP_projectphase_training_material`
--

LOCK TABLES `ProjectAPP_projectphase_training_material` WRITE;
/*!40000 ALTER TABLE `ProjectAPP_projectphase_training_material` DISABLE KEYS */;
/*!40000 ALTER TABLE `ProjectAPP_projectphase_training_material` ENABLE KEYS */;
UNLOCK TABLES;

--
-- Table structure for table `ProjectAPP_projectrequirements`
--

DROP TABLE IF EXISTS `ProjectAPP_projectrequirements`;
/*!40101 SET @saved_cs_client     = @@character_set_client */;
/*!50503 SET character_set_client = utf8mb4 */;
CREATE TABLE `ProjectAPP_projectrequirements` (
  `id` bigint NOT NULL AUTO_INCREMENT,
  `name` varchar(30) NOT NULL,
  `deadline` date NOT NULL,
  PRIMARY KEY (`id`)
) ENGINE=InnoDB AUTO_INCREMENT=2 DEFAULT CHARSET=utf8mb3;
/*!40101 SET character_set_client = @saved_cs_client */;

--
-- Dumping data for table `ProjectAPP_projectrequirements`
--

LOCK TABLES `ProjectAPP_projectrequirements` WRITE;
/*!40000 ALTER TABLE `ProjectAPP_projectrequirements` DISABLE KEYS */;
INSERT INTO `ProjectAPP_projectrequirements` VALUES (1,'test','2023-11-30');
/*!40000 ALTER TABLE `ProjectAPP_projectrequirements` ENABLE KEYS */;
UNLOCK TABLES;

--
-- Table structure for table `ProjectAPP_projectstep`
--

DROP TABLE IF EXISTS `ProjectAPP_projectstep`;
/*!40101 SET @saved_cs_client     = @@character_set_client */;
/*!50503 SET character_set_client = utf8mb4 */;
CREATE TABLE `ProjectAPP_projectstep` (
  `id` bigint NOT NULL AUTO_INCREMENT,
  `name` varchar(30) NOT NULL,
  `description` longtext NOT NULL,
  `CODE_name` varchar(30) NOT NULL,
  `GUI_name` varchar(30) NOT NULL,
  PRIMARY KEY (`id`)
) ENGINE=InnoDB AUTO_INCREMENT=26 DEFAULT CHARSET=utf8mb3;
/*!40101 SET character_set_client = @saved_cs_client */;

--
-- Dumping data for table `ProjectAPP_projectstep`
--

LOCK TABLES `ProjectAPP_projectstep` WRITE;
/*!40000 ALTER TABLE `ProjectAPP_projectstep` DISABLE KEYS */;
INSERT INTO `ProjectAPP_projectstep` VALUES (1,'DMP_Software','DMP_Software im stepperPlanen','DMP_Software','DMP Software'),(2,'Skizze','Skizze Planen','Skizze','Skizze'),(3,'Rollen','Rollen Planen','Rollen','Rollen'),(4,'Fördervorgaben','Fördervorgaben Planen','Fördervorgaben','Fördervorgaben'),(5,'Existierende_Ressourcen','Existierende_Ressourcen Planen','Existierende_Ressourcen','Existierende Ressourcen'),(6,'Datenverwaltung','Datenverwaltung Planen','Datenverwaltung','Datenverwaltung'),(7,'Metadaten','Metadaten Planen','Metadaten','Metadaten'),(8,'Copyright','Copyright Planen','Copyright','Copyright'),(9,'Kosten','Kosten Planen','Kosten','Kosten'),(10,'Planungsphase','Planungsphase Erhebung','Planungsphase','Planungsphase'),(11,'Vorbereiten','Vorbereiten Erhebung','Vorbereiten','Vorbereiten'),(12,'Umsetzen','Umsetzen Erhebung','Umsetzen','Umsetzen'),(13,'Durchführen','Durchführen Erhebung','Durchführen','Durchführen'),(14,'Speichern','Speichern Erhebung','Speichern','Speichern'),(15,'Aufbereiten','Aufbereiten Erhebung','Aufbereiten','Aufbereiten'),(16,'Fremddaten','Fremddaten Erhebung','Fremddaten','Fremddaten'),(17,'Vorbereitung','Vorbereitung Analyse','Vorbereitung','Vorbereitung'),(18,'Analysieren','Analysieren Analyse','Analysieren','Analysieren'),(19,'Dokumentation','Dokumentation Analyse','Dokumentation','Dokumentation'),(20,'Datenauswahl','Datenauswahl Archivieren','Datenauswahl','Datenauswahl'),(21,'Speichermedium','Speichermedium Archivieren','Speichermedium','Speichermedium'),(22,'Format','Format Archivieren','Format','Format'),(23,'Prüfung','Prüfung Archivieren','Prüfung','Prüfung'),(24,'Archivieren','Archivieren Archivieren','Archivieren','Archivieren'),(25,'All','All steps are relevant','All','All');
/*!40000 ALTER TABLE `ProjectAPP_projectstep` ENABLE KEYS */;
UNLOCK TABLES;

--
-- Table structure for table `ProjectAPP_publications`
--

DROP TABLE IF EXISTS `ProjectAPP_publications`;
/*!40101 SET @saved_cs_client     = @@character_set_client */;
/*!50503 SET character_set_client = utf8mb4 */;
CREATE TABLE `ProjectAPP_publications` (
  `id` bigint NOT NULL AUTO_INCREMENT,
  `title` longtext NOT NULL,
  `authors` longtext NOT NULL,
  `year` date NOT NULL,
  `publisher` longtext NOT NULL,
  `link` varchar(200) NOT NULL,
  PRIMARY KEY (`id`)
) ENGINE=InnoDB AUTO_INCREMENT=2 DEFAULT CHARSET=utf8mb3;
/*!40101 SET character_set_client = @saved_cs_client */;

--
-- Dumping data for table `ProjectAPP_publications`
--

LOCK TABLES `ProjectAPP_publications` WRITE;
/*!40000 ALTER TABLE `ProjectAPP_publications` DISABLE KEYS */;
INSERT INTO `ProjectAPP_publications` VALUES (1,'test','test','2023-11-20','test','http://test.org');
/*!40000 ALTER TABLE `ProjectAPP_publications` ENABLE KEYS */;
UNLOCK TABLES;

--
-- Table structure for table `ProjectAPP_reqbyinstitute`
--

DROP TABLE IF EXISTS `ProjectAPP_reqbyinstitute`;
/*!40101 SET @saved_cs_client     = @@character_set_client */;
/*!50503 SET character_set_client = utf8mb4 */;
CREATE TABLE `ProjectAPP_reqbyinstitute` (
  `id` bigint NOT NULL AUTO_INCREMENT,
  `name` varchar(30) NOT NULL,
  `founding_source` varchar(30) NOT NULL,
  `requirment_id` bigint NOT NULL,
  PRIMARY KEY (`id`),
  KEY `ProjectAPP_reqbyinst_requirment_id_1afe052b_fk_ProjectAP` (`requirment_id`),
  CONSTRAINT `ProjectAPP_reqbyinst_requirment_id_1afe052b_fk_ProjectAP` FOREIGN KEY (`requirment_id`) REFERENCES `ProjectAPP_projectrequirements` (`id`)
) ENGINE=InnoDB DEFAULT CHARSET=utf8mb3;
/*!40101 SET character_set_client = @saved_cs_client */;

--
-- Dumping data for table `ProjectAPP_reqbyinstitute`
--

LOCK TABLES `ProjectAPP_reqbyinstitute` WRITE;
/*!40000 ALTER TABLE `ProjectAPP_reqbyinstitute` DISABLE KEYS */;
/*!40000 ALTER TABLE `ProjectAPP_reqbyinstitute` ENABLE KEYS */;
UNLOCK TABLES;

--
-- Table structure for table `ProjectAPP_reqbyorganisation`
--

DROP TABLE IF EXISTS `ProjectAPP_reqbyorganisation`;
/*!40101 SET @saved_cs_client     = @@character_set_client */;
/*!50503 SET character_set_client = utf8mb4 */;
CREATE TABLE `ProjectAPP_reqbyorganisation` (
  `id` bigint NOT NULL AUTO_INCREMENT,
  `name` varchar(30) NOT NULL,
  `founding_source` varchar(30) NOT NULL,
  `organisation_id` bigint DEFAULT NULL,
  `requirment_id` bigint NOT NULL,
  PRIMARY KEY (`id`),
  KEY `ProjectAPP_reqbyorga_organisation_id_8c07bfea_fk_ProjectAP` (`organisation_id`),
  KEY `ProjectAPP_reqbyorga_requirment_id_8a68cfe2_fk_ProjectAP` (`requirment_id`),
  CONSTRAINT `ProjectAPP_reqbyorga_organisation_id_8c07bfea_fk_ProjectAP` FOREIGN KEY (`organisation_id`) REFERENCES `ProjectAPP_organisation` (`id`),
  CONSTRAINT `ProjectAPP_reqbyorga_requirment_id_8a68cfe2_fk_ProjectAP` FOREIGN KEY (`requirment_id`) REFERENCES `ProjectAPP_projectrequirements` (`id`)
) ENGINE=InnoDB DEFAULT CHARSET=utf8mb3;
/*!40101 SET character_set_client = @saved_cs_client */;

--
-- Dumping data for table `ProjectAPP_reqbyorganisation`
--

LOCK TABLES `ProjectAPP_reqbyorganisation` WRITE;
/*!40000 ALTER TABLE `ProjectAPP_reqbyorganisation` DISABLE KEYS */;
/*!40000 ALTER TABLE `ProjectAPP_reqbyorganisation` ENABLE KEYS */;
UNLOCK TABLES;

--
-- Table structure for table `ProjectAPP_reqbypartners`
--

DROP TABLE IF EXISTS `ProjectAPP_reqbypartners`;
/*!40101 SET @saved_cs_client     = @@character_set_client */;
/*!50503 SET character_set_client = utf8mb4 */;
CREATE TABLE `ProjectAPP_reqbypartners` (
  `id` bigint NOT NULL AUTO_INCREMENT,
  `name` varchar(30) NOT NULL,
  `founding_source` varchar(30) NOT NULL,
  `requirment_id` bigint NOT NULL,
  PRIMARY KEY (`id`),
  KEY `ProjectAPP_reqbypart_requirment_id_ca793cc1_fk_ProjectAP` (`requirment_id`),
  CONSTRAINT `ProjectAPP_reqbypart_requirment_id_ca793cc1_fk_ProjectAP` FOREIGN KEY (`requirment_id`) REFERENCES `ProjectAPP_projectrequirements` (`id`)
) ENGINE=InnoDB DEFAULT CHARSET=utf8mb3;
/*!40101 SET character_set_client = @saved_cs_client */;

--
-- Dumping data for table `ProjectAPP_reqbypartners`
--

LOCK TABLES `ProjectAPP_reqbypartners` WRITE;
/*!40000 ALTER TABLE `ProjectAPP_reqbypartners` DISABLE KEYS */;
/*!40000 ALTER TABLE `ProjectAPP_reqbypartners` ENABLE KEYS */;
UNLOCK TABLES;

--
-- Table structure for table `ProjectAPP_reqbyuniversity`
--

DROP TABLE IF EXISTS `ProjectAPP_reqbyuniversity`;
/*!40101 SET @saved_cs_client     = @@character_set_client */;
/*!50503 SET character_set_client = utf8mb4 */;
CREATE TABLE `ProjectAPP_reqbyuniversity` (
  `id` bigint NOT NULL AUTO_INCREMENT,
  `name` varchar(30) NOT NULL,
  `founding_source` varchar(30) NOT NULL,
  `requirment_id` bigint NOT NULL,
  PRIMARY KEY (`id`),
  KEY `ProjectAPP_reqbyuniv_requirment_id_da2ed8cb_fk_ProjectAP` (`requirment_id`),
  CONSTRAINT `ProjectAPP_reqbyuniv_requirment_id_da2ed8cb_fk_ProjectAP` FOREIGN KEY (`requirment_id`) REFERENCES `ProjectAPP_projectrequirements` (`id`)
) ENGINE=InnoDB DEFAULT CHARSET=utf8mb3;
/*!40101 SET character_set_client = @saved_cs_client */;

--
-- Dumping data for table `ProjectAPP_reqbyuniversity`
--

LOCK TABLES `ProjectAPP_reqbyuniversity` WRITE;
/*!40000 ALTER TABLE `ProjectAPP_reqbyuniversity` DISABLE KEYS */;
/*!40000 ALTER TABLE `ProjectAPP_reqbyuniversity` ENABLE KEYS */;
UNLOCK TABLES;

--
-- Table structure for table `ProjectAPP_researchworkflow`
--

DROP TABLE IF EXISTS `ProjectAPP_researchworkflow`;
/*!40101 SET @saved_cs_client     = @@character_set_client */;
/*!50503 SET character_set_client = utf8mb4 */;
CREATE TABLE `ProjectAPP_researchworkflow` (
  `id` bigint NOT NULL AUTO_INCREMENT,
  `name` varchar(30) NOT NULL,
  `project_phase` varchar(30) NOT NULL,
  `phase_description` longtext NOT NULL,
  `data_repository_id` bigint NOT NULL,
  PRIMARY KEY (`id`),
  KEY `ProjectAPP_researchw_data_repository_id_e9e56f71_fk_ProjectAP` (`data_repository_id`),
  CONSTRAINT `ProjectAPP_researchw_data_repository_id_e9e56f71_fk_ProjectAP` FOREIGN KEY (`data_repository_id`) REFERENCES `ProjectAPP_datarepository` (`id`)
) ENGINE=InnoDB AUTO_INCREMENT=2 DEFAULT CHARSET=utf8mb3;
/*!40101 SET character_set_client = @saved_cs_client */;

--
-- Dumping data for table `ProjectAPP_researchworkflow`
--

LOCK TABLES `ProjectAPP_researchworkflow` WRITE;
/*!40000 ALTER TABLE `ProjectAPP_researchworkflow` DISABLE KEYS */;
INSERT INTO `ProjectAPP_researchworkflow` VALUES (1,'NONE','testt','test',1);
/*!40000 ALTER TABLE `ProjectAPP_researchworkflow` ENABLE KEYS */;
UNLOCK TABLES;

--
-- Table structure for table `ProjectAPP_researchworkflow_checklists`
--

DROP TABLE IF EXISTS `ProjectAPP_researchworkflow_checklists`;
/*!40101 SET @saved_cs_client     = @@character_set_client */;
/*!50503 SET character_set_client = utf8mb4 */;
CREATE TABLE `ProjectAPP_researchworkflow_checklists` (
  `id` bigint NOT NULL AUTO_INCREMENT,
  `researchworkflow_id` bigint NOT NULL,
  `checklists_id` bigint NOT NULL,
  PRIMARY KEY (`id`),
  UNIQUE KEY `ProjectAPP_researchworkf_researchworkflow_id_chec_5faf6c36_uniq` (`researchworkflow_id`,`checklists_id`),
  KEY `ProjectAPP_researchw_checklists_id_0361f7f8_fk_ProjectAP` (`checklists_id`),
  CONSTRAINT `ProjectAPP_researchw_checklists_id_0361f7f8_fk_ProjectAP` FOREIGN KEY (`checklists_id`) REFERENCES `ProjectAPP_checklists` (`id`),
  CONSTRAINT `ProjectAPP_researchw_researchworkflow_id_198bd30c_fk_ProjectAP` FOREIGN KEY (`researchworkflow_id`) REFERENCES `ProjectAPP_researchworkflow` (`id`)
) ENGINE=InnoDB AUTO_INCREMENT=2 DEFAULT CHARSET=utf8mb3;
/*!40101 SET character_set_client = @saved_cs_client */;

--
-- Dumping data for table `ProjectAPP_researchworkflow_checklists`
--

LOCK TABLES `ProjectAPP_researchworkflow_checklists` WRITE;
/*!40000 ALTER TABLE `ProjectAPP_researchworkflow_checklists` DISABLE KEYS */;
INSERT INTO `ProjectAPP_researchworkflow_checklists` VALUES (1,1,1);
/*!40000 ALTER TABLE `ProjectAPP_researchworkflow_checklists` ENABLE KEYS */;
UNLOCK TABLES;

--
-- Table structure for table `ProjectAPP_role`
--

DROP TABLE IF EXISTS `ProjectAPP_role`;
/*!40101 SET @saved_cs_client     = @@character_set_client */;
/*!50503 SET character_set_client = utf8mb4 */;
CREATE TABLE `ProjectAPP_role` (
  `id` bigint NOT NULL AUTO_INCREMENT,
  `role_name` varchar(30) NOT NULL,
  `may_read` tinyint(1) NOT NULL,
  PRIMARY KEY (`id`)
) ENGINE=InnoDB DEFAULT CHARSET=utf8mb3;
/*!40101 SET character_set_client = @saved_cs_client */;

--
-- Dumping data for table `ProjectAPP_role`
--

LOCK TABLES `ProjectAPP_role` WRITE;
/*!40000 ALTER TABLE `ProjectAPP_role` DISABLE KEYS */;
/*!40000 ALTER TABLE `ProjectAPP_role` ENABLE KEYS */;
UNLOCK TABLES;

--
-- Table structure for table `ProjectAPP_roleassign`
--

DROP TABLE IF EXISTS `ProjectAPP_roleassign`;
/*!40101 SET @saved_cs_client     = @@character_set_client */;
/*!50503 SET character_set_client = utf8mb4 */;
CREATE TABLE `ProjectAPP_roleassign` (
  `id` bigint NOT NULL AUTO_INCREMENT,
  `assign_date` date NOT NULL,
  `status` varchar(30) NOT NULL,
  `employee_id` bigint NOT NULL,
  `project_id` bigint NOT NULL,
  `role_id` bigint NOT NULL,
  PRIMARY KEY (`id`),
  KEY `ProjectAPP_roleassig_employee_id_4f508387_fk_ProjectAP` (`employee_id`),
  KEY `ProjectAPP_roleassig_project_id_214b923e_fk_ProjectAP` (`project_id`),
  KEY `ProjectAPP_roleassign_role_id_ce484b0c_fk_ProjectAPP_role_id` (`role_id`),
  CONSTRAINT `ProjectAPP_roleassig_employee_id_4f508387_fk_ProjectAP` FOREIGN KEY (`employee_id`) REFERENCES `ProjectAPP_employee` (`id`),
  CONSTRAINT `ProjectAPP_roleassig_project_id_214b923e_fk_ProjectAP` FOREIGN KEY (`project_id`) REFERENCES `ProjectAPP_project` (`id`),
  CONSTRAINT `ProjectAPP_roleassign_role_id_ce484b0c_fk_ProjectAPP_role_id` FOREIGN KEY (`role_id`) REFERENCES `ProjectAPP_role` (`id`)
) ENGINE=InnoDB DEFAULT CHARSET=utf8mb3;
/*!40101 SET character_set_client = @saved_cs_client */;

--
-- Dumping data for table `ProjectAPP_roleassign`
--

LOCK TABLES `ProjectAPP_roleassign` WRITE;
/*!40000 ALTER TABLE `ProjectAPP_roleassign` DISABLE KEYS */;
/*!40000 ALTER TABLE `ProjectAPP_roleassign` ENABLE KEYS */;
UNLOCK TABLES;

--
-- Table structure for table `ProjectAPP_test`
--

DROP TABLE IF EXISTS `ProjectAPP_test`;
/*!40101 SET @saved_cs_client     = @@character_set_client */;
/*!50503 SET character_set_client = utf8mb4 */;
CREATE TABLE `ProjectAPP_test` (
  `id` bigint NOT NULL AUTO_INCREMENT,
  `test` varchar(1500) NOT NULL,
  PRIMARY KEY (`id`)
) ENGINE=InnoDB DEFAULT CHARSET=utf8mb3;
/*!40101 SET character_set_client = @saved_cs_client */;

--
-- Dumping data for table `ProjectAPP_test`
--

LOCK TABLES `ProjectAPP_test` WRITE;
/*!40000 ALTER TABLE `ProjectAPP_test` DISABLE KEYS */;
/*!40000 ALTER TABLE `ProjectAPP_test` ENABLE KEYS */;
UNLOCK TABLES;

--
-- Table structure for table `ProjectAPP_tools`
--

DROP TABLE IF EXISTS `ProjectAPP_tools`;
/*!40101 SET @saved_cs_client     = @@character_set_client */;
/*!50503 SET character_set_client = utf8mb4 */;
CREATE TABLE `ProjectAPP_tools` (
  `id` bigint NOT NULL AUTO_INCREMENT,
  `name` varchar(30) NOT NULL,
  `license_id` bigint NOT NULL,
  PRIMARY KEY (`id`),
  KEY `ProjectAPP_tools_license_id_991741d3_fk_ProjectAPP_license_id` (`license_id`),
  CONSTRAINT `ProjectAPP_tools_license_id_991741d3_fk_ProjectAPP_license_id` FOREIGN KEY (`license_id`) REFERENCES `ProjectAPP_license` (`id`)
) ENGINE=InnoDB DEFAULT CHARSET=utf8mb3;
/*!40101 SET character_set_client = @saved_cs_client */;

--
-- Dumping data for table `ProjectAPP_tools`
--

LOCK TABLES `ProjectAPP_tools` WRITE;
/*!40000 ALTER TABLE `ProjectAPP_tools` DISABLE KEYS */;
/*!40000 ALTER TABLE `ProjectAPP_tools` ENABLE KEYS */;
UNLOCK TABLES;

--
-- Table structure for table `ProjectAPP_tools_research_work_flow`
--

DROP TABLE IF EXISTS `ProjectAPP_tools_research_work_flow`;
/*!40101 SET @saved_cs_client     = @@character_set_client */;
/*!50503 SET character_set_client = utf8mb4 */;
CREATE TABLE `ProjectAPP_tools_research_work_flow` (
  `id` bigint NOT NULL AUTO_INCREMENT,
  `tools_id` bigint NOT NULL,
  `researchworkflow_id` bigint NOT NULL,
  PRIMARY KEY (`id`),
  UNIQUE KEY `ProjectAPP_tools_researc_tools_id_researchworkflo_2eb23bdb_uniq` (`tools_id`,`researchworkflow_id`),
  KEY `ProjectAPP_tools_res_researchworkflow_id_6a1a8740_fk_ProjectAP` (`researchworkflow_id`),
  CONSTRAINT `ProjectAPP_tools_res_researchworkflow_id_6a1a8740_fk_ProjectAP` FOREIGN KEY (`researchworkflow_id`) REFERENCES `ProjectAPP_researchworkflow` (`id`),
  CONSTRAINT `ProjectAPP_tools_res_tools_id_b226cbdd_fk_ProjectAP` FOREIGN KEY (`tools_id`) REFERENCES `ProjectAPP_tools` (`id`)
) ENGINE=InnoDB DEFAULT CHARSET=utf8mb3;
/*!40101 SET character_set_client = @saved_cs_client */;

--
-- Dumping data for table `ProjectAPP_tools_research_work_flow`
--

LOCK TABLES `ProjectAPP_tools_research_work_flow` WRITE;
/*!40000 ALTER TABLE `ProjectAPP_tools_research_work_flow` DISABLE KEYS */;
/*!40000 ALTER TABLE `ProjectAPP_tools_research_work_flow` ENABLE KEYS */;
UNLOCK TABLES;

--
-- Table structure for table `ProjectAPP_trainingmaterials`
--

DROP TABLE IF EXISTS `ProjectAPP_trainingmaterials`;
/*!40101 SET @saved_cs_client     = @@character_set_client */;
/*!50503 SET character_set_client = utf8mb4 */;
CREATE TABLE `ProjectAPP_trainingmaterials` (
  `id` bigint NOT NULL AUTO_INCREMENT,
  `project_phase` varchar(30) NOT NULL,
  `name` varchar(30) NOT NULL,
  `link` varchar(200) NOT NULL,
  PRIMARY KEY (`id`)
) ENGINE=InnoDB AUTO_INCREMENT=3 DEFAULT CHARSET=utf8mb3;
/*!40101 SET character_set_client = @saved_cs_client */;

--
-- Dumping data for table `ProjectAPP_trainingmaterials`
--

LOCK TABLES `ProjectAPP_trainingmaterials` WRITE;
/*!40000 ALTER TABLE `ProjectAPP_trainingmaterials` DISABLE KEYS */;
INSERT INTO `ProjectAPP_trainingmaterials` VALUES (1,'NONE','RDM Motivation','https://nfdi4ing.pages.rwth-aachen.de/education/education-pages/rdm-motivation/html_slides/motivation.html#/'),(2,'stepperErhebung','Daten erheben','https://nfdi4ing.pages.rwth-aachen.de/education/education-pages/dlc-datalifecycle/html_slides/dlc2.html#/');
/*!40000 ALTER TABLE `ProjectAPP_trainingmaterials` ENABLE KEYS */;
UNLOCK TABLES;

--
-- Table structure for table `ProjectAPP_usertextcommunicationbox`
--

DROP TABLE IF EXISTS `ProjectAPP_usertextcommunicationbox`;
/*!40101 SET @saved_cs_client     = @@character_set_client */;
/*!50503 SET character_set_client = utf8mb4 */;
CREATE TABLE `ProjectAPP_usertextcommunicationbox` (
  `id` bigint NOT NULL AUTO_INCREMENT,
  `text_field_2_1` varchar(1000) NOT NULL,
  `text_field_2_2` varchar(1000) NOT NULL,
  `text_field_2_3` varchar(1000) NOT NULL,
  `text_field_2_4` varchar(1000) NOT NULL,
  `text_field_2_5` varchar(1000) NOT NULL,
  `text_field_2_6` varchar(1000) NOT NULL,
  `text_field_2_7` varchar(1000) NOT NULL,
  `text_field_2_8` varchar(1000) NOT NULL,
  `text_field_2_9` varchar(1000) NOT NULL,
  `text_field_3_1` varchar(1000) NOT NULL,
  `text_field_3_2` varchar(1000) NOT NULL,
  `text_field_3_3` varchar(1000) NOT NULL,
  `text_field_3_4` varchar(1000) NOT NULL,
  `project_id` bigint DEFAULT NULL,
  `text_field_3_5` varchar(1000) NOT NULL,
  `text_field_3_6` varchar(1000) NOT NULL,
  `text_field_3_7` varchar(1000) NOT NULL,
  `text_field_4_1` varchar(1000) NOT NULL,
  `text_field_4_2` varchar(1000) NOT NULL,
  `text_field_4_3` varchar(1000) NOT NULL,
  `text_field_5_1` varchar(1000) NOT NULL,
  `text_field_5_2` varchar(1000) NOT NULL,
  PRIMARY KEY (`id`),
  UNIQUE KEY `project_id` (`project_id`)
) ENGINE=InnoDB AUTO_INCREMENT=8 DEFAULT CHARSET=utf8mb3;
/*!40101 SET character_set_client = @saved_cs_client */;

--
-- Dumping data for table `ProjectAPP_usertextcommunicationbox`
--

LOCK TABLES `ProjectAPP_usertextcommunicationbox` WRITE;
/*!40000 ALTER TABLE `ProjectAPP_usertextcommunicationbox` DISABLE KEYS */;
INSERT INTO `ProjectAPP_usertextcommunicationbox` VALUES (1,'Fill in some information','None','None','None','None','None','None','None','None','None','None','None','None',1,'None','None','None','None','None','None','None','None'),(2,'df','Test','Ok here','test','None','None','None','None','Testing','None','None','None','None',3,'None','None','None','None','None','None','None','None'),(3,'Fill in some information here and more test more more tobias müller 1','None','None','None','None','None','None','None','None','None','None','None','None',2,'None','None','None','None','None','None','None','None'),(5,'Fill in some information','None','None','None','None','None','None','None','None','None','None','None','None',4,'None','None','None','None','None','None','None','None'),(6,'Fill in some information','None','None','None','None','None','None','None','None','None','None','None','None',19,'None','None','None','None','None','None','None','None'),(7,'Tobias bitte lade du die Skizze hier einmal hoch\n\nOK, wird gemacht!','None','None','None','None','None','None','None','None','None','None','None','None',17,'None','None','None','None','None','None','None','None');
/*!40000 ALTER TABLE `ProjectAPP_usertextcommunicationbox` ENABLE KEYS */;
UNLOCK TABLES;

--
-- Table structure for table `ProjectAPP_versioncontrolmanagment`
--

DROP TABLE IF EXISTS `ProjectAPP_versioncontrolmanagment`;
/*!40101 SET @saved_cs_client     = @@character_set_client */;
/*!50503 SET character_set_client = utf8mb4 */;
CREATE TABLE `ProjectAPP_versioncontrolmanagment` (
  `id` bigint NOT NULL AUTO_INCREMENT,
  `name` varchar(30) NOT NULL,
  `modifier` varchar(30) NOT NULL,
  `modified` int NOT NULL,
  `rights` varchar(30) NOT NULL,
  `data_repository_id` bigint NOT NULL,
  PRIMARY KEY (`id`),
  KEY `ProjectAPP_versionco_data_repository_id_12e46e9e_fk_ProjectAP` (`data_repository_id`),
  CONSTRAINT `ProjectAPP_versionco_data_repository_id_12e46e9e_fk_ProjectAP` FOREIGN KEY (`data_repository_id`) REFERENCES `ProjectAPP_datarepository` (`id`)
) ENGINE=InnoDB AUTO_INCREMENT=2 DEFAULT CHARSET=utf8mb3;
/*!40101 SET character_set_client = @saved_cs_client */;

--
-- Dumping data for table `ProjectAPP_versioncontrolmanagment`
--

LOCK TABLES `ProjectAPP_versioncontrolmanagment` WRITE;
/*!40000 ALTER TABLE `ProjectAPP_versioncontrolmanagment` DISABLE KEYS */;
INSERT INTO `ProjectAPP_versioncontrolmanagment` VALUES (1,'NONE','test',1,'test',1);
/*!40000 ALTER TABLE `ProjectAPP_versioncontrolmanagment` ENABLE KEYS */;
UNLOCK TABLES;

--
-- Table structure for table `TrainingMaterials_training`
--

DROP TABLE IF EXISTS `TrainingMaterials_training`;
/*!40101 SET @saved_cs_client     = @@character_set_client */;
/*!50503 SET character_set_client = utf8mb4 */;
CREATE TABLE `TrainingMaterials_training` (
  `id` int NOT NULL AUTO_INCREMENT,
  `link` varchar(1000) NOT NULL,
  `author` varchar(100) NOT NULL,
  `comment` varchar(100) NOT NULL,
  `format` varchar(100) NOT NULL,
  `language` varchar(30) NOT NULL,
  `rating` bigint NOT NULL,
  `tag` varchar(30) NOT NULL,
  `title` varchar(100) NOT NULL,
  PRIMARY KEY (`id`)
) ENGINE=InnoDB AUTO_INCREMENT=13 DEFAULT CHARSET=utf8mb3;
/*!40101 SET character_set_client = @saved_cs_client */;

--
-- Dumping data for table `TrainingMaterials_training`
--

LOCK TABLES `TrainingMaterials_training` WRITE;
/*!40000 ALTER TABLE `TrainingMaterials_training` DISABLE KEYS */;
INSERT INTO `TrainingMaterials_training` VALUES (1,'https://nfdi4ing.pages.rwth-aachen.de/education/education-pages/dmp-datenmanagementplan/html_slides/dmp.html','Hamann, Tobias','-','Interaktiv','GER',2,'DMP','NFDI4Ing: Datenmanagementpläne'),(2,'https://git.rwth-aachen.de/nfdi4ing/education/cross-topic-modules/-/raw/main/NFDI4Ing_Training_Metadaten.pdf','Moser, Mario','-','Interaktiv','GER',1,'Metadaten','NFDI4Ing: Metadaten'),(3,'https://nfdi4ing.pages.rwth-aachen.de/education/education-pages/dlc-datalifecycle/html_slides/dlc1.html','Moser, Mario','-','Interaktiv','GER',7,'DLC, Planen','NFDI4Ing: Forschungsvorhaben p'),(4,'https://nfdi4ing.pages.rwth-aachen.de/education/education-pages/dlc-datalifecycle/html_slides/dlc2.html','Moser, Mario','-','Interaktiv','GER',0,'DLC, Erheben','NFDI4Ing: DLC 2: Daten erheben'),(5,'https://nfdi4ing.pages.rwth-aachen.de/education/education-pages/dlc-datalifecycle/html_slides/dlc4.html','Moser, Mario','-','Interaktiv','GER',1,'-','NFDI4Ing: DLC 4: Daten teilen'),(6,'https://nfdi4ing.pages.rwth-aachen.de/education/education-pages/dlc-datalifecycle/html_slides/dlc5.html','NFDI4Ing','-','Interaktiv','GER',-1,'-','NFDI4Ing: DLC 5: Daten archivi'),(7,'https://nfdi4ing.pages.rwth-aachen.de/education/education-pages/dlc-datalifecycle/html_slides/dlc6.html','NFDI4Ing','-','Interaktiv','GER',0,'-','NFDI4Ing: DLC 6: Daten nachnut'),(8,'https://nfdi4ing.pages.rwth-aachen.de/education/education-pages/rdm-motivation/html_slides/motivation.html#/','NFDI4Ing','-','Interaktiv','GER',0,'-','NFDI4Ing: FDM-Motivation'),(9,'https://nfdi4ing.pages.rwth-aachen.de/education/education-pages/nfdi4ing-archetypen/html_slides/main.html#/','NFDI4Ing','-','Interaktiv','GER',0,'-','NFDI4Ing: Archetypen'),(10,'https://git.rwth-aachen.de/nfdi4ing/education/cross-topic-modules/-/raw/main/NFDI4Ing_Training_Lizenzen.pdf','NFDI4Ing','-','Interaktiv','GER',0,'-','NFDI4Ing: Lizenzen'),(11,'https://nfdi4ing.pages.rwth-aachen.de/education/education-pages/datenformate/html_slides/beispielvorlage.html#/','NFDI4Ing','-','Interaktiv','GER',0,'-','NFDI4Ing: Datenformate'),(12,'https://nfdi4ing.pages.rwth-aachen.de/education/education-pages/dlc-datalifecycle/html_slides/dlc1.html#/','NFDI4Ing','No comment','Pages','Deutsch',1,'Planen','Forschungsvorhaben planen');
/*!40000 ALTER TABLE `TrainingMaterials_training` ENABLE KEYS */;
UNLOCK TABLES;

--
-- Table structure for table `TrainingMaterials_training_phase`
--

DROP TABLE IF EXISTS `TrainingMaterials_training_phase`;
/*!40101 SET @saved_cs_client     = @@character_set_client */;
/*!50503 SET character_set_client = utf8mb4 */;
CREATE TABLE `TrainingMaterials_training_phase` (
  `id` bigint NOT NULL AUTO_INCREMENT,
  `training_id` int NOT NULL,
  `projectphase_id` bigint NOT NULL,
  PRIMARY KEY (`id`),
  UNIQUE KEY `TrainingMaterials_traini_training_id_projectphase_161c0809_uniq` (`training_id`,`projectphase_id`),
  KEY `TrainingMaterials_tr_projectphase_id_00cacc96_fk_ProjectAP` (`projectphase_id`),
  CONSTRAINT `TrainingMaterials_tr_projectphase_id_00cacc96_fk_ProjectAP` FOREIGN KEY (`projectphase_id`) REFERENCES `ProjectAPP_projectphase` (`id`),
  CONSTRAINT `TrainingMaterials_training_phase_training_id_5c9b59f8_fk` FOREIGN KEY (`training_id`) REFERENCES `TrainingMaterials_training` (`id`)
) ENGINE=InnoDB AUTO_INCREMENT=21 DEFAULT CHARSET=utf8mb3;
/*!40101 SET character_set_client = @saved_cs_client */;

--
-- Dumping data for table `TrainingMaterials_training_phase`
--

LOCK TABLES `TrainingMaterials_training_phase` WRITE;
/*!40000 ALTER TABLE `TrainingMaterials_training_phase` DISABLE KEYS */;
INSERT INTO `TrainingMaterials_training_phase` VALUES (1,1,1),(2,1,9),(3,2,5),(4,2,6),(5,2,7),(6,3,1),(7,4,5),(9,5,7),(8,5,10),(10,6,7),(11,7,5),(12,8,8),(13,9,8),(15,10,7),(14,10,10),(17,11,5),(18,11,6),(19,11,7),(16,11,10),(20,12,1);
/*!40000 ALTER TABLE `TrainingMaterials_training_phase` ENABLE KEYS */;
UNLOCK TABLES;

--
-- Table structure for table `TrainingMaterials_training_step`
--

DROP TABLE IF EXISTS `TrainingMaterials_training_step`;
/*!40101 SET @saved_cs_client     = @@character_set_client */;
/*!50503 SET character_set_client = utf8mb4 */;
CREATE TABLE `TrainingMaterials_training_step` (
  `id` bigint NOT NULL AUTO_INCREMENT,
  `training_id` int NOT NULL,
  `projectstep_id` bigint NOT NULL,
  PRIMARY KEY (`id`),
  UNIQUE KEY `TrainingMaterials_traini_training_id_projectstep__6a896a34_uniq` (`training_id`,`projectstep_id`),
  KEY `TrainingMaterials_tr_projectstep_id_74a7243d_fk_ProjectAP` (`projectstep_id`),
  CONSTRAINT `TrainingMaterials_tr_projectstep_id_74a7243d_fk_ProjectAP` FOREIGN KEY (`projectstep_id`) REFERENCES `ProjectAPP_projectstep` (`id`),
  CONSTRAINT `TrainingMaterials_training_step_training_id_32dc74d6_fk` FOREIGN KEY (`training_id`) REFERENCES `TrainingMaterials_training` (`id`)
) ENGINE=InnoDB AUTO_INCREMENT=25 DEFAULT CHARSET=utf8mb3;
/*!40101 SET character_set_client = @saved_cs_client */;

--
-- Dumping data for table `TrainingMaterials_training_step`
--

LOCK TABLES `TrainingMaterials_training_step` WRITE;
/*!40000 ALTER TABLE `TrainingMaterials_training_step` DISABLE KEYS */;
INSERT INTO `TrainingMaterials_training_step` VALUES (1,1,1),(3,2,25),(4,3,25),(5,4,25),(7,5,21),(8,5,22),(9,5,23),(6,5,24),(10,6,25),(11,7,25),(12,8,25),(13,9,25),(14,10,25),(15,11,25),(16,12,1),(17,12,2),(18,12,3),(19,12,4),(20,12,5),(21,12,6),(22,12,7),(23,12,8),(24,12,9);
/*!40000 ALTER TABLE `TrainingMaterials_training_step` ENABLE KEYS */;
UNLOCK TABLES;

--
-- Table structure for table `account_emailaddress`
--

DROP TABLE IF EXISTS `account_emailaddress`;
/*!40101 SET @saved_cs_client     = @@character_set_client */;
/*!50503 SET character_set_client = utf8mb4 */;
CREATE TABLE `account_emailaddress` (
  `id` int NOT NULL AUTO_INCREMENT,
  `email` varchar(254) NOT NULL,
  `verified` tinyint(1) NOT NULL,
  `primary` tinyint(1) NOT NULL,
  `user_id` int NOT NULL,
  PRIMARY KEY (`id`),
  UNIQUE KEY `email` (`email`),
  KEY `account_emailaddress_user_id_2c513194_fk_auth_user_id` (`user_id`),
  CONSTRAINT `account_emailaddress_user_id_2c513194_fk_auth_user_id` FOREIGN KEY (`user_id`) REFERENCES `auth_user` (`id`)
) ENGINE=InnoDB AUTO_INCREMENT=3 DEFAULT CHARSET=utf8mb3;
/*!40101 SET character_set_client = @saved_cs_client */;

--
-- Dumping data for table `account_emailaddress`
--

LOCK TABLES `account_emailaddress` WRITE;
/*!40000 ALTER TABLE `account_emailaddress` DISABLE KEYS */;
INSERT INTO `account_emailaddress` VALUES (1,'michele.robrecht@ipt.fraunhofer.de',0,1,4),(2,'gerald.jagusch@tu-darmstadt.de',0,1,10);
/*!40000 ALTER TABLE `account_emailaddress` ENABLE KEYS */;
UNLOCK TABLES;

--
-- Table structure for table `account_emailconfirmation`
--

DROP TABLE IF EXISTS `account_emailconfirmation`;
/*!40101 SET @saved_cs_client     = @@character_set_client */;
/*!50503 SET character_set_client = utf8mb4 */;
CREATE TABLE `account_emailconfirmation` (
  `id` int NOT NULL AUTO_INCREMENT,
  `created` datetime(6) NOT NULL,
  `sent` datetime(6) DEFAULT NULL,
  `key` varchar(64) NOT NULL,
  `email_address_id` int NOT NULL,
  PRIMARY KEY (`id`),
  UNIQUE KEY `key` (`key`),
  KEY `account_emailconfirm_email_address_id_5b7f8c58_fk_account_e` (`email_address_id`),
  CONSTRAINT `account_emailconfirm_email_address_id_5b7f8c58_fk_account_e` FOREIGN KEY (`email_address_id`) REFERENCES `account_emailaddress` (`id`)
) ENGINE=InnoDB DEFAULT CHARSET=utf8mb3;
/*!40101 SET character_set_client = @saved_cs_client */;

--
-- Dumping data for table `account_emailconfirmation`
--

LOCK TABLES `account_emailconfirmation` WRITE;
/*!40000 ALTER TABLE `account_emailconfirmation` DISABLE KEYS */;
/*!40000 ALTER TABLE `account_emailconfirmation` ENABLE KEYS */;
UNLOCK TABLES;

--
-- Table structure for table `apiservices_userprofile`
--

DROP TABLE IF EXISTS `apiservices_userprofile`;
/*!40101 SET @saved_cs_client     = @@character_set_client */;
/*!50503 SET character_set_client = utf8mb4 */;
CREATE TABLE `apiservices_userprofile` (
  `id` bigint NOT NULL AUTO_INCREMENT,
  `api_key` varchar(100) NOT NULL,
  `user_id` int NOT NULL,
  `api_key_coscine` varchar(300) NOT NULL,
  `settings_darkmode` tinyint(1) NOT NULL,
  `email_account` varchar(300) NOT NULL,
  PRIMARY KEY (`id`),
  UNIQUE KEY `user_id` (`user_id`),
  CONSTRAINT `apiservices_userprofile_user_id_335f2a9e_fk_auth_user_id` FOREIGN KEY (`user_id`) REFERENCES `auth_user` (`id`)
) ENGINE=InnoDB AUTO_INCREMENT=11 DEFAULT CHARSET=utf8mb3;
/*!40101 SET character_set_client = @saved_cs_client */;

--
-- Dumping data for table `apiservices_userprofile`
--

LOCK TABLES `apiservices_userprofile` WRITE;
/*!40000 ALTER TABLE `apiservices_userprofile` DISABLE KEYS */;
INSERT INTO `apiservices_userprofile` VALUES (1,'a',1,'test',0,'save your email here'),(2,'b964a78a9eeee1a1de05fe79a9176729adfbcc67',2,'eyJhbGciOiJIUzI1NiIsInR5cCI6IkpXVCJ9.eyJ0b2tlbklkIjoiYzA4MTRkNDMtYzhlYi00NjEyLTgxN2MtNTMwMTUwZmM0YWJhIiwiaXNzIjoiaHR0cHM6Ly9jb3NjaW5lLnJ3dGgtYWFjaGVuLmRlIiwiYXVkIjoiaHR0cHM6Ly9jb3NjaW5lLnJ3dGgtYWFjaGVuLmRlIiwiaWF0IjoxNjk1ODA0MzU0LCJleHAiOjE2OTY0NjM5OTl9._l3hNjK-S2-SV4G7wirSSQhn5VupJRW69DzWN_6u9hk',0,'email'),(3,'70d19b43178de7437ab7f5a0827f6731d9bc1091',3,'eyJhbGciOiJIUzI1NiIsInR5cCI6IkpXVCJ9.eyJ0b2tlbklkIjoiYTBmYmQ0NWUtMzAxZS00MzBlLWJhZDEtMWJiOWM3ZjU5N2JjIiwiaXNzIjoiaHR0cHM6Ly9jb3NjaW5lLnJ3dGgtYWFjaGVuLmRlIiwiYXVkIjoiaHR0cHM6Ly9jb3NjaW5lLnJ3dGgtYWFjaGVuLmRlIiwiaWF0IjoxNjk1ODEwNjUzLCJleHAiOjE2OTY0NjM5OTl9.XrI3LrQreNNh5yBGgq51GfOmU6m7LsmbQJ43HoLXjoI',0,'save your email here'),(4,'post a rdmo api key here',13,'undefined',1,'save your email here'),(5,'aaaah watch out behind you!!!!',12,'I\'m watching you...',0,'save your email here'),(6,'temp',19,'post a coscine api key here',1,'save your email here'),(7,'post a rdmo api key here',20,'post a coscine api key here',1,'werheid97@gmail.com'),(8,'post a rdmo api key here',21,'post a coscine api key here',1,'save your email here'),(9,'post a rdmo api key here',22,'post a coscine api key here',1,'tobiasmüller1@gmail.com'),(10,'post a rdmo api key here',23,'post a coscine api key here',1,'save your email here');
/*!40000 ALTER TABLE `apiservices_userprofile` ENABLE KEYS */;
UNLOCK TABLES;

--
-- Table structure for table `apiservices_userprofile_project`
--

DROP TABLE IF EXISTS `apiservices_userprofile_project`;
/*!40101 SET @saved_cs_client     = @@character_set_client */;
/*!50503 SET character_set_client = utf8mb4 */;
CREATE TABLE `apiservices_userprofile_project` (
  `id` bigint NOT NULL AUTO_INCREMENT,
  `userprofile_id` bigint NOT NULL,
  `project_id` bigint NOT NULL,
  PRIMARY KEY (`id`),
  UNIQUE KEY `apiservices_userprofile__userprofile_id_project_i_8b4e6bda_uniq` (`userprofile_id`,`project_id`),
  KEY `apiservices_userprof_project_id_c96e1c15_fk_ProjectAP` (`project_id`),
  CONSTRAINT `apiservices_userprof_project_id_c96e1c15_fk_ProjectAP` FOREIGN KEY (`project_id`) REFERENCES `ProjectAPP_project` (`id`),
  CONSTRAINT `apiservices_userprof_userprofile_id_b9e83262_fk_apiservic` FOREIGN KEY (`userprofile_id`) REFERENCES `apiservices_userprofile` (`id`)
) ENGINE=InnoDB DEFAULT CHARSET=utf8mb3;
/*!40101 SET character_set_client = @saved_cs_client */;

--
-- Dumping data for table `apiservices_userprofile_project`
--

LOCK TABLES `apiservices_userprofile_project` WRITE;
/*!40000 ALTER TABLE `apiservices_userprofile_project` DISABLE KEYS */;
/*!40000 ALTER TABLE `apiservices_userprofile_project` ENABLE KEYS */;
UNLOCK TABLES;

--
-- Table structure for table `apiservices_userprofile_projects`
--

DROP TABLE IF EXISTS `apiservices_userprofile_projects`;
/*!40101 SET @saved_cs_client     = @@character_set_client */;
/*!50503 SET character_set_client = utf8mb4 */;
CREATE TABLE `apiservices_userprofile_projects` (
  `id` bigint NOT NULL AUTO_INCREMENT,
  `userprofile_id` bigint NOT NULL,
  `project_id` bigint NOT NULL,
  PRIMARY KEY (`id`),
  UNIQUE KEY `apiservices_userprofile__userprofile_id_project_i_bca29687_uniq` (`userprofile_id`,`project_id`),
  KEY `apiservices_userprof_project_id_d3624961_fk_ProjectAP` (`project_id`),
  CONSTRAINT `apiservices_userprof_project_id_d3624961_fk_ProjectAP` FOREIGN KEY (`project_id`) REFERENCES `ProjectAPP_project` (`id`),
  CONSTRAINT `apiservices_userprof_userprofile_id_6f52e476_fk_apiservic` FOREIGN KEY (`userprofile_id`) REFERENCES `apiservices_userprofile` (`id`)
) ENGINE=InnoDB AUTO_INCREMENT=4 DEFAULT CHARSET=utf8mb3;
/*!40101 SET character_set_client = @saved_cs_client */;

--
-- Dumping data for table `apiservices_userprofile_projects`
--

LOCK TABLES `apiservices_userprofile_projects` WRITE;
/*!40000 ALTER TABLE `apiservices_userprofile_projects` DISABLE KEYS */;
INSERT INTO `apiservices_userprofile_projects` VALUES (2,6,3),(1,6,4),(3,6,5);
/*!40000 ALTER TABLE `apiservices_userprofile_projects` ENABLE KEYS */;
UNLOCK TABLES;

--
-- Table structure for table `auth_group`
--

DROP TABLE IF EXISTS `auth_group`;
/*!40101 SET @saved_cs_client     = @@character_set_client */;
/*!50503 SET character_set_client = utf8mb4 */;
CREATE TABLE `auth_group` (
  `id` int NOT NULL AUTO_INCREMENT,
  `name` varchar(150) NOT NULL,
  PRIMARY KEY (`id`),
  UNIQUE KEY `name` (`name`)
) ENGINE=InnoDB DEFAULT CHARSET=utf8mb3;
/*!40101 SET character_set_client = @saved_cs_client */;

--
-- Dumping data for table `auth_group`
--

LOCK TABLES `auth_group` WRITE;
/*!40000 ALTER TABLE `auth_group` DISABLE KEYS */;
/*!40000 ALTER TABLE `auth_group` ENABLE KEYS */;
UNLOCK TABLES;

--
-- Table structure for table `auth_group_permissions`
--

DROP TABLE IF EXISTS `auth_group_permissions`;
/*!40101 SET @saved_cs_client     = @@character_set_client */;
/*!50503 SET character_set_client = utf8mb4 */;
CREATE TABLE `auth_group_permissions` (
  `id` bigint NOT NULL AUTO_INCREMENT,
  `group_id` int NOT NULL,
  `permission_id` int NOT NULL,
  PRIMARY KEY (`id`),
  UNIQUE KEY `auth_group_permissions_group_id_permission_id_0cd325b0_uniq` (`group_id`,`permission_id`),
  KEY `auth_group_permissio_permission_id_84c5c92e_fk_auth_perm` (`permission_id`),
  CONSTRAINT `auth_group_permissio_permission_id_84c5c92e_fk_auth_perm` FOREIGN KEY (`permission_id`) REFERENCES `auth_permission` (`id`),
  CONSTRAINT `auth_group_permissions_group_id_b120cbf9_fk_auth_group_id` FOREIGN KEY (`group_id`) REFERENCES `auth_group` (`id`)
) ENGINE=InnoDB DEFAULT CHARSET=utf8mb3;
/*!40101 SET character_set_client = @saved_cs_client */;

--
-- Dumping data for table `auth_group_permissions`
--

LOCK TABLES `auth_group_permissions` WRITE;
/*!40000 ALTER TABLE `auth_group_permissions` DISABLE KEYS */;
/*!40000 ALTER TABLE `auth_group_permissions` ENABLE KEYS */;
UNLOCK TABLES;

--
-- Table structure for table `auth_permission`
--

DROP TABLE IF EXISTS `auth_permission`;
/*!40101 SET @saved_cs_client     = @@character_set_client */;
/*!50503 SET character_set_client = utf8mb4 */;
CREATE TABLE `auth_permission` (
  `id` int NOT NULL AUTO_INCREMENT,
  `name` varchar(255) NOT NULL,
  `content_type_id` int NOT NULL,
  `codename` varchar(100) NOT NULL,
  PRIMARY KEY (`id`),
  UNIQUE KEY `auth_permission_content_type_id_codename_01ab375a_uniq` (`content_type_id`,`codename`),
  CONSTRAINT `auth_permission_content_type_id_2f476e4b_fk_django_co` FOREIGN KEY (`content_type_id`) REFERENCES `django_content_type` (`id`)
) ENGINE=InnoDB AUTO_INCREMENT=193 DEFAULT CHARSET=utf8mb3;
/*!40101 SET character_set_client = @saved_cs_client */;

--
-- Dumping data for table `auth_permission`
--

LOCK TABLES `auth_permission` WRITE;
/*!40000 ALTER TABLE `auth_permission` DISABLE KEYS */;
INSERT INTO `auth_permission` VALUES (1,'Can add log entry',1,'add_logentry'),(2,'Can change log entry',1,'change_logentry'),(3,'Can delete log entry',1,'delete_logentry'),(4,'Can view log entry',1,'view_logentry'),(5,'Can add permission',2,'add_permission'),(6,'Can change permission',2,'change_permission'),(7,'Can delete permission',2,'delete_permission'),(8,'Can view permission',2,'view_permission'),(9,'Can add group',3,'add_group'),(10,'Can change group',3,'change_group'),(11,'Can delete group',3,'delete_group'),(12,'Can view group',3,'view_group'),(13,'Can add user',4,'add_user'),(14,'Can change user',4,'change_user'),(15,'Can delete user',4,'delete_user'),(16,'Can view user',4,'view_user'),(17,'Can add content type',5,'add_contenttype'),(18,'Can change content type',5,'change_contenttype'),(19,'Can delete content type',5,'delete_contenttype'),(20,'Can view content type',5,'view_contenttype'),(21,'Can add session',6,'add_session'),(22,'Can change session',6,'change_session'),(23,'Can delete session',6,'delete_session'),(24,'Can view session',6,'view_session'),(25,'Can add data repository',7,'add_datarepository'),(26,'Can change data repository',7,'change_datarepository'),(27,'Can delete data repository',7,'delete_datarepository'),(28,'Can view data repository',7,'view_datarepository'),(29,'Can add version control managment',8,'add_versioncontrolmanagment'),(30,'Can change version control managment',8,'change_versioncontrolmanagment'),(31,'Can delete version control managment',8,'delete_versioncontrolmanagment'),(32,'Can view version control managment',8,'view_versioncontrolmanagment'),(33,'Can add authorisation management',9,'add_authorisationmanagement'),(34,'Can change authorisation management',9,'change_authorisationmanagement'),(35,'Can delete authorisation management',9,'delete_authorisationmanagement'),(36,'Can view authorisation management',9,'view_authorisationmanagement'),(37,'Can add organisation',10,'add_organisation'),(38,'Can change organisation',10,'change_organisation'),(39,'Can delete organisation',10,'delete_organisation'),(40,'Can view organisation',10,'view_organisation'),(41,'Can add metadata standarts',11,'add_metadatastandarts'),(42,'Can change metadata standarts',11,'change_metadatastandarts'),(43,'Can delete metadata standarts',11,'delete_metadatastandarts'),(44,'Can view metadata standarts',11,'view_metadatastandarts'),(45,'Can add metadata',12,'add_metadata'),(46,'Can change metadata',12,'change_metadata'),(47,'Can delete metadata',12,'delete_metadata'),(48,'Can view metadata',12,'view_metadata'),(49,'Can add publications',13,'add_publications'),(50,'Can change publications',13,'change_publications'),(51,'Can delete publications',13,'delete_publications'),(52,'Can view publications',13,'view_publications'),(53,'Can add training materials',14,'add_trainingmaterials'),(54,'Can change training materials',14,'change_trainingmaterials'),(55,'Can delete training materials',14,'delete_trainingmaterials'),(56,'Can view training materials',14,'view_trainingmaterials'),(57,'Can add project phase',15,'add_projectphase'),(58,'Can change project phase',15,'change_projectphase'),(59,'Can delete project phase',15,'delete_projectphase'),(60,'Can view project phase',15,'view_projectphase'),(61,'Can add project requirements',16,'add_projectrequirements'),(62,'Can change project requirements',16,'change_projectrequirements'),(63,'Can delete project requirements',16,'delete_projectrequirements'),(64,'Can view project requirements',16,'view_projectrequirements'),(65,'Can add checklists',17,'add_checklists'),(66,'Can change checklists',17,'change_checklists'),(67,'Can delete checklists',17,'delete_checklists'),(68,'Can view checklists',17,'view_checklists'),(69,'Can add research workflow',18,'add_researchworkflow'),(70,'Can change research workflow',18,'change_researchworkflow'),(71,'Can delete research workflow',18,'delete_researchworkflow'),(72,'Can view research workflow',18,'view_researchworkflow'),(73,'Can add project',19,'add_project'),(74,'Can change project',19,'change_project'),(75,'Can delete project',19,'delete_project'),(76,'Can view project',19,'view_project'),(77,'Can add time span',20,'add_timespan'),(78,'Can change time span',20,'change_timespan'),(79,'Can delete time span',20,'delete_timespan'),(80,'Can view time span',20,'view_timespan'),(81,'Can add institute',21,'add_institute'),(82,'Can change institute',21,'change_institute'),(83,'Can delete institute',21,'delete_institute'),(84,'Can view institute',21,'view_institute'),(85,'Can add employee',22,'add_employee'),(86,'Can change employee',22,'change_employee'),(87,'Can delete employee',22,'delete_employee'),(88,'Can view employee',22,'view_employee'),(89,'Can add role',23,'add_role'),(90,'Can change role',23,'change_role'),(91,'Can delete role',23,'delete_role'),(92,'Can view role',23,'view_role'),(93,'Can add role assign',24,'add_roleassign'),(94,'Can change role assign',24,'change_roleassign'),(95,'Can delete role assign',24,'delete_roleassign'),(96,'Can view role assign',24,'view_roleassign'),(97,'Can add ontologies',25,'add_ontologies'),(98,'Can change ontologies',25,'change_ontologies'),(99,'Can delete ontologies',25,'delete_ontologies'),(100,'Can view ontologies',25,'view_ontologies'),(101,'Can add license',26,'add_license'),(102,'Can change license',26,'change_license'),(103,'Can delete license',26,'delete_license'),(104,'Can view license',26,'view_license'),(105,'Can add tools',27,'add_tools'),(106,'Can change tools',27,'change_tools'),(107,'Can delete tools',27,'delete_tools'),(108,'Can view tools',27,'view_tools'),(109,'Can add req by university',28,'add_reqbyuniversity'),(110,'Can change req by university',28,'change_reqbyuniversity'),(111,'Can delete req by university',28,'delete_reqbyuniversity'),(112,'Can view req by university',28,'view_reqbyuniversity'),(113,'Can add req by institute',29,'add_reqbyinstitute'),(114,'Can change req by institute',29,'change_reqbyinstitute'),(115,'Can delete req by institute',29,'delete_reqbyinstitute'),(116,'Can view req by institute',29,'view_reqbyinstitute'),(117,'Can add req by organisation',30,'add_reqbyorganisation'),(118,'Can change req by organisation',30,'change_reqbyorganisation'),(119,'Can delete req by organisation',30,'delete_reqbyorganisation'),(120,'Can view req by organisation',30,'view_reqbyorganisation'),(121,'Can add req by partners',31,'add_reqbypartners'),(122,'Can change req by partners',31,'change_reqbypartners'),(123,'Can delete req by partners',31,'delete_reqbypartners'),(124,'Can view req by partners',31,'view_reqbypartners'),(125,'Can add site',32,'add_site'),(126,'Can change site',32,'change_site'),(127,'Can delete site',32,'delete_site'),(128,'Can view site',32,'view_site'),(129,'Can add email address',33,'add_emailaddress'),(130,'Can change email address',33,'change_emailaddress'),(131,'Can delete email address',33,'delete_emailaddress'),(132,'Can view email address',33,'view_emailaddress'),(133,'Can add email confirmation',34,'add_emailconfirmation'),(134,'Can change email confirmation',34,'change_emailconfirmation'),(135,'Can delete email confirmation',34,'delete_emailconfirmation'),(136,'Can view email confirmation',34,'view_emailconfirmation'),(137,'Can add social application',35,'add_socialapp'),(138,'Can change social application',35,'change_socialapp'),(139,'Can delete social application',35,'delete_socialapp'),(140,'Can view social application',35,'view_socialapp'),(141,'Can add social account',36,'add_socialaccount'),(142,'Can change social account',36,'change_socialaccount'),(143,'Can delete social account',36,'delete_socialaccount'),(144,'Can view social account',36,'view_socialaccount'),(145,'Can add social application token',37,'add_socialtoken'),(146,'Can change social application token',37,'change_socialtoken'),(147,'Can delete social application token',37,'delete_socialtoken'),(148,'Can view social application token',37,'view_socialtoken'),(149,'Can add user profile',38,'add_userprofile'),(150,'Can change user profile',38,'change_userprofile'),(151,'Can delete user profile',38,'delete_userprofile'),(152,'Can view user profile',38,'view_userprofile'),(153,'Can add Token',39,'add_token'),(154,'Can change Token',39,'change_token'),(155,'Can delete Token',39,'delete_token'),(156,'Can view Token',39,'view_token'),(157,'Can add token',40,'add_tokenproxy'),(158,'Can change token',40,'change_tokenproxy'),(159,'Can delete token',40,'delete_tokenproxy'),(160,'Can view token',40,'view_tokenproxy'),(161,'Can add need for help',41,'add_needforhelp'),(162,'Can change need for help',41,'change_needforhelp'),(163,'Can delete need for help',41,'delete_needforhelp'),(164,'Can view need for help',41,'view_needforhelp'),(165,'Can add training',42,'add_training'),(166,'Can change training',42,'change_training'),(167,'Can delete training',42,'delete_training'),(168,'Can view training',42,'view_training'),(169,'Can add project step',43,'add_projectstep'),(170,'Can change project step',43,'change_projectstep'),(171,'Can delete project step',43,'delete_projectstep'),(172,'Can view project step',43,'view_projectstep'),(173,'Can add user text communication box',44,'add_usertextcommunicationbox'),(174,'Can change user text communication box',44,'change_usertextcommunicationbox'),(175,'Can delete user text communication box',44,'delete_usertextcommunicationbox'),(176,'Can view user text communication box',44,'view_usertextcommunicationbox'),(177,'Can add all collaboration fields',45,'add_allcollaborationfields'),(178,'Can change all collaboration fields',45,'change_allcollaborationfields'),(179,'Can delete all collaboration fields',45,'delete_allcollaborationfields'),(180,'Can view all collaboration fields',45,'view_allcollaborationfields'),(181,'Can add funding',46,'add_funding'),(182,'Can change funding',46,'change_funding'),(183,'Can delete funding',46,'delete_funding'),(184,'Can view funding',46,'view_funding'),(185,'Can add policy',47,'add_policy'),(186,'Can change policy',47,'change_policy'),(187,'Can delete policy',47,'delete_policy'),(188,'Can view policy',47,'view_policy'),(189,'Can add policy_kind',48,'add_policy_kind'),(190,'Can change policy_kind',48,'change_policy_kind'),(191,'Can delete policy_kind',48,'delete_policy_kind'),(192,'Can view policy_kind',48,'view_policy_kind');
/*!40000 ALTER TABLE `auth_permission` ENABLE KEYS */;
UNLOCK TABLES;

--
-- Table structure for table `auth_user`
--

DROP TABLE IF EXISTS `auth_user`;
/*!40101 SET @saved_cs_client     = @@character_set_client */;
/*!50503 SET character_set_client = utf8mb4 */;
CREATE TABLE `auth_user` (
  `id` int NOT NULL AUTO_INCREMENT,
  `password` varchar(128) NOT NULL,
  `last_login` datetime(6) DEFAULT NULL,
  `is_superuser` tinyint(1) NOT NULL,
  `username` varchar(150) NOT NULL,
  `first_name` varchar(150) NOT NULL,
  `last_name` varchar(150) NOT NULL,
  `email` varchar(254) NOT NULL,
  `is_staff` tinyint(1) NOT NULL,
  `is_active` tinyint(1) NOT NULL,
  `date_joined` datetime(6) NOT NULL,
  PRIMARY KEY (`id`),
  UNIQUE KEY `username` (`username`)
) ENGINE=InnoDB AUTO_INCREMENT=24 DEFAULT CHARSET=utf8mb3;
/*!40101 SET character_set_client = @saved_cs_client */;

--
-- Dumping data for table `auth_user`
--

LOCK TABLES `auth_user` WRITE;
/*!40000 ALTER TABLE `auth_user` DISABLE KEYS */;
INSERT INTO `auth_user` VALUES (1,'pbkdf2_sha256$320000$B56yCIa6iqzlSZQhMyNyOI$JN1VFJ8HdUU6yLCbcC2gO3l9ZBeNpvl3DLfoCIiVZVs=','2024-05-03 11:44:23.551675',1,'jonas','','','j.werheid@wzl-mq.rwth-aachen.de',1,1,'2023-05-31 09:31:39.127503'),(2,'!vDxInkqVrLoTFdIa5d3huCOBhAXwVKLV2hQ6ibZa','2024-01-30 09:34:07.910370',0,'jonas3','Jonas','Werheid','',0,1,'2023-05-31 09:55:35.431690'),(3,'!V3v430HpgtdMrf1X1YecbvGKJI4IHMEIjdonKSEm','2024-01-12 09:28:50.228354',0,'tobias','Tobias','Hamann','t.hamann@wzl-mq.rwth-aachen.de',0,1,'2023-05-31 10:20:27.000000'),(4,'!DqTcIhoS4n9ulv31ixP3jtfGjCXB0v4jTqSUcd7D','2023-11-02 12:03:02.785763',0,'michele','Michèle','Robrecht','michele.robrecht@ipt.fraunhofer.de',0,1,'2023-05-31 13:02:10.206280'),(5,'!0R5Qt9JvRrHZBhYknTSe03cN16wNO9tSYwUL9MNC','2024-01-04 11:26:15.403876',0,'david','David','Winklbauer','',0,1,'2023-06-01 12:28:06.442671'),(6,'!xX1QlJ1QX6ZxBSqvrt69wo7Dn5KwnHuFBIr4Ybo9','2023-06-02 12:39:13.474025',0,'leon','leon','','',0,1,'2023-06-02 12:39:13.429924'),(7,'!7EUTBuAISlAbYXfajJQbY7SiiKqafLBW1tUljtUo','2023-10-25 13:04:39.333540',0,'anas','Anas','Abdelrazeq','',0,1,'2023-06-05 08:22:29.476483'),(8,'!cDDrbBUzniol9dS8z8XdtoVBfbsDINNrvkhcNbFc','2023-06-07 05:00:20.526718',0,'roger','Roger','Winkler','',0,1,'2023-06-07 05:00:20.368682'),(9,'!iIZ64mooW7dtqi67UWQrfVaIW1FgGdE1HazQPV6L','2023-06-13 12:47:50.352629',0,'max_leo','Max Leo','Wawer','',0,1,'2023-06-13 12:47:50.280279'),(10,'!ZKq8lTbL6GhtwWVu8hgniihe09yDcAvRoq1t4tdN','2023-07-20 11:09:26.156584',0,'gerald_wolfgang','Gerald Wolfgang','Jagusch','gerald.jagusch@tu-darmstadt.de',0,1,'2023-06-15 10:08:26.146483'),(11,'!yQMjGraIpDIPOa9DIK9cdkuE5aGnPaBjHDOC2GiJ','2023-06-21 08:13:48.481130',0,'david6','David','Hecker','',0,1,'2023-06-21 08:13:48.426418'),(12,'!NfTPEwmu3jWfbgLuKlao9nJdzp2ppznmdVYnGBBI','2023-08-11 14:01:24.955349',0,'grigory','Grigory','','',0,1,'2023-07-15 10:46:04.870870'),(13,'!OuRGTFvX1DqvK61oBqTYKfgfT5bG9L5gnAHcUBoH','2023-07-25 13:13:48.496198',0,'mikael','Mikael','Lovrin','',0,1,'2023-07-25 10:12:30.509892'),(14,'!DZpOxKfnuU9TB7ovz1zeQRv6Kg3ZhY4YBaRSynvC','2023-08-22 12:19:56.299298',0,'jurgen','Jürgen','Windeck','',0,1,'2023-08-22 12:19:56.165519'),(15,'!RBTs9IRsBKbV638IGFuZ04ogMj4RTBu3OwbIkFPc','2023-08-22 14:36:23.042914',0,'nils','Nils','Becker','',0,1,'2023-08-22 14:36:22.990652'),(16,'!enawUoLfHZuzpaXfax8nxaYQxCV8XoQ90QdzM8zG','2023-08-23 16:37:37.654335',0,'jurgen0','Jürgen','Rohrwild','',0,1,'2023-08-23 16:37:37.572138'),(17,'!sjoXUGHtNqlhxvxj8Yw68zFVcOzUUCyEm8ArvCIa','2023-11-02 12:03:47.637871',0,'steffen','Steffen','Hillemacher','',0,1,'2023-08-29 14:26:56.403912'),(18,'!oNrNHTNhM2Al0NVUwNVfBF2923cGvsVed5Gt7EfD','2023-09-07 12:54:21.465482',0,'soo-yon','Soo-Yon','Kim','',0,1,'2023-09-07 12:54:21.379099'),(19,'!KcEVwkB3SSx2LcSGnFaOx2Wnz5aQ3VyeQTpr6lHk','2024-01-08 10:27:42.824027',0,'shubham_soumit','Shubham Soumit','Das','',0,1,'2023-10-18 09:50:05.949177'),(20,'!Z3jtmdJM2mxKTkDdLKF6FQ1lRNnmrtYamjfmIAdW','2024-01-04 11:45:23.895325',0,'test','test','','',0,1,'2024-01-04 10:35:14.875448'),(21,'!WvVq6veUuwywCcRGaRW3pfOe6OKqByBQygj3aiuZ','2024-01-04 11:33:55.046692',0,'johandohan','johandohan','','',0,1,'2024-01-04 11:32:34.841879'),(22,'!Yo5KbaCig3lZA35HEXAP5Dkte3WE8CGhiDqjfhKf','2024-01-04 14:12:31.831031',0,'tobiasmuller1','tobiasmüller1','','',0,1,'2024-01-04 14:08:58.812874'),(23,'!SybLNcQ3EbcBa4tjaWQXgN38HslEYp3EehSa27QV','2024-01-29 14:05:53.278119',0,'arif','Arif','Hosan','',0,1,'2024-01-29 13:56:34.757899');
/*!40000 ALTER TABLE `auth_user` ENABLE KEYS */;
UNLOCK TABLES;

--
-- Table structure for table `auth_user_groups`
--

DROP TABLE IF EXISTS `auth_user_groups`;
/*!40101 SET @saved_cs_client     = @@character_set_client */;
/*!50503 SET character_set_client = utf8mb4 */;
CREATE TABLE `auth_user_groups` (
  `id` bigint NOT NULL AUTO_INCREMENT,
  `user_id` int NOT NULL,
  `group_id` int NOT NULL,
  PRIMARY KEY (`id`),
  UNIQUE KEY `auth_user_groups_user_id_group_id_94350c0c_uniq` (`user_id`,`group_id`),
  KEY `auth_user_groups_group_id_97559544_fk_auth_group_id` (`group_id`),
  CONSTRAINT `auth_user_groups_group_id_97559544_fk_auth_group_id` FOREIGN KEY (`group_id`) REFERENCES `auth_group` (`id`),
  CONSTRAINT `auth_user_groups_user_id_6a12ed8b_fk_auth_user_id` FOREIGN KEY (`user_id`) REFERENCES `auth_user` (`id`)
) ENGINE=InnoDB DEFAULT CHARSET=utf8mb3;
/*!40101 SET character_set_client = @saved_cs_client */;

--
-- Dumping data for table `auth_user_groups`
--

LOCK TABLES `auth_user_groups` WRITE;
/*!40000 ALTER TABLE `auth_user_groups` DISABLE KEYS */;
/*!40000 ALTER TABLE `auth_user_groups` ENABLE KEYS */;
UNLOCK TABLES;

--
-- Table structure for table `auth_user_user_permissions`
--

DROP TABLE IF EXISTS `auth_user_user_permissions`;
/*!40101 SET @saved_cs_client     = @@character_set_client */;
/*!50503 SET character_set_client = utf8mb4 */;
CREATE TABLE `auth_user_user_permissions` (
  `id` bigint NOT NULL AUTO_INCREMENT,
  `user_id` int NOT NULL,
  `permission_id` int NOT NULL,
  PRIMARY KEY (`id`),
  UNIQUE KEY `auth_user_user_permissions_user_id_permission_id_14a6b632_uniq` (`user_id`,`permission_id`),
  KEY `auth_user_user_permi_permission_id_1fbb5f2c_fk_auth_perm` (`permission_id`),
  CONSTRAINT `auth_user_user_permi_permission_id_1fbb5f2c_fk_auth_perm` FOREIGN KEY (`permission_id`) REFERENCES `auth_permission` (`id`),
  CONSTRAINT `auth_user_user_permissions_user_id_a95ead1b_fk_auth_user_id` FOREIGN KEY (`user_id`) REFERENCES `auth_user` (`id`)
) ENGINE=InnoDB DEFAULT CHARSET=utf8mb3;
/*!40101 SET character_set_client = @saved_cs_client */;

--
-- Dumping data for table `auth_user_user_permissions`
--

LOCK TABLES `auth_user_user_permissions` WRITE;
/*!40000 ALTER TABLE `auth_user_user_permissions` DISABLE KEYS */;
/*!40000 ALTER TABLE `auth_user_user_permissions` ENABLE KEYS */;
UNLOCK TABLES;

--
-- Table structure for table `authtoken_token`
--

DROP TABLE IF EXISTS `authtoken_token`;
/*!40101 SET @saved_cs_client     = @@character_set_client */;
/*!50503 SET character_set_client = utf8mb4 */;
CREATE TABLE `authtoken_token` (
  `key` varchar(40) NOT NULL,
  `created` datetime(6) NOT NULL,
  `user_id` int NOT NULL,
  PRIMARY KEY (`key`),
  UNIQUE KEY `user_id` (`user_id`),
  CONSTRAINT `authtoken_token_user_id_35299eff_fk_auth_user_id` FOREIGN KEY (`user_id`) REFERENCES `auth_user` (`id`)
) ENGINE=InnoDB DEFAULT CHARSET=utf8mb3;
/*!40101 SET character_set_client = @saved_cs_client */;

--
-- Dumping data for table `authtoken_token`
--

LOCK TABLES `authtoken_token` WRITE;
/*!40000 ALTER TABLE `authtoken_token` DISABLE KEYS */;
/*!40000 ALTER TABLE `authtoken_token` ENABLE KEYS */;
UNLOCK TABLES;

--
-- Table structure for table `django_admin_log`
--

DROP TABLE IF EXISTS `django_admin_log`;
/*!40101 SET @saved_cs_client     = @@character_set_client */;
/*!50503 SET character_set_client = utf8mb4 */;
CREATE TABLE `django_admin_log` (
  `id` int NOT NULL AUTO_INCREMENT,
  `action_time` datetime(6) NOT NULL,
  `object_id` longtext,
  `object_repr` varchar(200) NOT NULL,
  `action_flag` smallint unsigned NOT NULL,
  `change_message` longtext NOT NULL,
  `content_type_id` int DEFAULT NULL,
  `user_id` int NOT NULL,
  PRIMARY KEY (`id`),
  KEY `django_admin_log_content_type_id_c4bce8eb_fk_django_co` (`content_type_id`),
  KEY `django_admin_log_user_id_c564eba6_fk_auth_user_id` (`user_id`),
  CONSTRAINT `django_admin_log_content_type_id_c4bce8eb_fk_django_co` FOREIGN KEY (`content_type_id`) REFERENCES `django_content_type` (`id`),
  CONSTRAINT `django_admin_log_user_id_c564eba6_fk_auth_user_id` FOREIGN KEY (`user_id`) REFERENCES `auth_user` (`id`),
  CONSTRAINT `django_admin_log_chk_1` CHECK ((`action_flag` >= 0))
) ENGINE=InnoDB AUTO_INCREMENT=132 DEFAULT CHARSET=utf8mb3;
/*!40101 SET character_set_client = @saved_cs_client */;

--
-- Dumping data for table `django_admin_log`
--

LOCK TABLES `django_admin_log` WRITE;
/*!40000 ALTER TABLE `django_admin_log` DISABLE KEYS */;
INSERT INTO `django_admin_log` VALUES (1,'2023-05-31 09:55:06.288315','1','orcid app',1,'[{\"added\": {}}]',35,1),(2,'2023-06-02 07:29:15.567994','1','jonas',2,'[{\"changed\": {\"fields\": [\"password\"]}}]',4,1),(3,'2023-06-13 13:10:38.761226','3','tobias',2,'[{\"changed\": {\"fields\": [\"Email address\"]}}]',4,1),(4,'2023-09-01 07:39:09.061400','1','RDM Motivation',1,'[{\"added\": {}}]',14,1),(5,'2023-09-08 11:29:03.081103','3','09/08/2023',1,'[{\"added\": {}}]',41,1),(6,'2023-09-08 13:24:39.246308','5','09/08/2023 11:54:51',2,'[]',41,1),(7,'2023-09-08 13:24:45.706858','4','09/08/2023 11:54:41',2,'[{\"changed\": {\"fields\": [\"Number\"]}}]',41,1),(8,'2023-09-08 13:24:52.061624','3','09/08/2023 11:29:03',2,'[{\"changed\": {\"fields\": [\"Number\"]}}]',41,1),(9,'2023-09-08 13:43:49.404928','6','09/08/2023 13:43:49',1,'[{\"added\": {}}]',41,1),(10,'2023-09-08 13:51:30.129229','6','09/08/2023 13:43:49',2,'[{\"changed\": {\"fields\": [\"Number\"]}}]',41,1),(11,'2023-09-08 13:51:38.875465','7','09/08/2023 13:50:38',2,'[{\"changed\": {\"fields\": [\"Number\"]}}]',41,1),(12,'2023-09-08 13:52:45.665238','8','09/08/2023 13:51:50',3,'',41,1),(13,'2023-09-08 13:52:45.689236','7','09/08/2023 13:50:38',3,'',41,1),(14,'2023-09-08 13:52:45.713633','6','09/08/2023 13:43:49',3,'',41,1),(15,'2023-09-08 13:52:45.739629','5','09/08/2023 11:54:51',3,'',41,1),(16,'2023-09-08 13:52:45.764167','4','09/08/2023 11:54:41',3,'',41,1),(17,'2023-09-08 13:52:45.791197','3','09/08/2023 11:29:03',3,'',41,1),(18,'2023-09-27 07:43:34.573530','3','tobias',2,'[{\"changed\": {\"fields\": [\"Api key coscine\"]}}]',38,1),(19,'2023-09-27 07:46:38.127436','1','jonas',2,'[{\"changed\": {\"fields\": [\"Api key coscine\"]}}]',38,1),(20,'2023-09-27 07:47:21.056134','1','jonas',2,'[{\"changed\": {\"fields\": [\"Api key coscine\"]}}]',38,1),(21,'2023-09-27 07:49:00.772467','1','jonas',2,'[{\"changed\": {\"fields\": [\"Api key coscine\"]}}]',38,1),(22,'2023-09-27 09:32:50.566182','3','tobias',2,'[{\"changed\": {\"fields\": [\"Api key\"]}}]',38,1),(23,'2023-09-27 09:35:34.396150','3','tobias',2,'[{\"changed\": {\"fields\": [\"Api key\"]}}]',38,1),(24,'2023-09-27 09:45:37.057313','3','tobias',2,'[{\"changed\": {\"fields\": [\"Api key coscine\"]}}]',38,1),(25,'2023-09-27 09:47:40.759671','3','tobias',2,'[]',38,1),(26,'2023-09-27 13:54:57.717186','1','Datenmanagementpläne',1,'[{\"added\": {}}]',42,1),(27,'2023-09-28 10:12:17.770582','1','Datenmanagementpläne',2,'[{\"changed\": {\"fields\": [\"Link\"]}}]',42,1),(28,'2023-10-25 14:47:07.367144','1','Planen',1,'[{\"added\": {}}]',15,1),(29,'2023-10-25 14:47:49.533372','2','Erheben',1,'[{\"added\": {}}]',15,1),(30,'2023-10-25 14:48:03.569968','3','Analyse',1,'[{\"added\": {}}]',15,1),(31,'2023-10-25 14:48:26.123456','4','Archivieren',1,'[{\"added\": {}}]',15,1),(32,'2023-10-25 14:48:35.270610','1','Datenmanagementpläne',2,'[{\"changed\": {\"fields\": [\"Phase\"]}}]',42,1),(33,'2023-10-25 15:06:02.989950','1','Datenmanagementpläne',2,'[]',42,1),(34,'2023-10-26 13:46:49.305071','1','DMP_Software',1,'[{\"added\": {}}]',43,1),(35,'2023-10-26 13:58:15.362858','1','DMP_Software',2,'[{\"changed\": {\"fields\": [\"GUI name\", \"CODE name\"]}}]',43,1),(36,'2023-10-27 07:51:19.074527','1','Planen',2,'[{\"changed\": {\"fields\": [\"GUI name\", \"CODE name\"]}}]',15,1),(37,'2023-10-30 12:12:30.557956','6','shubham_soumit',2,'[{\"changed\": {\"fields\": [\"Projects\"]}}]',38,1),(38,'2023-10-30 12:13:32.829602','6','shubham_soumit',2,'[{\"changed\": {\"fields\": [\"Projects\"]}}]',38,1),(39,'2023-10-30 12:13:46.220003','6','shubham_soumit',2,'[]',38,1),(40,'2023-11-03 09:35:38.629825','1','NONE',1,'[{\"added\": {}}]',8,1),(41,'2023-11-03 09:35:56.251817','1','test',1,'[{\"added\": {}}]',10,1),(42,'2023-11-03 09:36:39.562753','1','test',1,'[{\"added\": {}}]',11,1),(43,'2023-11-03 09:36:43.194242','1','test test',1,'[{\"added\": {}}]',12,1),(44,'2023-11-03 09:37:06.405461','1','test',1,'[{\"added\": {}}]',13,1),(45,'2023-11-03 09:37:25.318285','1','test',1,'[{\"added\": {}}]',16,1),(46,'2023-11-03 09:37:53.092999','1','NONE',1,'[{\"added\": {}}]',17,1),(47,'2023-11-03 09:37:56.989025','1','NONE',1,'[{\"added\": {}}]',18,1),(48,'2023-11-03 09:38:02.145415','2','Databatt (Laufend)',2,'[{\"changed\": {\"fields\": [\"Version control managment\", \"Organisation\", \"Metadata\", \"Publications\", \"Project phase\", \"Project requirements\", \"Research workflow\", \"Users\"]}}]',19,1),(49,'2023-11-03 12:19:48.255645','2','test1 test1',1,'[{\"added\": {}}]',12,1),(50,'2023-11-03 12:19:58.396189','3','Zukipro (Laufend)',2,'[{\"changed\": {\"fields\": [\"Version control managment\", \"Organisation\", \"Metadata\", \"Publications\", \"Project phase\", \"Project requirements\", \"Research workflow\", \"Users\"]}}]',19,1),(51,'2023-11-13 12:38:29.286974','4','-',3,'',15,1),(52,'2023-11-13 12:38:29.323391','3','-',3,'',15,1),(53,'2023-11-13 12:38:29.347566','2','-',3,'',15,1),(54,'2023-11-13 12:39:13.153697','5','stepperErhebung',1,'[{\"added\": {}}]',15,1),(55,'2023-11-13 12:39:43.553587','6','stepperAnalyse',1,'[{\"added\": {}}]',15,1),(56,'2023-11-13 12:40:04.601911','7','stepperArchivieren',1,'[{\"added\": {}}]',15,1),(57,'2023-11-13 12:40:32.828608','8','stepperEinleitung',1,'[{\"added\": {}}]',15,1),(58,'2023-11-13 12:41:27.007741','2','Skizze',1,'[{\"added\": {}}]',43,1),(59,'2023-11-13 12:41:43.309620','3','Rollen',1,'[{\"added\": {}}]',43,1),(60,'2023-11-13 12:42:01.118992','4','Fördervorgaben',1,'[{\"added\": {}}]',43,1),(61,'2023-11-13 12:43:03.509996','5','Existierende_Ressourcen',1,'[{\"added\": {}}]',43,1),(62,'2023-11-13 12:43:19.375081','6','Datenverwaltung',1,'[{\"added\": {}}]',43,1),(63,'2023-11-13 12:43:35.393316','7','Metadaten',1,'[{\"added\": {}}]',43,1),(64,'2023-11-13 12:43:51.586533','8','Copyright',1,'[{\"added\": {}}]',43,1),(65,'2023-11-13 12:44:05.515737','9','Kosten',1,'[{\"added\": {}}]',43,1),(66,'2023-11-13 12:44:26.604375','10','Planungsphase',1,'[{\"added\": {}}]',43,1),(67,'2023-11-13 12:44:46.683813','11','Vorbereiten',1,'[{\"added\": {}}]',43,1),(68,'2023-11-13 12:45:03.573556','12','Umsetzen',1,'[{\"added\": {}}]',43,1),(69,'2023-11-13 12:45:19.891311','13','Durchführen',1,'[{\"added\": {}}]',43,1),(70,'2023-11-13 12:45:33.106980','14','Speichern',1,'[{\"added\": {}}]',43,1),(71,'2023-11-13 12:45:50.870777','15','Aufbereiten',1,'[{\"added\": {}}]',43,1),(72,'2023-11-13 12:46:19.574364','16','Fremddaten',1,'[{\"added\": {}}]',43,1),(73,'2023-11-13 12:46:44.681107','17','Vorbereitung',1,'[{\"added\": {}}]',43,1),(74,'2023-11-13 12:47:04.747738','18','Analysieren',1,'[{\"added\": {}}]',43,1),(75,'2023-11-13 12:47:21.828365','19','Dokumentation',1,'[{\"added\": {}}]',43,1),(76,'2023-11-13 12:47:43.023270','20','Datenauswahl',1,'[{\"added\": {}}]',43,1),(77,'2023-11-13 12:47:58.973115','21','Speichermedium',1,'[{\"added\": {}}]',43,1),(78,'2023-11-13 12:48:13.816649','22','Format',1,'[{\"added\": {}}]',43,1),(79,'2023-11-13 12:48:32.918413','23','Prüfung',1,'[{\"added\": {}}]',43,1),(80,'2023-11-13 12:48:48.084059','24','Archivieren',1,'[{\"added\": {}}]',43,1),(81,'2023-11-13 13:00:12.381342','2','Daten erheben',1,'[{\"added\": {}}]',14,1),(82,'2023-11-14 10:32:39.137980','1','Datenmanagementpläne',1,'[{\"added\": {}}]',42,1),(83,'2023-11-14 14:20:54.675672','9','All',1,'[{\"added\": {}}]',15,1),(84,'2023-11-14 14:21:07.596395','25','All',1,'[{\"added\": {}}]',43,1),(85,'2023-11-14 14:21:19.210486','1','Datenmanagementpläne',2,'[{\"changed\": {\"fields\": [\"Phase\", \"Step\"]}}]',42,1),(86,'2023-11-14 14:22:32.246882','2','NFDI4Ing: Metadaten',1,'[{\"added\": {}}]',42,1),(87,'2023-11-14 14:22:40.906864','1','NFDI4Ing: Datenmanagementpläne',2,'[{\"changed\": {\"fields\": [\"Title\"]}}]',42,1),(88,'2023-11-14 14:35:13.307181','1','NFDI4Ing: Datenmanagementpläne',2,'[{\"changed\": {\"fields\": [\"Step\"]}}]',42,1),(89,'2023-11-14 15:05:26.205211','3','NFDI4Ing: Forschungsvorhaben P',1,'[{\"added\": {}}]',42,1),(90,'2023-11-14 15:05:38.960464','3','NFDI4Ing: Forschungsvorhaben p',2,'[{\"changed\": {\"fields\": [\"Title\"]}}]',42,1),(91,'2023-11-14 15:09:33.750203','4','NFDI4Ing: DLC 2: Daten erheben',1,'[{\"added\": {}}]',42,1),(92,'2023-11-14 15:11:21.675207','10','Publication',1,'[{\"added\": {}}]',15,1),(93,'2023-11-14 15:13:12.101055','5','NFDI4Ing: DLC 4: Daten teilen',1,'[{\"added\": {}}]',42,1),(94,'2023-11-14 15:14:02.004532','6','NFDI4Ing: DLC 5: Daten archivi',1,'[{\"added\": {}}]',42,1),(95,'2023-11-14 15:15:36.252032','7','NFDI4Ing: DLC 6: Daten nachnut',1,'[{\"added\": {}}]',42,1),(96,'2023-11-14 15:16:15.782735','8','NFDI4Ing: FDM-Motivation',1,'[{\"added\": {}}]',42,1),(97,'2023-11-14 15:16:45.336378','9','NFDI4Ing: Archetypen',1,'[{\"added\": {}}]',42,1),(98,'2023-11-14 15:17:20.165061','10','NFDI4Ing: Lizenzen',1,'[{\"added\": {}}]',42,1),(99,'2023-11-14 15:18:00.082462','11','NFDI4Ing: Datenformate',1,'[{\"added\": {}}]',42,1),(100,'2023-11-16 11:19:51.423345','12','Forschungsvorhaben planen',1,'[{\"added\": {}}]',42,1),(101,'2023-12-13 02:18:21.529387','16','ESF',1,'[{\"added\": {}}]',46,1),(102,'2023-12-13 02:19:02.305307','17','Horizon Europe',1,'[{\"added\": {}}]',46,1),(103,'2023-12-14 16:26:18.029005','1','DFG',1,'[{\"added\": {}}]',47,1),(104,'2023-12-14 16:33:40.860919','1','Funding',1,'[{\"added\": {}}]',48,1),(105,'2023-12-14 16:33:48.911729','2','Institution',1,'[{\"added\": {}}]',48,1),(106,'2023-12-14 16:33:57.060364','1','DFG',2,'[{\"changed\": {\"fields\": [\"Kind\"]}}]',47,1),(107,'2023-12-14 16:34:04.219226','2','RWTH',1,'[{\"added\": {}}]',47,1),(108,'2023-12-14 16:34:13.789359','3','RWTH - WZL',1,'[{\"added\": {}}]',47,1),(109,'2023-12-14 16:34:26.690664','2','RWTH Aachen University',2,'[{\"changed\": {\"fields\": [\"Name\"]}}]',47,1),(110,'2024-05-03 12:10:13.869993','3','University',1,'[{\"added\": {}}]',48,1),(111,'2024-05-03 12:10:48.988467','1','RWTH RDMO',1,'[{\"added\": {}}]',51,1),(112,'2024-05-03 12:11:03.650325','1','Coscine',1,'[{\"added\": {}}]',52,1),(113,'2024-05-03 12:11:35.695280','1','Create DMP',1,'[{\"added\": {}}]',53,1),(114,'2024-05-03 12:11:38.197517','1','RWTH Aachen University - Policy',1,'[{\"added\": {}}]',50,1),(115,'2024-05-03 12:15:38.227749','1','RWTH Aachen University',1,'[{\"added\": {}}]',49,1),(116,'2024-05-03 12:16:21.367125','2','NONE',1,'[{\"added\": {}}]',51,1),(117,'2024-05-03 12:16:23.572268','2','NONE',1,'[{\"added\": {}}]',52,1),(118,'2024-05-03 12:16:25.112041','2','KIT - Policy',1,'[{\"added\": {}}]',50,1),(119,'2024-05-03 12:16:28.238263','2','KIT - Karlsruher Institut für',1,'[{\"added\": {}}]',49,1),(120,'2024-05-03 12:17:12.584757','2','NONE',1,'[{\"added\": {}}]',53,1),(121,'2024-05-03 12:17:19.612737','3','DFG - Policy',1,'[{\"added\": {}}]',50,1),(122,'2024-05-03 12:17:21.164225','1','Deutsche Forschungsgemeinschaf',1,'[{\"added\": {}}]',54,1),(123,'2024-05-03 12:18:23.268007','1','Deutsche Forschungsgemeinschaft',2,'[{\"changed\": {\"fields\": [\"Name\"]}}]',54,1),(124,'2024-05-03 12:19:16.613662','4','Institute',1,'[{\"added\": {}}]',48,1),(125,'2024-05-03 12:19:25.439679','4','WZL - Policy',1,'[{\"added\": {}}]',50,1),(126,'2024-05-03 12:19:30.566141','1','Werkzeugmaschinenlabor WZL der RWTH Aachen',1,'[{\"added\": {}}]',55,1),(127,'2024-05-03 12:19:52.533902','1','RWTH Aachen University - Policy',2,'[{\"changed\": {\"fields\": [\"Kind\"]}}]',50,1),(128,'2024-05-03 12:19:57.529759','1','RWTH Aachen University - Policy',2,'[]',50,1),(129,'2024-05-03 12:20:03.294643','2','KIT - Policy',2,'[{\"changed\": {\"fields\": [\"Kind\"]}}]',50,1),(130,'2024-05-03 12:23:34.231926','3','Archive Data',1,'[{\"added\": {}}]',53,1),(131,'2024-05-03 12:23:50.200435','2','KIT - Policy',2,'[{\"changed\": {\"fields\": [\"Tasks\"]}}]',50,1);
/*!40000 ALTER TABLE `django_admin_log` ENABLE KEYS */;
UNLOCK TABLES;

--
-- Table structure for table `django_content_type`
--

DROP TABLE IF EXISTS `django_content_type`;
/*!40101 SET @saved_cs_client     = @@character_set_client */;
/*!50503 SET character_set_client = utf8mb4 */;
CREATE TABLE `django_content_type` (
  `id` int NOT NULL AUTO_INCREMENT,
  `app_label` varchar(100) NOT NULL,
  `model` varchar(100) NOT NULL,
  PRIMARY KEY (`id`),
  UNIQUE KEY `django_content_type_app_label_model_76bd3d3b_uniq` (`app_label`,`model`)
) ENGINE=InnoDB AUTO_INCREMENT=56 DEFAULT CHARSET=utf8mb3;
/*!40101 SET character_set_client = @saved_cs_client */;

--
-- Dumping data for table `django_content_type`
--

LOCK TABLES `django_content_type` WRITE;
/*!40000 ALTER TABLE `django_content_type` DISABLE KEYS */;
INSERT INTO `django_content_type` VALUES (33,'account','emailaddress'),(34,'account','emailconfirmation'),(1,'admin','logentry'),(38,'apiservices','userprofile'),(3,'auth','group'),(2,'auth','permission'),(4,'auth','user'),(39,'authtoken','token'),(40,'authtoken','tokenproxy'),(5,'contenttypes','contenttype'),(41,'Feedback','needforhelp'),(53,'Policies','checklisttask'),(49,'Policies','colleg'),(51,'Policies','dmp_tool'),(54,'Policies','funding'),(55,'Policies','institute'),(47,'Policies','policy'),(50,'Policies','policyguide'),(48,'Policies','policy_kind'),(52,'Policies','storage_tool'),(45,'ProjectAPP','allcollaborationfields'),(9,'ProjectAPP','authorisationmanagement'),(17,'ProjectAPP','checklists'),(7,'ProjectAPP','datarepository'),(22,'ProjectAPP','employee'),(46,'ProjectAPP','funding'),(21,'ProjectAPP','institute'),(26,'ProjectAPP','license'),(12,'ProjectAPP','metadata'),(11,'ProjectAPP','metadatastandarts'),(25,'ProjectAPP','ontologies'),(10,'ProjectAPP','organisation'),(19,'ProjectAPP','project'),(15,'ProjectAPP','projectphase'),(16,'ProjectAPP','projectrequirements'),(43,'ProjectAPP','projectstep'),(13,'ProjectAPP','publications'),(29,'ProjectAPP','reqbyinstitute'),(30,'ProjectAPP','reqbyorganisation'),(31,'ProjectAPP','reqbypartners'),(28,'ProjectAPP','reqbyuniversity'),(18,'ProjectAPP','researchworkflow'),(23,'ProjectAPP','role'),(24,'ProjectAPP','roleassign'),(20,'ProjectAPP','timespan'),(27,'ProjectAPP','tools'),(14,'ProjectAPP','trainingmaterials'),(44,'ProjectAPP','usertextcommunicationbox'),(8,'ProjectAPP','versioncontrolmanagment'),(6,'sessions','session'),(32,'sites','site'),(36,'socialaccount','socialaccount'),(35,'socialaccount','socialapp'),(37,'socialaccount','socialtoken'),(42,'TrainingMaterials','training');
/*!40000 ALTER TABLE `django_content_type` ENABLE KEYS */;
UNLOCK TABLES;

--
-- Table structure for table `django_migrations`
--

DROP TABLE IF EXISTS `django_migrations`;
/*!40101 SET @saved_cs_client     = @@character_set_client */;
/*!50503 SET character_set_client = utf8mb4 */;
CREATE TABLE `django_migrations` (
  `id` bigint NOT NULL AUTO_INCREMENT,
  `app` varchar(255) NOT NULL,
  `name` varchar(255) NOT NULL,
  `applied` datetime(6) NOT NULL,
  PRIMARY KEY (`id`)
) ENGINE=InnoDB AUTO_INCREMENT=209 DEFAULT CHARSET=utf8mb3;
/*!40101 SET character_set_client = @saved_cs_client */;

--
-- Dumping data for table `django_migrations`
--

LOCK TABLES `django_migrations` WRITE;
/*!40000 ALTER TABLE `django_migrations` DISABLE KEYS */;
INSERT INTO `django_migrations` VALUES (9,'contenttypes','0001_initial','2023-05-04 12:11:21.392930'),(10,'auth','0001_initial','2023-05-04 12:11:21.744372'),(11,'admin','0001_initial','2023-05-04 12:11:21.857047'),(12,'admin','0002_logentry_remove_auto_add','2023-05-04 12:11:21.884379'),(13,'admin','0003_logentry_add_action_flag_choices','2023-05-04 12:11:21.897379'),(14,'contenttypes','0002_remove_content_type_name','2023-05-04 12:11:21.969478'),(15,'auth','0002_alter_permission_name_max_length','2023-05-04 12:11:22.006941'),(16,'auth','0003_alter_user_email_max_length','2023-05-04 12:11:22.042456'),(17,'auth','0004_alter_user_username_opts','2023-05-04 12:11:22.056361'),(18,'auth','0005_alter_user_last_login_null','2023-05-04 12:11:22.089008'),(19,'auth','0006_require_contenttypes_0002','2023-05-04 12:11:22.096161'),(20,'auth','0007_alter_validators_add_error_messages','2023-05-04 12:11:22.108162'),(21,'auth','0008_alter_user_username_max_length','2023-05-04 12:11:22.141646'),(22,'auth','0009_alter_user_last_name_max_length','2023-05-04 12:11:22.174709'),(23,'auth','0010_alter_group_name_max_length','2023-05-04 12:11:22.208808'),(24,'auth','0011_update_proxy_permissions','2023-05-04 12:11:22.238912'),(25,'auth','0012_alter_user_first_name_max_length','2023-05-04 12:11:22.293251'),(26,'sessions','0001_initial','2023-05-04 12:11:22.322931'),(27,'sites','0001_initial','2023-05-04 12:11:22.349549'),(28,'sites','0002_alter_domain_unique','2023-05-04 12:11:22.366497'),(29,'socialaccount','0001_initial','2023-05-04 12:11:22.713114'),(30,'socialaccount','0002_token_max_lengths','2023-05-04 12:11:22.759076'),(31,'socialaccount','0003_extra_data_default_dict','2023-05-04 12:11:22.770161'),(32,'account','0001_initial','2023-05-04 14:51:49.172790'),(33,'account','0002_email_max_length','2023-05-04 14:51:49.248364'),(34,'ProjectAPP','0009_projectmembership_project_members_and_more','2023-05-31 06:35:27.585863'),(35,'ProjectAPP','0010_projectuser_remove_project_members_project_users_and_more','2023-05-31 06:35:27.683250'),(36,'ProjectAPP','0011_alter_project_users_delete_projectuser','2023-05-31 06:35:27.712286'),(37,'ProjectAPP','0012_auto_20230531_0853','2023-05-31 06:54:49.423602'),(38,'ProjectAPP','0002_timespan_test','2023-05-31 07:45:54.020453'),(40,'ProjectAPP','0002_employee_role_roleassign','2023-05-31 08:46:12.826317'),(41,'ProjectAPP','0003_rename_first_name_role_role_name','2023-05-31 08:46:12.850345'),(42,'ProjectAPP','0004_role_may_read','2023-05-31 08:46:12.859427'),(43,'ProjectAPP','0005_employee_last_name','2023-05-31 08:46:12.867321'),(44,'ProjectAPP','0006_alter_employee_last_name','2023-05-31 08:46:12.875369'),(45,'ProjectAPP','0007_employee_coscine_token','2023-05-31 08:46:12.892373'),(46,'ProjectAPP','0008_authorisationmanagement_checklists_datarepository_and_more','2023-05-31 08:46:13.099215'),(47,'ProjectAPP','0003_rename_test_timespan_test2','2023-05-31 09:07:31.009195'),(48,'ProjectAPP','0004_remove_timespan_test2','2023-05-31 09:14:42.368706'),(49,'ProjectAPP','0005_timespan2','2023-05-31 09:15:19.732420'),(51,'apiservices','0001_initial','2023-05-31 12:43:42.273480'),(52,'apiservices','0002_userprofile_delete_customuser','2023-05-31 12:43:42.414622'),(53,'apiservices','0003_userprofile_api_key_coscine','2023-06-05 06:54:20.761160'),(54,'apiservices','0004_alter_userprofile_api_key_coscine','2023-06-05 06:56:19.899604'),(55,'ProjectAPP','0003_project_user','2023-06-05 11:09:17.308297'),(56,'ProjectAPP','0004_project_test','2023-06-05 11:13:59.055845'),(57,'ProjectAPP','0005_remove_project_test','2023-06-05 11:14:59.693190'),(58,'apiservices','0005_userprofile_test','2023-06-05 11:39:47.087588'),(59,'ProjectAPP','0006_project_test','2023-06-05 11:41:47.281057'),(60,'ProjectAPP','0007_remove_project_test_project_test2','2023-06-05 11:43:54.979575'),(61,'ProjectAPP','0008_remove_project_test2_project_test','2023-06-05 11:52:02.438038'),(62,'apiservices','0006_remove_userprofile_test','2023-06-05 12:59:29.006698'),(63,'projectinformation','0001_initial','2023-06-05 12:59:31.118177'),(64,'apiservices','0005_userprofile_settings_darkmode','2023-07-17 10:26:29.090983'),(65,'apiservices','0006_alter_userprofile_settings_darkmode','2023-07-17 10:26:29.103346'),(66,'authtoken','0001_initial','2023-08-02 14:20:51.556076'),(67,'authtoken','0002_auto_20160226_1747','2023-08-02 14:20:51.621226'),(68,'authtoken','0003_tokenproxy','2023-08-02 14:20:51.628251'),(69,'apiservices','0006_userprofile_email_and_more','2023-08-18 12:45:26.635921'),(70,'apiservices','0007_rename_email_userprofile_email_account','2023-08-18 13:07:59.210106'),(71,'Feedback','0001_initial','2023-09-08 11:18:38.445661'),(72,'Feedback','0002_needforhelp_number','2023-09-08 13:24:07.200579'),(75,'ProjectAPP','0003_project_users','2023-10-23 11:02:49.815088'),(76,'ProjectAPP','0003_allcollaborationfields_project_users','2023-10-23 11:24:30.022110'),(77,'ProjectAPP','0004_remove_project_users','2023-10-23 11:30:21.398257'),(78,'apiservices','0008_userprofile_project','2023-10-23 11:30:21.715192'),(80,'ProjectAPP','0002_projectstep_remove_projectphase_training_material_and_more','2023-10-25 14:04:51.427580'),(95,'ProjectAPP','0001_initial','2023-10-26 12:37:08.365524'),(96,'ProjectAPP','0002_delete_timespan2','2023-10-26 12:37:08.418801'),(97,'ProjectAPP','0003_projectstep_remove_projectphase_training_material','2023-10-26 12:37:08.492078'),(100,'TrainingMaterials','0001_initial','2023-10-26 13:18:12.784373'),(101,'TrainingMaterials','0002_initial','2023-10-26 13:18:45.484784'),(102,'TrainingMaterials','0003_remove_training_author_remove_training_comment_and_more','2023-10-26 13:20:17.967312'),(103,'TrainingMaterials','0004_training_author_training_comment_training_format_and_more','2023-10-26 13:23:12.695729'),(104,'ProjectAPP','0002_remove_projectstep_description','2023-10-26 13:32:56.124672'),(105,'ProjectAPP','0003_projectstep_description','2023-10-26 13:33:41.879327'),(106,'ProjectAPP','0004_delete_projectstep','2023-10-26 13:38:53.665201'),(107,'ProjectAPP','0005_projectstep','2023-10-26 13:39:37.662899'),(108,'TrainingMaterials','0005_remove_training_step_training_step','2023-10-26 13:44:47.810573'),(109,'ProjectAPP','0006_projectstep_code_name_projectstep_gui_name','2023-10-26 13:51:52.896377'),(110,'ProjectAPP','0007_remove_projectstep_code_name_and_more','2023-10-26 13:56:37.580507'),(111,'ProjectAPP','0008_projectstep_code_name_projectstep_gui_name','2023-10-26 13:57:15.432743'),(112,'ProjectAPP','0009_projectphase_code_name_projectphase_gui_name','2023-10-26 13:59:26.992201'),(113,'TrainingMaterials','0002_alter_training_link','2023-10-27 07:52:44.713843'),(114,'ProjectAPP','0010_usertextcommunication','2023-10-27 08:21:04.616598'),(115,'ProjectAPP','0011_usertextcommunication_project','2023-10-27 08:47:10.646834'),(116,'apiservices','0008_userprofile_projects','2023-10-30 12:09:39.170875'),(117,'ProjectAPP','0012_auto_20231030_1706','2023-11-02 13:13:21.318888'),(118,'ProjectAPP','0013_remove_usertextcommunication_text_field_2_2','2023-11-02 13:13:21.385576'),(119,'ProjectAPP','0014_auto_20231102_1401','2023-11-02 13:13:21.449527'),(120,'ProjectAPP','0015_auto_20231102_1403','2023-11-02 13:13:21.500211'),(121,'ProjectAPP','0016_auto_20231102_1410','2023-11-02 13:13:21.555533'),(122,'apiservices','0009_remove_userprofile_projects','2023-11-03 07:01:38.732906'),(123,'ProjectAPP','0005_project_users','2023-11-03 07:01:38.850629'),(124,'ProjectAPP','0004_projectauth','2023-11-03 08:58:06.951720'),(125,'ProjectAPP','0010_project_users','2023-11-03 09:04:51.584658'),(126,'ProjectAPP','0011_project_status2','2023-11-03 09:08:22.279065'),(127,'ProjectAPP','0012_remove_project_status2','2023-11-03 09:12:13.640705'),(128,'ProjectAPP','0013_testinformation','2023-11-03 09:14:54.593327'),(129,'ProjectAPP','0010_auth_management','2023-11-03 09:23:20.149071'),(130,'ProjectAPP','0011_project_users','2023-11-03 09:25:35.886237'),(131,'ProjectAPP','0012_delete_auth_management','2023-11-03 09:26:51.843288'),(132,'ProjectAPP','0007_project_users_projectphase_code_name_and_more','2023-11-07 13:10:09.012415'),(133,'ProjectAPP','0010_remove_projectphase_description_and_more','2023-11-09 14:43:38.286922'),(134,'ProjectAPP','0011_projectphase_description_projectphase_name','2023-11-09 14:44:55.167917'),(135,'ProjectAPP','0012_remove_projectphase_milestones','2023-11-09 14:47:36.873164'),(136,'ProjectAPP','0011_alter_usertextcommunication_text_field_2_1_and_more','2023-11-10 10:24:06.709306'),(137,'ProjectAPP','0012_remove_usertextcommunication_text_field_2_1_and_more','2023-11-10 11:49:36.837194'),(138,'ProjectAPP','0013_usertextcommunication_text_field_2_1_and_more','2023-11-10 11:49:36.876878'),(139,'ProjectAPP','0011_auto_20231106_1308','2023-11-10 12:05:48.970620'),(140,'ProjectAPP','0012_usertextcommunication_text_field_3_6_and_more','2023-11-10 12:05:49.006112'),(141,'ProjectAPP','0011_test','2023-11-10 12:14:04.166045'),(142,'ProjectAPP','0011_usertextcommunicationbox_and_more','2023-11-10 12:19:14.233217'),(143,'ProjectAPP','0012_usertextcommunicationbox_text_field_3_5','2023-11-10 12:20:01.567074'),(144,'ProjectAPP','0013_usertextcommunicationbox_text_field_3_6_and_more','2023-11-10 12:20:40.435268'),(145,'ProjectAPP','0014_usertextcommunicationbox_text_field_4_1_and_more','2023-11-10 12:21:45.017231'),(146,'ProjectAPP','0015_remove_usertextcommunicationbox_text_field_5_1_and_more','2023-11-10 12:21:45.053054'),(147,'ProjectAPP','0016_usertextcommunicationbox_text_field_5_1_and_more','2023-11-10 12:28:29.176059'),(148,'ProjectAPP','0017_alter_usertextcommunicationbox_text_field_5_3_and_more','2023-11-10 12:30:34.686956'),(149,'ProjectAPP','0018_remove_usertextcommunicationbox_text_field_5_3_and_more','2023-11-10 12:30:34.725835'),(150,'ProjectAPP','0008_remove_projectphase_milestones','2023-11-13 12:36:43.731904'),(151,'TrainingMaterials','0006_alter_training_id','2023-11-14 10:32:24.781789'),(152,'TrainingMaterials','0007_alter_training_title','2023-11-14 15:05:14.366559'),(153,'ProjectAPP','0009_usertextcommunicationbox','2023-11-16 16:00:23.404299'),(154,'ProjectAPP','0002_allcollaborationfields_and_more','2023-11-20 14:02:20.306084'),(155,'TrainingMaterials','0002_alter_training_id_remove_training_step_training_step_and_more','2023-11-20 14:02:20.306084'),(156,'apiservices','0008_funding','2023-12-06 15:40:24.990232'),(157,'ProjectAPP','0003_funding','2023-12-07 11:26:26.894622'),(158,'apiservices','0009_delete_funding','2023-12-11 02:23:19.797840'),(159,'ProjectAPP','0004_funding_is_selected','2023-12-12 23:18:07.051820'),(160,'Policies','0001_initial','2023-12-14 16:25:26.013794'),(161,'Policies','0002_policy_kind_alter_policy_kind','2023-12-14 16:32:23.352199'),(162,'apiservices','0008_alter_userprofile_api_key_and_more','2024-01-04 10:25:44.671508'),(163,'ProjectAPP','0003_project_timespan_project_users','2024-01-29 18:50:15.067547'),(164,'ProjectAPP','0004_remove_project_timespan','2024-01-29 18:50:15.099578'),(165,'ProjectAPP','0005_remove_employee_institute_and_more','2024-05-03 11:36:44.297550'),(166,'ProjectAPP','0006_project_timespan','2024-05-03 11:37:44.353489'),(167,'ProjectAPP','0007_remove_project_timespan','2024-05-03 11:37:44.362602'),(168,'ProjectAPP','0008_project_timespan','2024-05-03 11:37:44.372630'),(169,'ProjectAPP','0009_remove_project_timespan','2024-05-03 11:37:44.382057'),(170,'Policies','0003_dmp_tool_funding_storage_tool_remove_policy_dmp_tool_and_more','2024-05-03 11:37:44.393732'),(171,'Policies','0004_rename_dmp_rec_policy_dmp_recommendation_and_more','2024-05-03 11:37:44.405392'),(172,'Policies','0005_college_alter_institute_university_delete_university','2024-05-03 11:37:44.416241'),(173,'Policies','0006_colleg_alter_institute_university_delete_college','2024-05-03 11:37:44.425953'),(174,'Policies','0007_policyguide_alter_colleg_policy_and_more','2024-05-03 11:37:44.436444'),(175,'Policies','0008_alter_institute_policy','2024-05-03 11:37:44.444930'),(176,'Policies','0009_alter_institute_policy_alter_institute_university','2024-05-03 11:37:44.454983'),(177,'Policies','0010_alter_policyguide_dmp_recommendation_and_more','2024-05-03 11:37:44.464629'),(178,'Policies','0011_remove_projectpolicy_policy_and_more','2024-05-03 11:37:44.475033'),(179,'Policies','0012_rename_url_funding_acronym_funding_policy','2024-05-03 11:37:44.485745'),(180,'Policies','0013_checklisttask_projectchecklist','2024-05-03 11:37:44.496345'),(181,'Policies','0014_checklisttask_responsible','2024-05-03 11:37:44.507802'),(182,'Policies','0015_projectpolicy_kind_projectchecklisttask_checklist_and_more','2024-05-03 11:37:44.519070'),(183,'Policies','0016_policyguide_policy','2024-05-03 11:37:44.530571'),(184,'Policies','0017_rename_policy_policyguide_checklist','2024-05-03 11:37:44.542530'),(185,'Policies','0018_policyguide_tasks','2024-05-03 11:37:44.554482'),(186,'Policies','0019_remove_projectchecklist_project_and_more','2024-05-03 11:37:44.565800'),(187,'Policies','0020_alter_projectchecklisttask_done_and_more','2024-05-03 11:37:44.575470'),(188,'Policies','0021_remove_policyguide_tasks_delete_checklisttask','2024-05-03 11:37:44.587020'),(189,'ProjectAPP','0010_project_timespan','2024-05-03 11:37:44.597899'),(190,'ProjectAPP','0011_remove_project_timespan','2024-05-03 11:38:01.354778'),(191,'Policies','0022_checklisttask_delete_projectchecklisttask_and_more','2024-05-03 11:43:15.297171'),(192,'Policies','0023_projectchecklisttask','2024-05-03 11:43:15.317897'),(193,'Policies','0024_delete_projectchecklisttask','2024-05-03 11:45:49.784749'),(194,'Policies','0025_projectchecklisttask','2024-05-03 11:46:06.615035'),(195,'Policies','0026_remove_institute_university_delete_colleg','2024-05-03 11:49:08.993635'),(196,'Policies','0027_colleg_institute_university','2024-05-03 11:51:42.937236'),(197,'Policies','0028_delete_institute','2024-05-03 11:51:42.957702'),(198,'Policies','0029_institute','2024-05-03 11:53:36.129749'),(199,'Policies','0030_remove_funding_policy_remove_institute_policy_and_more','2024-05-03 11:53:36.152877'),(200,'Policies','0031_colleg_policyguide_institute_funding_colleg_policy','2024-05-03 11:58:26.876621'),(201,'Policies','0032_remove_policyguide_dmp_recommendation_and_more','2024-05-03 11:58:26.900882'),(202,'Policies','0033_dmp_tool_storage_tool_policyguide_dmp_recommendation_and_more','2024-05-03 12:03:41.292457'),(203,'Policies','0034_remove_funding_policy_remove_institute_policy_and_more','2024-05-03 12:03:41.312513'),(204,'Policies','0035_colleg_policyguide_institute_funding_colleg_policy','2024-05-03 12:04:06.741928'),(205,'Policies','0036_delete_projectpolicy','2024-05-03 12:06:39.669909'),(206,'Policies','0037_projectpolicy','2024-05-03 12:06:55.211161'),(207,'Policies','0038_alter_policyguide_name_alter_projectpolicy_name','2024-05-03 12:09:35.730455'),(208,'Policies','0039_alter_funding_name_alter_institute_name','2024-05-03 12:18:01.269108');
/*!40000 ALTER TABLE `django_migrations` ENABLE KEYS */;
UNLOCK TABLES;

--
-- Table structure for table `django_session`
--

DROP TABLE IF EXISTS `django_session`;
/*!40101 SET @saved_cs_client     = @@character_set_client */;
/*!50503 SET character_set_client = utf8mb4 */;
CREATE TABLE `django_session` (
  `session_key` varchar(40) NOT NULL,
  `session_data` longtext NOT NULL,
  `expire_date` datetime(6) NOT NULL,
  PRIMARY KEY (`session_key`),
  KEY `django_session_expire_date_a5c62663` (`expire_date`)
) ENGINE=InnoDB DEFAULT CHARSET=utf8mb3;
/*!40101 SET character_set_client = @saved_cs_client */;

--
-- Dumping data for table `django_session`
--

LOCK TABLES `django_session` WRITE;
/*!40000 ALTER TABLE `django_session` DISABLE KEYS */;
INSERT INTO `django_session` VALUES ('08b05au6ayjlyyw4zrd04o238oo514ly','eyJzb2NpYWxhY2NvdW50X3N0YXRlIjpbeyJwcm9jZXNzIjoibG9naW4iLCJzY29wZSI6IiIsImF1dGhfcGFyYW1zIjoiIn0sImEyNW96VlBJUklCNyJdfQ:1qT09R:4tUeGMH2E2yyGOd0h3WCo7VTIF_JJKLogFbwFjKqtVQ','2023-08-21 13:20:01.317373'),('08rzt3w5kwjelx65rolk4d1qov0grl7a','.eJxVjMEOwiAQRP-FsyEssrR49N5vIMuyStXQpLQn47_bJj3ocea9mbeKtC4lrk3mOGZ1UaBOv10ifkrdQX5QvU-ap7rMY9K7og_a9DBleV0P9--gUCvbGoOxbN2NwWUnphciNOzSlnomK14CdAYyW0AEFM_c-RDACviU8aw-X96BN5E:1qBbbK:9Wy_VsHDTYNIVH_jzUi8dQa9vCwfzGPm55nOtaK34_w','2023-07-04 13:40:54.781360'),('0t36hyiqp7ho0gizsdp2uiafydsob9h2','.eJxVjMEOwiAQRP-FsyEssrR49N5vIMuyStXQpLQn47_bJj3ocea9mbeKtC4lrk3mOGZ1UaBOv10ifkrdQX5QvU-ap7rMY9K7og_a9DBleV0P9--gUCvbGoOxbN2NwWUnphciNOzSlnomK14CdAYyW0AEFM_c-RDACviU8aw-X96BN5E:1qUSmZ:w08JYV_R2rWAd_5p5pisgPU7lFLlsjZcZYkaKwt5Dy4','2023-08-25 14:06:27.920645'),('0tytiqeofpa4p3f17x7fuu1hysib1mdl','.eJxVjMsOwiAURP-FtSG8qe7sjzSXyyUQG5oIrIz_bmu60OWcmTkvtsDoeRmNnkuJ7MY8u_yyAPigehSwrgfmgLiN2vl3c9aN3_dEtReEXrY6n68_VYaWd0-Q15RMQi0N2CA8eCWU8DSR0jJZOznUEIMTkbTxZBRKGRKAiY7QkmXvD8H3PMU:1qvdYt:buP9M-Tum4NeVFcz9pT7aWEEToLY0obrDXMBjLKNXjg','2023-11-08 13:04:39.342599'),('100ap28qgf7titdvhtmuj48lblaym0xr','.eJxVjMsOwiAURP-FtSFA4QLu7I-Qy-OGxoYmQlfGf9eaLnQ5Z2bOkwXcRw17L4-wZHZlil1-WcR0L-0ocF0PzDGlbW-Dfzdn3fntk0obS8KxbG0-X3-qir0eHgTCrC1EAum9NRYAjPNOk1fO-khGJeWSUJlEmYwgknKSoAnITODY6w2rYDuD:1qWuwy:AG5dER3aUlR-7VQevdecM0JBO8HPt8UlXpqhNSsQe5s','2023-09-01 08:35:20.507222'),('17wn9jkq38hp014v5d1zh8swgdzjd757','.eJxVjMEOwiAQRP-FsyFbCgv1pj9CFtiGxoYmAifjv9uaHvQ4b2beS3jqLfte-emXJK7CiMsvCxQfXI6C1vXAkmLcemnyuznrKm974tKWSG3Zyv18_aky1bx7ANAFZNBJo8NptqiSNsrZNIwuKAhAkWZwhpNlC4icgKbIRukRx4HE-wOcQju2:1rD1jt:d4sDkA7SS1Derc8AGYezZzFFg1LsZVRd5HtGIjW1s60','2023-12-26 12:19:53.073634'),('1cx29zso227ptm61y3dxil2pjyq6uys7','.eJxVjMEOwiAQRP-FsyHASgFv-iNk2a6B2NBE6Mn471LTg95m5s3MS0Tceo5b42css7gIEKffLCE9uO4Al2WPJRKtW-3y2zlwk9fhuPZC2Mtab8fq7ypjy-PH3Nlb9mevE5HzPlkzsx2SAqvAQYMFmpRR7FWagAIEYKPJAaowayfeH7_4O_c:1r2zfb:BsmFfei5mfc7zsFlNpeOrun1AeevAJRb6WPsgs04o90','2023-11-28 20:05:59.887548'),('1f85h7l3o3v5aq24mgihwi607b1wy3y7','eyJzb2NpYWxhY2NvdW50X3N0YXRlIjpbeyJwcm9jZXNzIjoibG9naW4iLCJzY29wZSI6IiIsImF1dGhfcGFyYW1zIjoiIn0sIjVLNkdsUkl3Z251SSJdfQ:1q4hR3:MlqnTduiCWT2NPLsKzXkMm2qaEmpdTMcw4lXKVOBtVo','2023-06-15 12:29:45.444670'),('1hvu2b5fdrinz4l8vzzzk9avacgnsf9r','.eJxVjMEOgyAQRP-Fc2PcRUB6a3_ELMsSTA0mFU5N_73aeGiP82bmvdREreapbfKc5qiuClBdfmEgfkg5GlqWA3fEvLZSu-_mrLfuticpdWaq81ru5-tPlWnLu8f1iUfrIPAQRGTwVnyPGBMkbcjrUSKAY40-RsLRAGIwDD4ly73RVr0_65E8fQ:1qUHMX:a1KM5OrvFCuxhJz4K9_nEGcSQouP94hl69YRgNAaEAQ','2023-08-25 01:54:49.070259'),('1wpmq1546eobfs56o8emhpgeabyr2ih8','eyJzb2NpYWxhY2NvdW50X3N0YXRlIjpbeyJwcm9jZXNzIjoibG9naW4iLCJzY29wZSI6IiIsImF1dGhfcGFyYW1zIjoiIn0sImsxVWkzY3hWZkRhTCJdfQ:1qT0CC:F6b2IYzpT1MgUDnVlzjN9Hm7ZYa2X0q7Gai6v9wD6-k','2023-08-21 13:22:52.708992'),('1xv9nvw4yr2sxc1xmwn7eap7c9kwkfwi','.eJxVjMsOwiAURP-FtSFA4QLu7I-Qy-OGxoYmQlfGf9eaLnQ5Z2bOkwXcRw17L4-wZHZlil1-WcR0L-0ocF0PzDGlbW-Dfzdn3fntk0obS8KxbG0-X3-qir0eHgTCrC1EAum9NRYAjPNOk1fO-khGJeWSUJlEmYwgknKSoAnITODY6w2rYDuD:1qlBHN:004V-jdY9UlJHFB2GF2ZSrJM4Zvo7SwNysyKATTkD-Q','2023-10-10 16:51:21.935839'),('21duhuahbljdpy1mje4xpejjj4kc2wx5','eyJzb2NpYWxhY2NvdW50X3N0YXRlIjpbeyJwcm9jZXNzIjoibG9naW4iLCJzY29wZSI6IiIsImF1dGhfcGFyYW1zIjoiIn0sImZ1UEJzdlFvZ0p3VyJdfQ:1q9jtE:5tEL8ZO0t0o5rBvlvKVaJZWXQbFuKmrVdUx8wYN5u1U','2023-06-29 10:07:40.113886'),('2gh18mjapr6ma7pp9idi0s1s0m42ksqg','.eJxVjDEOwjAMRe-SGUUuTYjDyM4ZIjt2SQGlUtNOiLtDpQ6w_vfef5lE61LS2nROo5iz6czhd2PKD60bkDvV22TzVJd5ZLspdqfNXifR52V3_w4KtfKtA-boAGNwkoNKj-LjEAEZvTBk6CIMyuEo4JgRe_ag7BWBAmXUk3l_AN2MOBk:1r3aLP:h1qHIvOQnNCIPAHWrDsxE2P40J30JIermsG9jDEV22c','2023-11-30 11:15:35.458322'),('2rsi4olf6rrba12xhrce6pn1jngqzoi1','.eJxljEEKwyAQAP_iOQSj0Whu7Udk1ZVIrYFGeyn9e00IhdLDHnZmd14EnFtrLuaJjxgieoN3iInMuabUfW3d8EFmIklHDNSyHMBE_88suBvmXUBKO-7PRn_cnHrrL23DXKKDEtd8Pb9-UgtsS-sIS5WgMkjlg1DMohaajgyp4DDgxNpMSgyTtlIHKhr1o2dccj2GQPlA3h_aD0yh:1q543l:_nvKIa1hJ6Wm1G3xjp_o7I878cWq0niUGRHpeqLTgEo','2023-06-16 12:39:13.478064'),('32t4if781mupgj9fq1o6rjxebhgs4400','.eJxVjM0OwiAQhN-FsyHA8tN60xdplu0SiA1NhJ6M725retDjfDPzvcSEW8_T1vg5lVlchQFx-YUR6cH1aHBZDiyRaN1ql9_NWTd52xPXXgh7Wev9fP2pMra8eyBpFVPSgdjxGP2gfAIXPFvDGEEZiuMcDGgTgwe2Nlk3WM-gyFnNKN4f5ZQ8RQ:1rUSCT:B-JQP_cmpgYYdtFZBvQS7gUeWqVol05He2b3JIld8sk','2024-02-12 14:01:25.646158'),('3f5vl04f5p2jfcx1x0g2a3g799oubzc1','.eJxVjMsOwiAURP-FtSFA4QLu7I-Qy-OGxoYmQlfGf9eaLnQ5Z2bOkwXcRw17L4-wZHZlil1-WcR0L-0ocF0PzDGlbW-Dfzdn3fntk0obS8KxbG0-X3-qir0eHgTCrC1EAum9NRYAjPNOk1fO-khGJeWSUJlEmYwgknKSoAnITODY6w2rYDuD:1rUXWK:TsW1kJJk9mH5LrXX2al_OIEruJV2mPYVslGBplFTogs','2024-02-12 19:42:16.489551'),('3k0wok9p0i8pctj7r5r0c8fa48i6w4vj','.eJxVjM0OwiAQBt-Fc9OI_JT2pi9CFnZJiUgTC16M7y5tGpMev5nd-TDwfqm52De9YoiElp4QE5tyTan727rSi00ssI5ZqGXegY3YGFdn6MA_KG8GUtpwf0T6_ebQa39ri3KJHkpc8v34OqVmWOfWccAVhYCXQXhE46RWkq4mkHKO2jA0otDBCBTKcEA3KOmIYJRCaK6JfX-JwU8U:1qYSUZ:l3-49jWS9SxRFJhvc7Rn0kcNnRV245_ABTf84Oh_4tg','2023-09-05 14:36:23.046720'),('3l9tw0p35rwhpzv81ou889uibigg1wc8','.eJxVjMEOwiAQRP-FsyEssrR49N5vIMuyStXQpLQn47_bJj3ocea9mbeKtC4lrk3mOGZ1UaBOv10ifkrdQX5QvU-ap7rMY9K7og_a9DBleV0P9--gUCvbGoOxbN2NwWUnphciNOzSlnomK14CdAYyW0AEFM_c-RDACviU8aw-X96BN5E:1qUMP0:m1s5v9W1aY0GvR4VB7LeWMclJxSUhyzFu6ohhnc-JIE','2023-08-25 07:17:42.475894'),('45gim7xn6vmcbq6n6zz7r3cbdicujuc3','.eJxVjMEOwiAQRP-FsyEssrR49N5vIMuyStXQpLQn47_bJj3ocea9mbeKtC4lrk3mOGZ1UaBOv10ifkrdQX5QvU-ap7rMY9K7og_a9DBleV0P9--gUCvbGoOxbN2NwWUnphciNOzSlnomK14CdAYyW0AEFM_c-RDACviU8aw-X96BN5E:1q90ED:xChRWaVHr9JnXPOSSYh5VAq8ptm4mGXCrbXHHM6vNoU','2023-06-27 09:22:17.846817'),('48vpjny5hhuxxtlgytxjq8fyx4lzus2c','eyJzb2NpYWxhY2NvdW50X3N0YXRlIjpbeyJwcm9jZXNzIjoibG9naW4iLCJzY29wZSI6IiIsImF1dGhfcGFyYW1zIjoiIn0sIno1NzVTeExkc2dZVyJdfQ:1qxQFO:2ticy8G5W0JXyLd7P3eSxdE_djwanVnDPeLh4_6HuiY','2023-11-13 11:15:54.981243'),('5kuesaa2kyj0w11h72p6vt7hyt7q52yz','.eJxVjMEOwiAQRP-FsyEssrR49N5vIMuyStXQpLQn47_bJj3ocea9mbeKtC4lrk3mOGZ1UaBOv10ifkrdQX5QvU-ap7rMY9K7og_a9DBleV0P9--gUCvbGoOxbN2NwWUnphciNOzSlnomK14CdAYyW0AEFM_c-RDACviU8aw-X96BN5E:1q933z:blSTaCHOzt6vHQUAtQK_Yblv-0kUCKwIMbk69SxnxGo','2023-06-27 12:23:55.205374'),('5umnaznoq9zib6fl8j5soiv2zxjytyav','eyJzb2NpYWxhY2NvdW50X3N0YXRlIjpbeyJwcm9jZXNzIjoibG9naW4iLCJzY29wZSI6IiIsImF1dGhfcGFyYW1zIjoiIn0sIkU3a3FtemdPcFNqZSJdfQ:1qT0BX:b7yKMco1Hh0l8EADP-2iM_5fXzu92PsyKXEKMNnCwf0','2023-08-21 13:22:11.348446'),('641jcpni66np38d5qjvx0pybsjzvtkcn','.eJxVjMsOwiAURP-FtSFA4QLu7I-Qy-OGxoYmQlfGf9eaLnQ5Z2bOkwXcRw17L4-wZHZlil1-WcR0L-0ocF0PzDGlbW-Dfzdn3fntk0obS8KxbG0-X3-qir0eHgTCrC1EAum9NRYAjPNOk1fO-khGJeWSUJlEmYwgknKSoAnITODY6w2rYDuD:1q93mO:8RNQooiSMmXMgtcTFHT1TpVsJkVxobVXjKr4rL24K40','2023-06-27 13:09:48.487038'),('6ammabhd3mhlw502wn518nvr2i3d6b11','.eJxVjDkOwjAUBe_iGln-jheFkp4zWP6LcQA5UpxUiLtDpBTQvpl5L5Xytta0dVnSxOqsQJ1-N8z0kLYDvud2mzXNbV0m1LuiD9r1dWZ5Xg7376DmXr91to58IW94gCISR4_FYIjgKbpgY0AcwaGAB2TrIgWLAcGQH5gckXp_AOqqOBw:1r3czl:wKCPgQt4XSIqZ5TbjtorOq4C8mlODTAW0Ch3HvnrOxs','2023-11-30 14:05:25.548674'),('6bvsrtg1vtdoi8y377yyds74kzhbsjna','.eJxVjMsOwiAURP-FtSFA4QLu7I-Qy-OGxoYmQlfGf9eaLnQ5Z2bOkwXcRw17L4-wZHZlil1-WcR0L-0ocF0PzDGlbW-Dfzdn3fntk0obS8KxbG0-X3-qir0eHgTCrC1EAum9NRYAjPNOk1fO-khGJeWSUJlEmYwgknKSoAnITODY6w2rYDuD:1q4Jcm:kGqNnkVzCu7D5F8n8dXRjsPAvxZbagFbgdCGzbT1jfY','2023-06-14 11:04:16.415835'),('6d8md1men7circobm9gpbq0ttgkmw8h7','.eJxVjMEOwiAQRP-FsyEssrR49N5vIMuyStXQpLQn47_bJj3ocea9mbeKtC4lrk3mOGZ1UaBOv10ifkrdQX5QvU-ap7rMY9K7og_a9DBleV0P9--gUCvbGoOxbN2NwWUnphciNOzSlnomK14CdAYyW0AEFM_c-RDACviU8aw-X96BN5E:1qBbGW:Tr-xMfLZ16xFxUxAISJxLjs3hohbx1drjpDHB5-UcR4','2023-07-04 13:19:24.825317'),('6jxp114f3jfdv0fnokpsguoxiflydcl3','.eJxVjM0KgzAQBt8lZ5H8R73VFwmbuMHQNIImvZS-e1Wk4HFnvp0PAe-Xmot94xpDxMniC2IiQ64pNX9bN1zJQDJpiIVa5hPYOO2Mizt04J-YDwMpHbi9Iu25ufTWPvYLc4keSlzyeH3dUjNs894RgVEXAjMeFfZOd1QHoYxGyRGcoNy7fjJcMO6MFihlkKqTGgX1SjIE8v0BZYNOEg:1rUS7m:jxIINcqQNC-guHGoLKOP2ew4iDvA9OQkx9n4hOqx_lk','2024-02-12 13:56:34.867771'),('6nj071nqsn95mrhuxou9datwl2od3fvn','.eJxVjMsOwiAURP-FtSFA4QLu7I-Qy-OGxoYmQlfGf9eaLnQ5Z2bOkwXcRw17L4-wZHZlil1-WcR0L-0ocF0PzDGlbW-Dfzdn3fntk0obS8KxbG0-X3-qir0eHgTCrC1EAum9NRYAjPNOk1fO-khGJeWSUJlEmYwgknKSoAnITODY6w2rYDuD:1qlRAp:DGs4wwVMJNyEfXMblpbO8Gw0uDhkWy1QcFh0tjk52Tk','2023-10-11 09:49:39.502661'),('6r3uak73wztsqe2d7jzc7nnwtn33eut4','.eJxVj8FuhDAMRP_FZ4RIAgS4tX_QY1tVyBizZJtNEAm9rPbfGxCttDd73sw4uQMS-c3F_odXMxkee76hsdC5zdrsn26BV-hghgx63OJ8CL0Zkyb0szggfbPbCVq7y_lZkh-eE4f8JW3soiGMxrvXM_VUNWOYU4-uW10USlZDM7LWTVNxi1SLVimUNMiRJ10KoUhSQbota9GMslQpVk4pJlNp8GTQ_v0mRIwM3ecdltUTh5COWH8xbneSXxKDNB4PWXDF226ARwZ8KZYqvr1_aHWFr8cvkO9qAw:1qeEWj:vFKAK-GdtpkcH2GQzrETLpjr4pDEBUemuutLrwkQ2Xw','2023-09-21 12:54:29.500089'),('77wzl5cbuqxy587f7jwfqlkp9l2sebph','.eJxVjMEOgyAQRP-Fc2PcRUB6a3_ELMsSTA0mFU5N_73aeGiP82bmvdREreapbfKc5qiuClBdfmEgfkg5GlqWA3fEvLZSu-_mrLfuticpdWaq81ru5-tPlWnLu8f1iUfrIPAQRGTwVnyPGBMkbcjrUSKAY40-RsLRAGIwDD4ly73RVr0_65E8fQ:1qKiHH:sbexFZ11e4l77EmtgZzwV5_jnLMLUaJFj-ALiz1yKmo','2023-07-29 16:37:51.467397'),('7y3rfl7zc06thi3mso63dnt0e1mb7v4i','.eJxljEsKwzAMBe-idQiKP_nt2osYxZaJqetAY3dTevcmIRRKl5p5mheQtUtJ2Tz5EXxgZ_hOIcKYSozV15aVHzBCDxUYKnk-gAnun01kb5x2QTHuuD4b9bE59VpftotTDpZyWNL1_PpJzbTOW2fwlkTjFTVOOkGt6CV665VmRCYhpRaIreZ28I3aDPbTJLSQqFw3aNfB-wMFb01n:1q6lHQ:zcDeuk59ClBc2n7CNMLUose4tiLD4IviTRQr9nwBzYs','2023-06-21 05:00:20.556316'),('80b4dekk296bhn4wym0tkca0ylhc14i4','.eJxVjMEOwiAQRP-FsyHASgFv-iNk2a6B2NBE6Mn471LTg95m5s3MS0Tceo5b42css7gIEKffLCE9uO4Al2WPJRKtW-3y2zlwk9fhuPZC2Mtab8fq7ypjy-PH3Nlb9mevE5HzPlkzsx2SAqvAQYMFmpRR7FWagAIEYKPJAaowayfeH7_4O_c:1q6F4d:f0QI8T9tlH-X6d9JlGivfj5esBd6ke_HEbcU-zFD4jQ','2023-06-19 18:36:59.160760'),('818n69j5mbcd6ea0dirs4g25ipeyl368','.eJxVjDsOwjAQBe_iGlnejX9Q0ucM1tprcADZUpxUiLuTSCmgfTNv3iLQupSw9jyHicVFgDj9bpHSM9cd8IPqvcnU6jJPUe6KPGiXY-P8uh7uX6BQL9tboVbotMezUoTWJHTGD2zVQFvERbY2WQANyVkwcAPm6CPqbJASOy0-X6VNNvE:1r53rz:VIV4gJaRNmcOaP-p1745C2UmgP25JvAX6mFPvXVTyqg','2023-12-04 12:59:19.909465'),('845jgwfvcvuyc3ulxeiyiit1le5isr4s','eyJzb2NpYWxhY2NvdW50X3N0YXRlIjpbeyJwcm9jZXNzIjoibG9naW4iLCJzY29wZSI6IiIsImF1dGhfcGFyYW1zIjoiIn0sImlzUUhwbnE2MmI2USJdfQ:1qKDTe:rrVJ_HjMbw5E9-UBQBeqLHtc4951bLK5VKjRzvmSWvw','2023-07-28 07:44:34.244639'),('8cj7idt92qpugrc68qinwyid8h1nbx1g','.eJxVjMEOgyAQRP-Fc2NgkS32Vn_ELMsSTQ0mBU5N_73aeGiP82bmvdRErc5TK_KclqhuCkBdfmEgfkg-GlrXA3fEvLVcu-_mrEt335PkujDVZcvj-fpTzVTm3eMd4CAhpR4BKHljr9j7aDn2RovTRtAB-UjasHZWhD1iSCgcgtFpUO8P1QY8pA:1rLOSV:ySE5B4rSdWk2A2TRgEDq6TQYfIO0RjigMREFsweoG5Y','2024-01-18 14:12:31.852871'),('8ga4uufz1da8alk9nibiy585xqwvzmyq','.eJxVjMsOwiAURP-FtSFA4QLu7I-Qy-OGxoYmQlfGf9eaLnQ5Z2bOkwXcRw17L4-wZHZlil1-WcR0L-0ocF0PzDGlbW-Dfzdn3fntk0obS8KxbG0-X3-qir0eHgTCrC1EAum9NRYAjPNOk1fO-khGJeWSUJlEmYwgknKSoAnITODY6w2rYDuD:1q8h6b:_PYJ6_ZuhA7_OfhrfyfTY6eZoIBikgK_jp-H9NF80og','2023-06-26 12:57:09.157351'),('8j45sg439t8l4hldevy7w4ni6nnw9thp','.eJxVjMEOwiAQRP-FsyFbCgv1pj9CFtiGxoYmAifjv9uaHvQ4b2beS3jqLfte-emXJK7CiMsvCxQfXI6C1vXAkmLcemnyuznrKm974tKWSG3Zyv18_aky1bx7ANAFZNBJo8NptqiSNsrZNIwuKAhAkWZwhpNlC4icgKbIRukRx4HE-wOcQju2:1qbye7:KDCFMUucrkieHK7lfxzegPdbE4W2oKdXhj7pk8KZQ28','2023-09-15 07:32:47.272174'),('8jtasmzxt6vy98crx625wf5jriz47s4y','.eJxVjMEOwiAQRP-FsyFbCgv1pj9CFtiGxoYmAifjv9uaHvQ4b2beS3jqLfte-emXJK7CiMsvCxQfXI6C1vXAkmLcemnyuznrKm974tKWSG3Zyv18_aky1bx7ANAFZNBJo8NptqiSNsrZNIwuKAhAkWZwhpNlC4icgKbIRukRx4HE-wOcQju2:1qUNNq:0xzfqINuLSf6wchiO4ppaREOOFLHiw1LDbVIXDEbESg','2023-08-25 08:20:34.035506'),('8nhe0a5skvejhg1pfmjs98m4zwgqy8tt','.eJxVjMEOwiAQRP-FsyEssrR49N5vIMuyStXQpLQn47_bJj3ocea9mbeKtC4lrk3mOGZ1UaBOv10ifkrdQX5QvU-ap7rMY9K7og_a9DBleV0P9--gUCvbGoOxbN2NwWUnphciNOzSlnomK14CdAYyW0AEFM_c-RDACviU8aw-X96BN5E:1qMkY4:BjfdWWjS56zuy8XOa3pb1qYIECMNpXIFuo-COtW2CWQ','2023-08-04 07:27:36.939715'),('9d1b3rskq3cv40783anepsicu24er53d','.eJxVjM0OwiAQhN-FsyHA8tN60xdplu0SiA1NhJ6M725retDjfDPzvcSEW8_T1vg5lVlchQFx-YUR6cH1aHBZDiyRaN1ql9_NWTd52xPXXgh7Wev9fP2pMra8eyBpFVPSgdjxGP2gfAIXPFvDGEEZiuMcDGgTgwe2Nlk3WM-gyFnNKN4f5ZQ8RQ:1rUSGn:bpqSrHq5hJ5o0tq9LEGQmzyTgDGD1DDkw68Hl8kqqU4','2024-02-12 14:05:53.282642'),('aluhz6p92jfka74vtcz2z1m4qypjj6s4','eyJzb2NpYWxhY2NvdW50X3N0YXRlIjpbeyJwcm9jZXNzIjoibG9naW4iLCJzY29wZSI6IiIsImF1dGhfcGFyYW1zIjoiIn0sImxGMlljemY1bUhDTCJdfQ:1qcTSP:um4KN73kX-wFQsywSu7tt763kM8guE7p10Rzk70g05g','2023-09-16 16:26:45.745543'),('axba2gre2srfi9lnall3eyhsyey2t46b','.eJxVjMEOgyAQRP-Fc2PcRUB6a3_ELMsSTA0mFU5N_73aeGiP82bmvdREreapbfKc5qiuClBdfmEgfkg5GlqWA3fEvLZSu-_mrLfuticpdWaq81ru5-tPlWnLu8f1iUfrIPAQRGTwVnyPGBMkbcjrUSKAY40-RsLRAGIwDD4ly73RVr0_65E8fQ:1qUIsG:_vSixnXCA3rpee5zc7rnuypy0qwPRlWJGaQltouo7g4','2023-08-25 03:31:40.681276'),('az0l5owy9jdmyv8uhceikozv1ywlkkhc','.eJxVjM0OwiAQhN-Fs2mW8rOtN30RssASiA1NhJ6M725retDjfDPzvYSjrWe3NX66EsVVaHH5ZZ7Cg-tR0LIceKAQ1q324bs56zbc9sS1l0C9rPV-vv5UmVrePYgRE6RoJQDExGE02niPFiKrpC3NOBJCImRpUFGS88wAk5qkZwQp3h_BCTwT:1qOD84:FKv3Wx7JzoczxO0pzQtfgNQHUFWFlMlCJY2IRrF5Cik','2023-08-08 08:10:48.013553'),('bcx1qxfv5gf4yj41k7skoph5n5ip0g38','.eJxVjMFuwjAQRP9lz1Fku3YgHJF65MyhqqL1eiFpgx2yjtQK8e84iAu3nXlv9gaSaMARidIScycZM8Pu6wbTnIhFYAdjOg8RKhBKU2FQTlxy300442UV4F6BOkq8-s_96e_fwncF3VNZhOduCMXR8NZ5pF-OKwg_GM-pphTzPPh6VeoXlfqQAo_7l_v2oEfpy9q1ypCxJ9I2WFZbRnSKrC9pS2i44VZvlA5ktHPacUO0adpWG9aND-4D7g_X8lT1:1qRC1X:KIkjdoOZXabU87k5Uplw8ApEZB1WAMhh9PTr3ftLDR8','2023-08-16 13:36:23.252292'),('beeo9m3dei3k1by391sgh3hpnjt9572m','eyJzb2NpYWxhY2NvdW50X3N0YXRlIjpbeyJwcm9jZXNzIjoibG9naW4iLCJzY29wZSI6IiIsImF1dGhfcGFyYW1zIjoiIn0sInI2RjZwWkhvSEJlSyJdfQ:1qT0B0:Nd0vIJBLqf934xJMao78wlTkvxIuBTI87uC3P15VDg8','2023-08-21 13:21:38.926375'),('bkilv7tpydu2i50822r4ew02es7mpdim','.eJxVjMEOgyAQRP-Fc2PcRUB6a3_ELMsSTA0mFU5N_73aeGiP82bmvdREreapbfKc5qiuClBdfmEgfkg5GlqWA3fEvLZSu-_mrLfuticpdWaq81ru5-tPlWnLu8f1iUfrIPAQRGTwVnyPGBMkbcjrUSKAY40-RsLRAGIwDD4ly73RVr0_65E8fQ:1qRBI7:sRVdQ9bZHdU3k9S9OWqokIM6WSw9zBrEH2ieELACsCk','2023-08-16 12:49:27.503070'),('bnbd4ycw7mho216d6vb83dlucx5csk5s','.eJxVjMEOwiAQRP-FsyFbCgv1pj9CFtiGxoYmAifjv9uaHvQ4b2beS3jqLfte-emXJK7CiMsvCxQfXI6C1vXAkmLcemnyuznrKm974tKWSG3Zyv18_aky1bx7ANAFZNBJo8NptqiSNsrZNIwuKAhAkWZwhpNlC4icgKbIRukRx4HE-wOcQju2:1rLLrb:96VE6n2efaxzTTwfV6EhmMl2AlMMYt4Cm3vCc7zJB30','2024-01-18 11:26:15.430184'),('d1hv4r225rklxj7bp1r0vdot69rvjxxg','.eJxVjMsOwiAURP-FtSFA4QLu7I-Qy-OGxoYmQlfGf9eaLnQ5Z2bOkwXcRw17L4-wZHZlil1-WcR0L-0ocF0PzDGlbW-Dfzdn3fntk0obS8KxbG0-X3-qir0eHgTCrC1EAum9NRYAjPNOk1fO-khGJeWSUJlEmYwgknKSoAnITODY6w2rYDuD:1r0N4p:kjwcxRzhmaWXMHfdKJL-Lx6BbIzIJhiG0ojcEVJl6t4','2023-11-21 14:29:11.486204'),('d6xa9l3pbzr4b98l8si2rswn427glsho','.eJxVjMEOwiAQRP-FsyHASgFv-iNk2a6B2NBE6Mn471LTg95m5s3MS0Tceo5b42css7gIEKffLCE9uO4Al2WPJRKtW-3y2zlwk9fhuPZC2Mtab8fq7ypjy-PH3Nlb9mevE5HzPlkzsx2SAqvAQYMFmpRR7FWagAIEYKPJAaowayfeH7_4O_c:1r3GM1:0gE8R_eHuSJ0Pwq-ENJ11gmthvKugfRhOvncCfCwOOE','2023-11-29 13:54:53.399419'),('dfoenlulyhu0aa0slqf69jn1k9ybjtbu','eyJzb2NpYWxhY2NvdW50X3N0YXRlIjpbeyJwcm9jZXNzIjoibG9naW4iLCJzY29wZSI6IiIsImF1dGhfcGFyYW1zIjoiIn0sIklKVHRYNVpmMWZKUCJdfQ:1qvDip:4jrChIi6eNBsyHAOQPSuXPWmaiT3bDUFFZLWgZj5_Uo','2023-11-07 09:29:11.401110'),('dl30nthgm8yw2fg3g468i76m3i15cv7f','.eJxVjEEOgjAQRe_StWmgtJ3RpXvOQKYzU4saSCisjHdXEha6_e-9_zIDbWsZtqrLMIq5mNacfrdE_NBpB3Kn6TZbnqd1GZPdFXvQavtZ9Hk93L-DQrV8a5cVASO0gFka1S5I8l48MUdwDVCHOQjxOWSIGDl4ZOSGOiXJ2YF5fwDuHDiA:1s2rKx:6l8JGvZaoFmvqgrrLcpCH8PAXbej3gyWa1G2mrhZ_Mo','2024-05-17 11:44:23.562168'),('dzbqo6z7hfe8l8k89hi4xo25v6u17rac','eyJzb2NpYWxhY2NvdW50X3N0YXRlIjpbeyJwcm9jZXNzIjoibG9naW4iLCJzY29wZSI6IiIsImF1dGhfcGFyYW1zIjoiIn0sImlqR0V6dThYQzk5eiJdfQ:1qxQ9T:0aEoHNBgCau1SOoIPreNaPf97o8IQ6tUmkPxPf1PwMM','2023-11-13 11:09:47.983025'),('e3sy2c6jmsn74vjrdv4dqju6ephz5xm1','.eJxVjMEOwiAQRP-FsyEssrR49N5vIMuyStXQpLQn47_bJj3ocea9mbeKtC4lrk3mOGZ1UaBOv10ifkrdQX5QvU-ap7rMY9K7og_a9DBleV0P9--gUCvbGoOxbN2NwWUnphciNOzSlnomK14CdAYyW0AEFM_c-RDACviU8aw-X96BN5E:1qeZSP:1M1gwQkH8zfqUIN5Xcg-DuEoLrGC7QPLl0kJ0tJBIyk','2023-09-22 11:15:25.878426'),('edxevjty6hm5a8foy8pupxzvjwyhslbt','.eJxVjMsOwiAURP-FtSFA4QLu7I-Qy-OGxoYmQlfGf9eaLnQ5Z2bOkwXcRw17L4-wZHZlil1-WcR0L-0ocF0PzDGlbW-Dfzdn3fntk0obS8KxbG0-X3-qir0eHgTCrC1EAum9NRYAjPNOk1fO-khGJeWSUJlEmYwgknKSoAnITODY6w2rYDuD:1rBZZW:WD_XvrleOCcjS6UNzwn_TrAqXyUu-6jmVj57VUNtEK0','2023-12-22 12:03:10.896313'),('egocm0z09dhed7d4j4w8qkoy2t3u5e0l','eyJzb2NpYWxhY2NvdW50X3N0YXRlIjpbeyJwcm9jZXNzIjoibG9naW4iLCJzY29wZSI6IiIsImF1dGhfcGFyYW1zIjoiIn0sIjl1QUFlODNWTVFRVSJdfQ:1q9QWo:f3ZAvHyaSWmBi7Q5Jlo9Eb2MfNSxSYGDrHEnj4AcVm0','2023-06-28 13:27:14.470506'),('egw9scyvfsajaoq2iwf3uacasavkg5mm','.eJxVjMsOwiAURP-FtSFA4QLu7I-Qy-OGxoYmQlfGf9eaLnQ5Z2bOkwXcRw17L4-wZHZlil1-WcR0L-0ocF0PzDGlbW-Dfzdn3fntk0obS8KxbG0-X3-qir0eHgTCrC1EAum9NRYAjPNOk1fO-khGJeWSUJlEmYwgknKSoAnITODY6w2rYDuD:1qT09M:US0LxHDwk4iJe_jPseujapY-5UVjMcn8ItpHob8kT4w','2023-08-21 13:19:56.121846'),('f0z84n4wtcnw3f9l7kdjib282bs04uou','.eJxVjM0OwiAQhN-Fs2mEwnbXm30RsvylxIYmFk7Gd5eaHvQ438x8L2G51cW2PT5tDuImJInLL3TsH7EcDa_rgQf2fmulDt_NWe_DvadYavZc81bm8_WnWnhfuicAgoqaE4zsxiDRSa0kGlbJIBqVKFDsQE-KMJIkkAxocJqIAa4k3h_LATsu:1rMmr8:JablCTCDiBj8xz8HUkEdnWdeKuO3excLA_swJezR_BU','2024-01-22 10:27:42.838544'),('f5eg5p7gmgfpioz8tw3eup4jrqfnns6s','eyJzb2NpYWxhY2NvdW50X3N0YXRlIjpbeyJwcm9jZXNzIjoibG9naW4iLCJzY29wZSI6IiIsImF1dGhfcGFyYW1zIjoiIn0sIkZhWURsVzl1M1dDeCJdfQ:1r53Ne:Dd6GOIrtjvIvq3OboqxXqRJJ4B4xjfuOCbjmO5ojNH4','2023-12-04 12:27:58.720836'),('fb10amzoeqlt20r50r1laeou3jrfshbj','.eJxVjMEOwiAQRP-FsyFbCgv1pj9CFtiGxoYmAifjv9uaHvQ4b2beS3jqLfte-emXJK7CiMsvCxQfXI6C1vXAkmLcemnyuznrKm974tKWSG3Zyv18_aky1bx7ANAFZNBJo8NptqiSNsrZNIwuKAhAkWZwhpNlC4icgKbIRukRx4HE-wOcQju2:1qWe0O:chBGrKFZ8cNoE6-J0CMwgen864tYlyb6lyIZjE0vhIY','2023-08-31 14:29:44.970920'),('fl38n3pvk90ilvppj7242zu9nv9ob1x6','.eJxVjEEOgjAQRe_StWmgtJ3RpXvOQKYzU4saSCisjHdXEha6_e-9_zIDbWsZtqrLMIq5mNacfrdE_NBpB3Kn6TZbnqd1GZPdFXvQavtZ9Hk93L-DQrV8a5cVASO0gFka1S5I8l48MUdwDVCHOQjxOWSIGDl4ZOSGOiXJ2YF5fwDuHDiA:1rDoPU:dfAi72BTHDuAxwvqDDxK1rbyANhuiDeV_tyQilF0q6M','2023-12-28 16:18:04.840791'),('fmlinsu9pzpezzcgfsebg31ui4coamwd','.eJxVjMsOwiAURP-FtSFA4QLu7I-Qy-OGxoYmQlfGf9eaLnQ5Z2bOkwXcRw17L4-wZHZlil1-WcR0L-0ocF0PzDGlbW-Dfzdn3fntk0obS8KxbG0-X3-qir0eHgTCrC1EAum9NRYAjPNOk1fO-khGJeWSUJlEmYwgknKSoAnITODY6w2rYDuD:1qokBs:CvRjLICgT0flgwZf_aB7FUvlfsO8oA2ls78tdsDfdnA','2023-10-20 12:44:24.288972'),('gecr75mjchg9fk2f5p9mcnsq1f61bjp1','.eJxVjMsOwiAURP-FtSFA4QLu7I-Qy-OGxoYmQlfGf9eaLnQ5Z2bOkwXcRw17L4-wZHZlil1-WcR0L-0ocF0PzDGlbW-Dfzdn3fntk0obS8KxbG0-X3-qir0eHgTCrC1EAum9NRYAjPNOk1fO-khGJeWSUJlEmYwgknKSoAnITODY6w2rYDuD:1qOexc:Oa7ijXVoyK8Xd86P2Mah_qfOTD1nGh7P5SAKBAn6w8I','2023-08-09 13:53:52.870497'),('gml4tfe98yp198vd7fvke0040c02bdyo','.eJxVjMsOwiAURP-FtSFA4QLu7I-Qy-OGxoYmQlfGf9eaLnQ5Z2bOkwXcRw17L4-wZHZlil1-WcR0L-0ocF0PzDGlbW-Dfzdn3fntk0obS8KxbG0-X3-qir0eHgTCrC1EAum9NRYAjPNOk1fO-khGJeWSUJlEmYwgknKSoAnITODY6w2rYDuD:1rUkVL:1rWGFLmz1CrTQvVfOHnrdOYLsIlLmRgA9Ben54YHgvc','2024-02-13 09:34:07.927842'),('gol67xbqgir5x0ylda1s7ut9o2ot4pau','.eJxVjMEOwiAQRP-FsyHASgFv-iNk2a6B2NBE6Mn471LTg95m5s3MS0Tceo5b42css7gIEKffLCE9uO4Al2WPJRKtW-3y2zlwk9fhuPZC2Mtab8fq7ypjy-PH3Nlb9mevE5HzPlkzsx2SAqvAQYMFmpRR7FWagAIEYKPJAaowayfeH7_4O_c:1qA4vy:BCYaITTUMDzr70ikPY0fwyKQ5rnraew-fuZSrjy4m20','2023-06-30 08:35:54.838595'),('gswkrttg0619o8a97fvmdgoz3dxwxrwv','.eJxVjM0OwiAQhN-Fs2mW8rOtN30RssASiA1NhJ6M725retDjfDPzvYSjrWe3NX66EsVVaHH5ZZ7Cg-tR0LIceKAQ1q324bs56zbc9sS1l0C9rPV-vv5UmVrePYgRE6RoJQDExGE02niPFiKrpC3NOBJCImRpUFGS88wAk5qkZwQp3h_BCTwT:1qd28G:igOrWJPW2uSRSygguMewhCi9zpY-6p1XR90YReyAst4','2023-09-18 05:28:16.297962'),('gvq31i85231pgypjjt3fx3py4s1r7jdb','.eJxVjMEOwiAQRP-FsyFbCgv1pj9CFtiGxoYmAifjv9uaHvQ4b2beS3jqLfte-emXJK7CiMsvCxQfXI6C1vXAkmLcemnyuznrKm974tKWSG3Zyv18_aky1bx7ANAFZNBJo8NptqiSNsrZNIwuKAhAkWZwhpNlC4icgKbIRukRx4HE-wOcQju2:1rDQtD:Q_tIdqnx-Vj4RZqGu0g8ZreyPyHJDzJTSWD1v8LCvyI','2023-12-27 15:11:11.761339'),('gx2ee7kyyoq8dq1zi3ambjtpzqpze5ph','.eJxVjMsOwiAURP-FtSFA4QLu7I-Qy-OGxoYmQlfGf9eaLnQ5Z2bOkwXcRw17L4-wZHZlil1-WcR0L-0ocF0PzDGlbW-Dfzdn3fntk0obS8KxbG0-X3-qir0eHgTCrC1EAum9NRYAjPNOk1fO-khGJeWSUJlEmYwgknKSoAnITODY6w2rYDuD:1qKG6w:mED3Vo8ymISA3GtMUnapQY4odo4cmM9Gz4VYBbD62aI','2023-07-28 10:33:18.051935'),('hhanwndiq4y29gx5unmdw9zo08lq9m3m','.eJxVjMEOwiAQRP-FsyHASgFv-iNk2a6B2NBE6Mn471LTg95m5s3MS0Tceo5b42css7gIEKffLCE9uO4Al2WPJRKtW-3y2zlwk9fhuPZC2Mtab8fq7ypjy-PH3Nlb9mevE5HzPlkzsx2SAqvAQYMFmpRR7FWagAIEYKPJAaowayfeH7_4O_c:1qvDjK:eRbdUzUGXM_hq500UYL9LSjSdboXom3zJyYC7PHPvRM','2023-11-07 09:29:42.476372'),('hhivedftksrzip156kquy52zq3cym82t','.eJxVjMsOwiAURP-FtWl4lQvu9EfI5UIDsaGJ0JXx36WmC13OmTnzYh73nv3e0tOXyK5MALv8woD0SPVocF0PPCHRttc-fTdn3abbSKn2QtjLVu-n9XeVseXxA8YB50rOwcYEYO2cHJIRTimUFGRMC2ghFEniBE4bYaPUamh6GZpk7w-9Xzs4:1qyWQN:Y_5XbHL_27NTLq3MTytis4WOX8Aes5jnpzzoihcuoqc','2023-11-16 12:03:47.646072'),('hos6ghxelbxga79kxkaud7w4x48i1br2','eyJzb2NpYWxhY2NvdW50X3N0YXRlIjpbeyJwcm9jZXNzIjoibG9naW4iLCJzY29wZSI6IiIsImF1dGhfcGFyYW1zIjoiIn0sImJSd2h5UUc3REk2WiJdfQ:1qT0CX:DJSuQFdYGi_SJqsMUvxneasfYnEYdSUhzExJp9bedCU','2023-08-21 13:23:13.812324'),('hti2pl2yu9u66yrckaiwna6gezx70j0u','.eJxVjLGuwjAMRf_Fc1UloSmUjScxsiAhBoQq1zG0vJJUdSoGxL-TIhY233vO9RMkUIc9EoXJx1oiRob16QnDGIhFYA19uHYeMhAKQ2KQTpxiWw844n0W4JXBY3NXvJXbcX_YwTmD-qNMwmPdueRo-OkapH_2M3A39NeQU_Bx7Jp8VvIvlXwXHPd_X_fnQYvSprWtlCFTXEgXrmC1YkSrqGhSWhEaLrnSS6UdGW2ttlwSLcuq0oZ12Ti7gNcbvhBUzw:1q6QLl:18yno8yF-w-ZKE6mnRdmvbDhsEyfQqAqqalbhpzX6L8','2023-06-20 06:39:25.538031'),('i87do002w1i6ugjtgcxvxt174zdpm3as','.eJxVjMsOwiAURP-FtSFA4QLu7I-Qy-OGxoYmQlfGf9eaLnQ5Z2bOkwXcRw17L4-wZHZlil1-WcR0L-0ocF0PzDGlbW-Dfzdn3fntk0obS8KxbG0-X3-qir0eHgTCrC1EAum9NRYAjPNOk1fO-khGJeWSUJlEmYwgknKSoAnITODY6w2rYDuD:1qeXCS:AEorJy4cXbutuo5xs0jjRBh3bHAyEsbSrOydoci7BCg','2023-09-22 08:50:48.446143'),('id7lreyg6fm4kvlmd2hm2xra3xxr2xua','.eJxVjMEOwiAQRP-FsyEssrR49N5vIMuyStXQpLQn47_bJj3ocea9mbeKtC4lrk3mOGZ1UaBOv10ifkrdQX5QvU-ap7rMY9K7og_a9DBleV0P9--gUCvbGoOxbN2NwWUnphciNOzSlnomK14CdAYyW0AEFM_c-RDACviU8aw-X96BN5E:1qt3Fn:eLti-1o5G3tLlKLlRw-u4Q9QVKOrcqerG0ukafOjBQw','2023-11-01 09:54:15.133202'),('ie0g5hbcw79x5wvsbmc8wn1qxts66bf6','.eJxVjDEOAiEQRe9CbQjMABss7T0DGWCQVcMmy25lvLuSbKHNL_57eS8RaN9q2DuvYc7iLLQ4_X6R0oPbAPlO7bbItLRtnaMcijxol9cl8_NyuH-BSr2OrM5QCEgbh55sUUVFSG7C7JALfAcBCDABRwdobGQ1KTQetVXZg3h_ANIbNuo:1r2X2q:NqQBVEEwll7YOEOtMbA7w0UhH1Ju3UM4fqg52f1V6_s','2023-11-27 13:32:04.614064'),('ivvm15z3eh8m510m5xvcs61g59zi3o3g','.eJxVjMsOwiAURP-FtSFA4QLu7I-Qy-OGxoYmQlfGf9eaLnQ5Z2bOkwXcRw17L4-wZHZlil1-WcR0L-0ocF0PzDGlbW-Dfzdn3fntk0obS8KxbG0-X3-qir0eHgTCrC1EAum9NRYAjPNOk1fO-khGJeWSUJlEmYwgknKSoAnITODY6w2rYDuD:1qRsy4:3fKiMiVM67JlML-9AAfPwF-WzTulSSCuaXjU4tju8lA','2023-08-18 11:27:40.427090'),('jcs04s9e6j97qzints1apqh6tbsve51i','.eJxVjDsOwjAQBe_iGlnejX9Q0ucM1tprcADZUpxUiLuTSCmgfTNv3iLQupSw9jyHicVFgDj9bpHSM9cd8IPqvcnU6jJPUe6KPGiXY-P8uh7uX6BQL9tboVbotMezUoTWJHTGD2zVQFvERbY2WQANyVkwcAPm6CPqbJASOy0-X6VNNvE:1r3yDY:O_4gGfHg5lwoWY8K-88O-xXTIK431VMxIJEDJjA9UCE','2023-12-01 12:45:04.714416'),('jp0y9ly9xyxe0709tg61p7agt6gtlq51','.eJxVjMsOwiAURP-FtSFA4QLu7I-Qy-OGxoYmQlfGf9eaLnQ5Z2bOkwXcRw17L4-wZHZlil1-WcR0L-0ocF0PzDGlbW-Dfzdn3fntk0obS8KxbG0-X3-qir0eHgTCrC1EAum9NRYAjPNOk1fO-khGJeWSUJlEmYwgknKSoAnITODY6w2rYDuD:1rUk3p:yL9ArNbLKevKm-Qujhq9Ho5Oy__leL4w-6PnrB-ACtU','2024-02-13 09:05:41.424015'),('jp4wi9tf54gfecwj4zqg7f446bk5mbp9','.eJxVjMEOwiAQRP-FsyEssrR49N5vIMuyStXQpLQn47_bJj3ocea9mbeKtC4lrk3mOGZ1UaBOv10ifkrdQX5QvU-ap7rMY9K7og_a9DBleV0P9--gUCvbGoOxbN2NwWUnphciNOzSlnomK14CdAYyW0AEFM_c-RDACviU8aw-X96BN5E:1q52a6:5fSp3xOXF9Bincz7qx6iwAWslfVZj9O9xuYgGg75Qfw','2023-06-16 11:04:30.192095'),('ju1yx0a08x9h7pxu58jxqhimwm28on1z','.eJxVjMEOwiAQRP-FsyEssrR49N5vIMuyStXQpLQn47_bJj3ocea9mbeKtC4lrk3mOGZ1UaBOv10ifkrdQX5QvU-ap7rMY9K7og_a9DBleV0P9--gUCvbGoOxbN2NwWUnphciNOzSlnomK14CdAYyW0AEFM_c-RDACviU8aw-X96BN5E:1qUMP3:30p8mGF21wqYI6t2DD57RMd-OCg_ot4yBQ_OoBr1CJM','2023-08-25 07:17:45.092675'),('k592tmhkozakidw4q5unalfv9fyc7t9y','.eJxVjM0KgzAQBt8lZxHNn4m39kXCZrNiaBqhJr2UvntVpOBxZ76dDwPEpebi3vSKU6Tg6AkxsTHXlJq_rSu92Mg8a5iDWuYDuBg21vdX6AEflHcDKe24PSPtsTn12t62i3KJCCUu-X5-XVIzrPPWMb3kwvMwWGOCRK09gVXcoDFSyEkYDYNVJBVBkF3QyFWwGgGDgM4PxL4_QZlOTw:1qBsyK:EVthqc3nmth8_4VB7G-YvWlkb047B_dUlBKkl900dkE','2023-07-05 08:13:48.489570'),('k8zuf40qok7nskfr0aau2ok3m1bwlueu','.eJxVjsFugzAMht_F5wolWQKF4-6retuqqkLG8YCVJoiEQ4v67g0Th-1m-_v82wvUOMeungNPdW-hAgm7v7MG6cpuBfYHXesz8i5OfZOtSrbRkH14y8P75v4L6DB0aduUQpHS3yS11Sz2jGgE6SZ1e0LFOZeyENKSksZIwzlRkZelVCzzxpq3FBo89TggkZ9drEPEyFCdFxgnTxxCOjL4tnerSX5MDFL5-8iIE95WAZ47EO5w_zp-2tOj1XB5vgDvPlTe:1qUGGt:RCr9Yjq0WABxjo-OJXfD6W0S5ve2ySa3lGrrrlfm-aU','2023-08-25 00:44:55.271325'),('kj19aigatxnyu9uj2g098etrgv38oulm','.eJxVTkFugzAQ_MueETK4gM0tkXKOckyqCi3LJlhQG2FTVYry9xrEobnNzszOzBMaXELfLJ7nxnRQg4TkP9ciDWxXAcdxpVMkcosN6ebZZZ8e4sU2GMJgnD3uX29RPfo-5uR3VgWrD5W1RJVSbZF3XERImoVmnclCUilywUq0pSQtteQ8o0qi0F1WxVDvyOC4D2l8wMBQfz5hmh2x97FkdA9jVye5KWoQ4TZkwhm_VwO8Evidb-dLOZx-hmuAr9cfUidZhg:1qF8j0:BEgc_y4A2V0SE0nEev4u0oN5Q3d6mPX7SYMK6VISYfw','2023-07-14 07:39:26.229259'),('lgx50lw9c72cu0h90em0gajmauwmk04o','.eJxVjMsOwiAURP-FtSFA4QLu7I-Qy-OGxoYmQlfGf9eaLnQ5Z2bOkwXcRw17L4-wZHZlil1-WcR0L-0ocF0PzDGlbW-Dfzdn3fntk0obS8KxbG0-X3-qir0eHgTCrC1EAum9NRYAjPNOk1fO-khGJeWSUJlEmYwgknKSoAnITODY6w2rYDuD:1q55Bi:1QEBwoJHUjmH3TZ9FAE-z3ImwMRIWvYogzsnxVsqhrQ','2023-06-16 13:51:30.360543'),('lhadnijum5m9srwpo5g8e283qrnvz08l','.eJxVjDsOwjAQBe_iGlneTeIPJT1nsHb9wQFkS3FSIe4OkVJA-2bmvYSnbS1-62nxcxRnAeL0uzGFR6o7iHeqtyZDq-sys9wVedAury2m5-Vw_w4K9fKtp6QM6AEYw2AZIwDQiDRoZ6MaGWzWE5BidJidAcoZyDCxSiYikRbvD8HbN6k:1q4iaD:UwgX__FSN-oNZ3YpC7E85-lAUKBAt5-vBBYuvhfDqPs','2023-06-15 13:43:17.937754'),('m0ivgo6xqmm83x35glyye180jobq6gne','.eJxVjEEKgzAQRe-StUg0VjPu2ouEcWaCoWkENd2U3r0qUnA57_15H4VEU06re8scfBB28sIQVZ9yjMXf5kVm1augCuUwr-MBXOCNVfYKB6SnpN1gjDsuz0h5bE69lPftkrQGwjVM6XF-XVIjLuPWscbblg0wdMQEgm2jWXNtiQStFs8Mt64TA8SNJ13rdqgGABLjfVOB-v4AhlFPVQ:1qeEWb:tWU7IWgcuyAAZupM-Pk4A9WBRY2pd7aDCvba3IwB48E','2023-09-21 12:54:21.470729'),('mac38pn8z4leyjsr4et9ior641uwvxxh','.eJxVjsFuwyAQRP9lz5FlY7OG3JoP6L2tImuNoUYhYBmsqory74HIh-S2O292dm4w0JbmYYt6HewER2BweNVGUhftCyDnilyRUmHzqXp6dhyrj7xpn6yiZIM_7VdvUTPFueQQGpq6HkeDjZQ97xGRCyk6I5no5Wg4U0yomk2m1i2vjWmatsHOoOEtihwag7Lk9iJDTJQ0HH9usKxB6RjzExd-rS9OFZbMII_PIgutdC0GuB_g8vX3OdvvU-vGfzjfHxYrWQo:1rNwU2:XqsciiSzn3lRhce-YqVgZwaiqESFHTZN4TW1XCrcK4w','2024-01-25 14:56:38.103287'),('mk27enwn226eg0lr8twrehypkjkwe8gh','.eJxVjMEOwiAQRP-FsyHASgFv-iNk2a6B2NBE6Mn471LTg95m5s3MS0Tceo5b42css7gIEKffLCE9uO4Al2WPJRKtW-3y2zlwk9fhuPZC2Mtab8fq7ypjy-PH3Nlb9mevE5HzPlkzsx2SAqvAQYMFmpRR7FWagAIEYKPJAaowayfeH7_4O_c:1rODqM:rtBQEfbcu_3dBu9OkInczd7R_yo2H1FbWcWjQFPOy_c','2024-01-26 09:28:50.264316'),('mxf8rccvgygyjqenqqwyv5g99gj6gpr1','e30:1qwJbc:T-K7VvZHhPPuXJP1MjSqWD_xjI-J6z-nYmEAaTKkqWI','2023-11-10 09:58:16.314338'),('o13gb5mwl29dkrd4oovkk7m0xy5kztg3','.eJxVjMEOwiAQRP-FsyHASgFv-iNk2a6B2NBE6Mn471LTg95m5s3MS0Tceo5b42css7gIEKffLCE9uO4Al2WPJRKtW-3y2zlwk9fhuPZC2Mtab8fq7ypjy-PH3Nlb9mevE5HzPlkzsx2SAqvAQYMFmpRR7FWagAIEYKPJAaowayfeH7_4O_c:1q4h1e:ESh62okg3YqTeq4jYocwVx2c6dD1PHpuP576-KMlrWQ','2023-06-15 12:03:30.582919'),('ohsdr86sf4tkqqcza77dkr7abzahrqco','.eJxVjMsOwiAURP-FtSFA4QLu7I-Qy-OGxoYmQlfGf9eaLnQ5Z2bOkwXcRw17L4-wZHZlil1-WcR0L-0ocF0PzDGlbW-Dfzdn3fntk0obS8KxbG0-X3-qir0eHgTCrC1EAum9NRYAjPNOk1fO-khGJeWSUJlEmYwgknKSoAnITODY6w2rYDuD:1q8hGn:lBZoWFCCF-MH1OPfVE58TsXG-Z5osIQkCk5f1kmUnBE','2023-06-26 13:07:41.306333'),('ojkmjc0m4oh9fc5zsoj9djsr44nuawpl','.eJxVjMEOwiAQRP-FsyFbCgv1pj9CFtiGxoYmAifjv9uaHvQ4b2beS3jqLfte-emXJK7CiMsvCxQfXI6C1vXAkmLcemnyuznrKm974tKWSG3Zyv18_aky1bx7ANAFZNBJo8NptqiSNsrZNIwuKAhAkWZwhpNlC4icgKbIRukRx4HE-wOcQju2:1rLLoq:4ys0458AaEjhEYG1IRH7O3kgTIdQjWyRgF8d6XtEqjs','2024-01-18 11:23:24.742603'),('oxjlesgtxi6cb03r8lwrczm88abo47ba','.eJxVjMsOwiAURP-FtSFA4QLu7I-Qy-OGxoYmQlfGf9eaLnQ5Z2bOkwXcRw17L4-wZHZlil1-WcR0L-0ocF0PzDGlbW-Dfzdn3fntk0obS8KxbG0-X3-qir0eHgTCrC1EAum9NRYAjPNOk1fO-khGJeWSUJlEmYwgknKSoAnITODY6w2rYDuD:1rD59j:M78ZJ52FGl7o4O8Px12B6TngZH2vdPRqWGf_j1gaqaQ','2023-12-26 15:58:47.143284'),('p31jjyir2z110zk5lzgtiyoxn1j1msgn','eyJzb2NpYWxhY2NvdW50X3N0YXRlIjpbeyJwcm9jZXNzIjoibG9naW4iLCJzY29wZSI6IiIsImF1dGhfcGFyYW1zIjoiIn0sIjl0Z1ZKYVdMaTZIOSJdfQ:1qT07K:3cou7km5IQweW-GJuO27GLbX2LZ2z7QKwOAs_vdl5xc','2023-08-21 13:17:50.807921'),('pg1otoqc216x56lzt2re88bu7s1j5363','.eJxVjEEOgyAQRe_C2pgOWAF37UXIMEAlpZgodNP07lVjmric9_68D0OiqeZi3n6OIXpn_AtjYkOuKTV_Wxc_s4E9WMMM1jLuwES3MujP0CI9fd4MprTh9oi0--bQS3tbL59LJCxxyvfj65QacRnXjuIXpYISEpwmLa6gu-A4ILdadmCFEz0EL61VgYCsBiIKylnHgwLsJfv-AE1vTrA:1qYqrR:ikufBOiuopCA69EyTZJwzOOziuVTuKOUTRgSo5l7zAA','2023-09-06 16:37:37.662522'),('pgs9bx4wgd1p20fslemwo49qgs9rrjat','.eJxVjDkOwjAUBe_iGln-jheFkp4zWP6LcQA5UpxUiLtDpBTQvpl5L5Xytta0dVnSxOqsQJ1-N8z0kLYDvud2mzXNbV0m1LuiD9r1dWZ5Xg7376DmXr91to58IW94gCISR4_FYIjgKbpgY0AcwaGAB2TrIgWLAcGQH5gckXp_AOqqOBw:1r3czl:wKCPgQt4XSIqZ5TbjtorOq4C8mlODTAW0Ch3HvnrOxs','2023-11-30 14:05:25.216142'),('psr656jy74lcksb51cmuby7rjee9z263','.eJxVjMEOwiAQRP-FsyEssrR49N5vIMuyStXQpLQn47_bJj3ocea9mbeKtC4lrk3mOGZ1UaBOv10ifkrdQX5QvU-ap7rMY9K7og_a9DBleV0P9--gUCvbGoOxbN2NwWUnphciNOzSlnomK14CdAYyW0AEFM_c-RDACviU8aw-X96BN5E:1qSzuq:zY9TqJjb-4Dx7q_UyhDzWcVM52ogJAFw5rfumoBs1io','2023-08-21 13:04:56.182860'),('pt17gi899p6vaxs3g6bqmrjhq7nkncmb','.eJxVjMEOwiAQRP-FsyHASgFv-iNk2a6B2NBE6Mn471LTg95m5s3MS0Tceo5b42css7gIEKffLCE9uO4Al2WPJRKtW-3y2zlwk9fhuPZC2Mtab8fq7ypjy-PH3Nlb9mevE5HzPlkzsx2SAqvAQYMFmpRR7FWagAIEYKPJAaowayfeH7_4O_c:1q50zS:t2oVUybOCqATsouSOUlXqQUnIfZkTpu8DJmrTI8tudM','2023-06-16 09:22:34.908834'),('pulhyn81a10kyyo3zb2mq7oo1z7788n4','.eJxVjMEOwiAQRP-FsyFbCgv1pj9CFtiGxoYmAifjv9uaHvQ4b2beS3jqLfte-emXJK7CiMsvCxQfXI6C1vXAkmLcemnyuznrKm974tKWSG3Zyv18_aky1bx7ANAFZNBJo8NptqiSNsrZNIwuKAhAkWZwhpNlC4icgKbIRukRx4HE-wOcQju2:1rLBY4:KOqUI7vs9Rp8KBBAAfLzAoOAsRpX2izF_2vK8xArNjw','2024-01-18 00:25:24.063958'),('pz2134rccvmd9q2frqmwcttekee2g9aw','.eJxVjMEOgyAQRP-Fc2PcRUB6a3_ELMsSTA0mFU5N_73aeGiP82bmvdREreapbfKc5qiuClBdfmEgfkg5GlqWA3fEvLZSu-_mrLfuticpdWaq81ru5-tPlWnLu8f1iUfrIPAQRGTwVnyPGBMkbcjrUSKAY40-RsLRAGIwDD4ly73RVr0_65E8fQ:1qRBT4:liFDvMPL-lvG8sFhLXSneB7vAA50JcfrEZ_fi4CBGGA','2023-08-16 13:00:46.840263'),('q4omp45c8fwjq56fc1yz86bj6ssxwdhs','.eJxVjMsOwiAURP-FtSFA4QLu7I-Qy-OGxoYmQlfGf9eaLnQ5Z2bOkwXcRw17L4-wZHZlil1-WcR0L-0ocF0PzDGlbW-Dfzdn3fntk0obS8KxbG0-X3-qir0eHgTCrC1EAum9NRYAjPNOk1fO-khGJeWSUJlEmYwgknKSoAnITODY6w2rYDuD:1qRBSc:82Eh41gQY6M1Wyac3uQlb1yY7xcV8emwxoFhgN6EGTU','2023-08-16 13:00:18.882817'),('q8aerd0cj6zlt87ccookcjdd9k1poblj','.eJxVjMEOwiAQRP-FsyEsDVvwpj9CFhYDsaGJhVPjv0tND3qcefNmF556y75v6eULi6sAJS6_ZaD4TPUgtCxHLSnGtdcmv5sTb_I2UqqtRGplrffT-rvKtOXxYy2jepBOGpi10pPTxEBxRgwAiJFnpck4ZQ2kEAw4cgGSG5pFO7F4fwDTTTwS:1qMRXC:1as4dB6pYxbEta2aNFgTqTlLHAXKU57ix5V0ivEJp-I','2023-08-03 11:09:26.160556'),('qcte5loou17wz0ftz778ivepspktddl8','.eJxVjMEOwiAQRP-FsyHASgFv-iNk2a6B2NBE6Mn471LTg95m5s3MS0Tceo5b42css7gIEKffLCE9uO4Al2WPJRKtW-3y2zlwk9fhuPZC2Mtab8fq7ypjy-PH3Nlb9mevE5HzPlkzsx2SAqvAQYMFmpRR7FWagAIEYKPJAaowayfeH7_4O_c:1qdbly:eGOmfoKg8FTOZqy8mfn4TIrOjX5gm0EOur3HW_PB8PA','2023-09-19 19:31:38.399923'),('qg22jywi4phi4lplg34t4m8j6jrtn4kk','.eJxVjMsOwiAURP-FtSFA4QLu7I-Qy-OGxoYmQlfGf9eaLnQ5Z2bOkwXcRw17L4-wZHZlil1-WcR0L-0ocF0PzDGlbW-Dfzdn3fntk0obS8KxbG0-X3-qir0eHgTCrC1EAum9NRYAjPNOk1fO-khGJeWSUJlEmYwgknKSoAnITODY6w2rYDuD:1qRBfb:32NkAjQnjEJwGZ_KoDUlvpUmFoi_y3V7K_6kujebNq0','2023-08-16 13:13:43.314289'),('qhufn338ydp78pf4kevdjojiaml0fzym','.eJxVjMsOwiAURP-FtSFA4QLu7I-Qy-OGxoYmQlfGf9eaLnQ5Z2bOkwXcRw17L4-wZHZlil1-WcR0L-0ocF0PzDGlbW-Dfzdn3fntk0obS8KxbG0-X3-qir0eHgTCrC1EAum9NRYAjPNOk1fO-khGJeWSUJlEmYwgknKSoAnITODY6w2rYDuD:1q4k4P:gOFlzYHk1pa57p-yu_Ecu9eUNHKyuRRkdiwxmNs639g','2023-06-15 15:18:33.572043'),('qitiodeihd33f9d3nd3hal90mtn7f7m8','.eJxVjMEOgyAQRP-Fc2PcRUB6a3_ELMsSTA0mFU5N_73aeGiP82bmvdREreapbfKc5qiuClBdfmEgfkg5GlqWA3fEvLZSu-_mrLfuticpdWaq81ru5-tPlWnLu8f1iUfrIPAQRGTwVnyPGBMkbcjrUSKAY40-RsLRAGIwDD4ly73RVr0_65E8fQ:1qLNSw:l5jurltD2x4-_xoCn5RCnXlsbwi7WMAVkj-VwWCFIgo','2023-07-31 12:36:38.181573'),('qlk3d0cp47y3e0u85zb2jmqkcxsbetnb','.eJxVjMEOwiAQRP-FsyHASgFv-iNk2a6B2NBE6Mn471LTg95m5s3MS0Tceo5b42css7gIEKffLCE9uO4Al2WPJRKtW-3y2zlwk9fhuPZC2Mtab8fq7ypjy-PH3Nlb9mevE5HzPlkzsx2SAqvAQYMFmpRR7FWagAIEYKPJAaowayfeH7_4O_c:1qxl5C:reVwR0Ri0GghDqAoWsBoqYs9ubv_fWa7BnrE1dm6NeQ','2023-11-14 09:30:46.989723'),('qvgp4nri1n2csp5348rlghelngcoxphz','.eJxVjMsOwiAURP-FtSFA4QLu7I-Qy-OGxoYmQlfGf9eaLnQ5Z2bOkwXcRw17L4-wZHZlil1-WcR0L-0ocF0PzDGlbW-Dfzdn3fntk0obS8KxbG0-X3-qir0eHgTCrC1EAum9NRYAjPNOk1fO-khGJeWSUJlEmYwgknKSoAnITODY6w2rYDuD:1q923H:bmrV2ofuG3q220BiEbbmh2cs3kRhg9Z91bmPQGqwQjk','2023-06-27 11:19:07.051423'),('qxz9cp88mzfvij736nxishjqh502zjng','.eJxVjEEOwiAURO_C2jSAHwju9CLk84FAbGgisGq8u9R0oct5M_N25nD07EaLL1cCuzFxZZdf6JGesR4NruuBFyTaRu3Ld3PWbbnPFGsvhL1s9XG-_lQZW56epKSW0SggDl75mGRAABJeISQtrPSBLLcW0uScEkVKQpAJ2nMuwLD3B_YDPSU:1qOHrI:xYABxRqIRu-9KBiD9YAc1JCv7ULCZY9KRCwNUyPNZLY','2023-08-08 13:13:48.505588'),('r166axeiwjspofcjviblyzq0132olybq','.eJxVjMsOwiAURP-FtSFA4QLu7I-Qy-OGxoYmQlfGf9eaLnQ5Z2bOkwXcRw17L4-wZHZlil1-WcR0L-0ocF0PzDGlbW-Dfzdn3fntk0obS8KxbG0-X3-qir0eHgTCrC1EAum9NRYAjPNOk1fO-khGJeWSUJlEmYwgknKSoAnITODY6w2rYDuD:1qT0RK:Os9jjjdH7Ur3zJvjnRmgGxVNhne-oAVJjQOgSgBib4Y','2023-08-21 13:38:30.865624'),('rbflhnhg0ln8y0j7bepnemy9hhv4xyou','.eJxVjMEOgyAQRP-Fc2PcRUB6a3_ELMsSTA0mFU5N_73aeGiP82bmvdREreapbfKc5qiuClBdfmEgfkg5GlqWA3fEvLZSu-_mrLfuticpdWaq81ru5-tPlWnLu8f1iUfrIPAQRGTwVnyPGBMkbcjrUSKAY40-RsLRAGIwDD4ly73RVr0_65E8fQ:1qUJTu:i0V6nNRsIoNGyCp8WOr_jVUqUOoQzhTxi7MjaUzoH0A','2023-08-25 04:10:34.693246'),('rh3fjoqwgc76vllq1usfxf3rrx2rbp03','.eJxVjMEOwiAQRP-FsyEssrR49N5vIMuyStXQpLQn47_bJj3ocea9mbeKtC4lrk3mOGZ1UaBOv10ifkrdQX5QvU-ap7rMY9K7og_a9DBleV0P9--gUCvbGoOxbN2NwWUnphciNOzSlnomK14CdAYyW0AEFM_c-RDACviU8aw-X96BN5E:1qveO1:4sJv8b4pfcnQH80rZDBYFWE5ZqXeLbIhVMGX9_64k9o','2023-11-08 13:57:29.152645'),('rjy3lu88lp9nskprxe9utgdbv31bbvya','.eJxVjM0OwiAQhN-FsyHA8tN60xdplu0SiA1NhJ6M725retDjfDPzvcSEW8_T1vg5lVlchQFx-YUR6cH1aHBZDiyRaN1ql9_NWTd52xPXXgh7Wev9fP2pMra8eyBpFVPSgdjxGP2gfAIXPFvDGEEZiuMcDGgTgwe2Nlk3WM-gyFnNKN4f5ZQ8RQ:1rUSB5:AUHYeBhN9xvWI3pJQwtAQeU2bwpTSEzesY6mQgVXlWY','2024-02-12 13:59:59.934313'),('ro8idmyex7ffuhqcikx5uwwy4fafvog0','.eJxVjMsOwiAURP-FtSFA4QLu7I-Qy-OGxoYmQlfGf9eaLnQ5Z2bOkwXcRw17L4-wZHZlil1-WcR0L-0ocF0PzDGlbW-Dfzdn3fntk0obS8KxbG0-X3-qir0eHgTCrC1EAum9NRYAjPNOk1fO-khGJeWSUJlEmYwgknKSoAnITODY6w2rYDuD:1qT1BU:Cm59Tu47-yU9YMk5ElwsQCmsXLR-I6mAJeQKEbUdnaM','2023-08-21 14:26:12.154742'),('roiup9qgfdok6dkgggi8ax1vyarqiqau','.eJxVjMsOwiAURP-FtSG8qe7sjzSXyyUQG5oIrIz_bmu60OWcmTkvtsDoeRmNnkuJ7MY8u_yyAPigehSwrgfmgLiN2vl3c9aN3_dEtReEXrY6n68_VYaWd0-Q15RMQi0N2CA8eCWU8DSR0jJZOznUEIMTkbTxZBRKGRKAiY7QkmXvD8H3PMU:1qQPmR:_xis6Ko-XgA9pqE0eqcqkaSAluJFQJ_yiwUKi7_12dA','2023-08-14 10:05:35.874471'),('rzva1h5n01a7x2pbxyx5y8lr6x077abw','.eJxVjDsOwjAQBe_iGlnejX9Q0ucM1tprcADZUpxUiLuTSCmgfTNv3iLQupSw9jyHicVFgDj9bpHSM9cd8IPqvcnU6jJPUe6KPGiXY-P8uh7uX6BQL9tboVbotMezUoTWJHTGD2zVQFvERbY2WQANyVkwcAPm6CPqbJASOy0-X6VNNvE:1r5hHL:Kx0i3iA-sZLYR_W5ENBAQQnjKKM2CbzQAhcIDKSGIoE','2023-12-06 07:04:07.538169'),('s70yxfw0g0xdvac04yzjzsxiq9440yyv','eyJzb2NpYWxhY2NvdW50X3N0YXRlIjpbeyJwcm9jZXNzIjoibG9naW4iLCJzY29wZSI6IiIsImF1dGhfcGFyYW1zIjoiIn0sIjZtYjRpRE5hM1JJSiJdfQ:1qvDj3:pKKKS_P-FwOJKkqKiDxjGQgvdx-UNBh7ewRypZJg2n8','2023-11-07 09:29:25.074856'),('s80z47k7v9s0z4eeilm2xkaz8271wtit','.eJxVjjFvhDAMhf-L5xOCQExy21Xq0KFb1aWqkAnxEZUmiIShOt1_b3JiaDf7fc_P7wYD7Wke9mi3wU1wBgGnv9pI5sv6AmhZilyRMWH3qXp4DhyrS96sT85QcsE_HVf_omaKc8khZJq6HkfGRute9ogolVYda6F6PbIURihTi4lr28qauWnaBjtGli2qHBqDcbQcRYaYKFk4f9xg3YKxMeYnS7g6X5wmrJlBHh9FVtrouxjgfoLra-vff1J8ebs8w-f9FxQ0WMg:1qV6UV:bZHBl0drdkkTBe1ZK9VxjAXS2ZDfamH_RbrbNEVE63s','2023-08-27 08:30:27.283965'),('s8kwazbbev6eciaeyb828digdikpv6m8','.eJxljEEOgyAQRe_C2hhAEOuuvQgZhiGSUkwUuml696oxTZou570_78UAca652CctMUTylh4QExtzTan52rrSwkZmWMMs1DIdwEb_zxzgnfIuIKUdt2ejPTanXtvrdlEuEaHEOd_Or5_UBOu0dZy4hKACdkKBdtyAkVxyQwPJTgSthx478K7nnjplSEkUwgUA5XtCTZq9PwjITls:1q65Tx:QE49bGMFbqP-XPgUIQz23sXkzDlJ-Sj-9xk-1n8WrF4','2023-06-19 08:22:29.552447'),('sg3myihzffe97q7aizznfzm7qs2tj159','.eJxVjMEOgyAQRP-Fc2PcRUB6a3_ELMsSTA0mFU5N_73aeGiP82bmvdREreapbfKc5qiuClBdfmEgfkg5GlqWA3fEvLZSu-_mrLfuticpdWaq81ru5-tPlWnLu8f1iUfrIPAQRGTwVnyPGBMkbcjrUSKAY40-RsLRAGIwDD4ly73RVr0_65E8fQ:1qOMbH:dybOOz43ojt5HWBxATMNfRuoTcNDztrJQhG1Y5hBdHo','2023-08-08 18:17:35.573167'),('slkrvsqrd8023zp733cyyq3tkhdw6ny4','.eJxVjMEOgyAQRP-Fc2PcRUB6a3_ELMsSTA0mFU5N_73aeGiP82bmvdREreapbfKc5qiuClBdfmEgfkg5GlqWA3fEvLZSu-_mrLfuticpdWaq81ru5-tPlWnLu8f1iUfrIPAQRGTwVnyPGBMkbcjrUSKAY40-RsLRAGIwDD4ly73RVr0_65E8fQ:1qLNp0:GVPgk28iptUHm2Az6U9TOXPrvw23Z5Mo6jw-KewMCPc','2023-07-31 12:59:26.061349'),('t1c44ocl5t12yx8s9730bpbxif708ias','eyJzb2NpYWxhY2NvdW50X3N0YXRlIjpbeyJwcm9jZXNzIjoibG9naW4iLCJzY29wZSI6IiIsImF1dGhfcGFyYW1zIjoiIn0sIlZDYmNuREFveDJFOCJdfQ:1qBAYS:eMQPriXvVk44I6RiifWio6iMbSicOPn-oBjd5_RTHhU','2023-07-03 08:48:08.460318'),('t8zmc3zgiqj9hx1kpydtzckc70d3l3j8','.eJxVjMsOwiAURP-FtSG8qe7sjzSXyyUQG5oIrIz_bmu60OWcmTkvtsDoeRmNnkuJ7MY8u_yyAPigehSwrgfmgLiN2vl3c9aN3_dEtReEXrY6n68_VYaWd0-Q15RMQi0N2CA8eCWU8DSR0jJZOznUEIMTkbTxZBRKGRKAiY7QkmXvD8H3PMU:1qYRR8:O2ttiFuYgwYra05boB8SBWWwsh57yFjsPdBwB_qXhlQ','2023-09-05 13:28:46.816850'),('trm3de91vg5l20xn399d9x4tfhhy1jo1','.eJxVjMEOwiAQRP-FsyFbCgv1pj9CFtiGxoYmAifjv9uaHvQ4b2beS3jqLfte-emXJK7CiMsvCxQfXI6C1vXAkmLcemnyuznrKm974tKWSG3Zyv18_aky1bx7ANAFZNBJo8NptqiSNsrZNIwuKAhAkWZwhpNlC4icgKbIRukRx4HE-wOcQju2:1q4hRq:cXiKrf9AZNebIRRRrSq5c4v-1jjPxrk9VbIOafppzY4','2023-06-15 12:30:34.113595'),('twlzo26iybc7qj30zhkfmpd3mst14ueu','eyJzb2NpYWxhY2NvdW50X3N0YXRlIjpbeyJwcm9jZXNzIjoibG9naW4iLCJzY29wZSI6IiIsImF1dGhfcGFyYW1zIjoiIn0sIjF5bThBOWh4blNQSSJdfQ:1q9kxC:miN6PAchHO9Kq9XCmy7jFg8S8K6Gz8TG-smkB0jzQgs','2023-06-29 11:15:50.148290'),('u0dvebwz7sz8y2dexvtp51rz8jbvh4xy','.eJxVjM0OwiAQhN-Fs2mW8rOtN30RssASiA1NhJ6M725retDjfDPzvYSjrWe3NX66EsVVaHH5ZZ7Cg-tR0LIceKAQ1q324bs56zbc9sS1l0C9rPV-vv5UmVrePYgRE6RoJQDExGE02niPFiKrpC3NOBJCImRpUFGS88wAk5qkZwQp3h_BCTwT:1q4eFk:SlWfgv-mosD73iHX3sjvnIFmF9npgb3Qmxhde9Ea4r4','2023-06-15 09:05:52.331166'),('u7i7pzhjssckdvjzt7kp6fwung4la87q','.eJxVjMEOwiAQRP-FsyEssrR49N5vIMuyStXQpLQn47_bJj3ocea9mbeKtC4lrk3mOGZ1UaBOv10ifkrdQX5QvU-ap7rMY9K7og_a9DBleV0P9--gUCvbGoOxbN2NwWUnphciNOzSlnomK14CdAYyW0AEFM_c-RDACviU8aw-X96BN5E:1qlNpb:UEDsgQKpSWczSiipn4ds1KFOrAE4BFplw6B4CxOzNhs','2023-10-11 06:15:31.084190'),('ubw7ahyjhr17ifqmyw3datnsdy7uwgoj','.eJxVjjFvwyAQhf_LzZFlY4MhWzN0qdStU1VZB-ZqFAdcgyNFUf57IfLQbnfve_fu3WHALU3DFu06uBGOwODwV9NoztYXgPNc5AqNCZtP1dOz41i95M365AwmF_xpv_oXNWGcSg4KwrHrhSbRKNXzXgjBpZIdKSZ7pYkzw6Sp2Ui1bXlN1DRtIzoSxFshc2gMxuG8FxliwmTh-HmHZQ3GxpifzOHb-eI0YckM8vgssuCKl2KAxwF-Pl5vV5q6t3et4evxCxX2WPQ:1qgfyV:zb86ASIAFBeAiEtvh3oroFKSRJe4wYAiPt7-30HxEzE','2023-09-28 06:37:15.261014'),('uha9cto0guyxu9gz7am4ck1uwuhbyep8','.eJxVjMEOgyAQRP-Fc2PcRUB6a3_ELMsSTA0mFU5N_73aeGiP82bmvdREreapbfKc5qiuClBdfmEgfkg5GlqWA3fEvLZSu-_mrLfuticpdWaq81ru5-tPlWnLu8f1iUfrIPAQRGTwVnyPGBMkbcjrUSKAY40-RsLRAGIwDD4ly73RVr0_65E8fQ:1qRCTV:WdnDJnTmiIsS4iGT_uQCuhLgejfHDypghmOp5XTFqN4','2023-08-16 14:05:17.355525'),('uozccrywyf0i1i4t50g10n8oguih6tr0','.eJxVjMEOgyAQRP-Fc2PcRUB6a3_ELMsSTA0mFU5N_73aeGiP82bmvdREreapbfKc5qiuClBdfmEgfkg5GlqWA3fEvLZSu-_mrLfuticpdWaq81ru5-tPlWnLu8f1iUfrIPAQRGTwVnyPGBMkbcjrUSKAY40-RsLRAGIwDD4ly73RVr0_65E8fQ:1qUShg:fLGbz_S7R0hgtn5AIOCZeTNQ0z_lMu_-ZsVFEAAYpSo','2023-08-25 14:01:24.968227'),('ushhtytckphic6loyoxhsmwcmbimdtz1','.eJxVjM0OwiAQhN-Fs2mW8rOtN30RssASiA1NhJ6M725retDjfDPzvYSjrWe3NX66EsVVaHH5ZZ7Cg-tR0LIceKAQ1q324bs56zbc9sS1l0C9rPV-vv5UmVrePYgRE6RoJQDExGE02niPFiKrpC3NOBJCImRpUFGS88wAk5qkZwQp3h_BCTwT:1q4Ln4:Pw-39yOYmIbK7m7KeoCEB5w2ynHPAuHMfOwy6KawSx8','2023-06-14 13:23:02.561351'),('v383lcptpj3pnibrz61mnwpg1wts6xvu','.eJxVjMEOwiAQRP-FsyEssrR49N5vIMuyStXQpLQn47_bJj3ocea9mbeKtC4lrk3mOGZ1UaBOv10ifkrdQX5QvU-ap7rMY9K7og_a9DBleV0P9--gUCvbGoOxbN2NwWUnphciNOzSlnomK14CdAYyW0AEFM_c-RDACviU8aw-X96BN5E:1qRA3s:K0VfXIy_vzqq9NefuzkywfaDpo1R-tYmo2TKc22_q0o','2023-08-16 11:30:40.332556'),('v8fbs0lmvuvcnwwtob9ottift2jikehg','.eJxVjMEOwiAQRP-FsyFbCgv1pj9CFtiGxoYmAifjv9uaHvQ4b2beS3jqLfte-emXJK7CiMsvCxQfXI6C1vXAkmLcemnyuznrKm974tKWSG3Zyv18_aky1bx7ANAFZNBJo8NptqiSNsrZNIwuKAhAkWZwhpNlC4icgKbIRukRx4HE-wOcQju2:1rLLr2:8-COfMSR9ioQsOKQ9Q-XfpNmO30xWR1uw_g4Aa6yICY','2024-01-18 11:25:40.653471'),('v9nwgwwnbuvowma2yyprhj2266bk93r2','.eJxVjM0OwiAQhN-Fs2mW8rOtN30RssASiA1NhJ6M725retDjfDPzvYSjrWe3NX66EsVVaHH5ZZ7Cg-tR0LIceKAQ1q324bs56zbc9sS1l0C9rPV-vv5UmVrePYgRE6RoJQDExGE02niPFiKrpC3NOBJCImRpUFGS88wAk5qkZwQp3h_BCTwT:1qyWPe:vqCW8lPWY6b6KAt8i91rF6dq9cNvlaBni-HY-6Q70YA','2023-11-16 12:03:02.794360'),('vksmbwzewnrh3gg6l2vwoboa47ltul2q','.eJxVjM0OwiAQhN-FsyHA8tN60xdplu0SiA1NhJ6M725retDjfDPzvcSEW8_T1vg5lVlchQFx-YUR6cH1aHBZDiyRaN1ql9_NWTd52xPXXgh7Wev9fP2pMra8eyBpFVPSgdjxGP2gfAIXPFvDGEEZiuMcDGgTgwe2Nlk3WM-gyFnNKN4f5ZQ8RQ:1rUSDC:BwUZEznnpJ-yFUdraXZDSQ0bJ7BdD8hfU20qfA7Vjmo','2024-02-12 14:02:10.165826'),('w3mdzub76rs6myucmf6739swzal151qn','.eJxVjMsOwiAURP-FtSFA4QLu7I-Qy-OGxoYmQlfGf9eaLnQ5Z2bOkwXcRw17L4-wZHZlil1-WcR0L-0ocF0PzDGlbW-Dfzdn3fntk0obS8KxbG0-X3-qir0eHgTCrC1EAum9NRYAjPNOk1fO-khGJeWSUJlEmYwgknKSoAnITODY6w2rYDuD:1qCb1F:7DBqcxpKZkQ9IzMzDs1Ja3pVTtGcGH5PGKKoFx7szF4','2023-07-07 07:15:45.111584'),('w5h27883bk6037dqyom46pwhdtaesebe','.eJxVjMEOwiAQRP-FsyEssrR49N5vIMuyStXQpLQn47_bJj3ocea9mbeKtC4lrk3mOGZ1UaBOv10ifkrdQX5QvU-ap7rMY9K7og_a9DBleV0P9--gUCvbGoOxbN2NwWUnphciNOzSlnomK14CdAYyW0AEFM_c-RDACviU8aw-X96BN5E:1qlQi7:2MykXlX_3xhl2nvoGdCO2lutF0BNbZ8mW3Iw5XNZeYk','2023-10-11 09:19:59.209307'),('wc5hz0ip01f0xejovaxxyo6qw6tc4q9l','.eJxljM0KgzAQBt8lZxHT1fx4qy8S1s0WQ9MImvRS-u5VkULpcWe-nZdAormk7J68hFtg7_iBIYo-lRirry0rL6IXVlTCYcnTAVzw_2xEunPaBca44_ps1Mfm1Gt93S5OORDmMKfh_PpJTbhOW-eCAEzWa7IalQE7SlAAGomxNdCQbDruWhgVyAa8Z22g1eipk8qy8eL9AfkETYc:1q93R8:uBzCbgKWMKRVEEuO4wnvglcMQ0Rx3jCSuEDYcqaMa-U','2023-06-27 12:47:50.357286'),('wzbbodejldfhv265nc43xbyyzmtlcp0b','eyJzb2NpYWxhY2NvdW50X3N0YXRlIjpbeyJwcm9jZXNzIjoibG9naW4iLCJzY29wZSI6IiIsImF1dGhfcGFyYW1zIjoiIn0sIkxFbzA4OGduOTQ4MCJdfQ:1rUS1Z:76O_aMQ11fWL4QDuccbsxnrnVEwKUX3V8f-pbW3afEY','2024-02-12 13:50:09.428068'),('x18hfakonprp75lnmx3lcgtthe8v57ap','.eJxVjMEOgyAQRP-Fc2PcRUB6a3_ELMsSTA0mFU5N_73aeGiP82bmvdREreapbfKc5qiuClBdfmEgfkg5GlqWA3fEvLZSu-_mrLfuticpdWaq81ru5-tPlWnLu8f1iUfrIPAQRGTwVnyPGBMkbcjrUSKAY40-RsLRAGIwDD4ly73RVr0_65E8fQ:1qUPMB:U5rpEH27F9iwIOLa9mtw_krB9I88yl_UPTyPb8ga5dg','2023-08-25 10:26:59.127064'),('xp5vwr9b2hehzzfhs1rwuxiyr86isqi1','.eJxVjMEOwiAQRP-FsyEssrR49N5vIMuyStXQpLQn47_bJj3ocea9mbeKtC4lrk3mOGZ1UaBOv10ifkrdQX5QvU-ap7rMY9K7og_a9DBleV0P9--gUCvbGoOxbN2NwWUnphciNOzSlnomK14CdAYyW0AEFM_c-RDACviU8aw-X96BN5E:1q513R:awkgYQRxXqgGC0kXE3n8mbq82VOOX56i9PuNHb5vqwU','2023-06-16 09:26:41.064561'),('ybgt11u3g3u4um87ur2cpaciesgk6i5w','.eJxVjDsOwjAQBe_iGlnrv0NJzxmsXa-NAyiW8qkQd4dIKaB9M_NeIuG2trQtZU4ji7NQ4vS7EeZHmXbAd5xuXeY-rfNIclfkQRd57Vyel8P9O2i4tG8dNBAUGBRlUOisRZeDRW18BaQIUGJ0tWpWANZQsGQiBz1oz-CLYvH-AMdUNxw:1rDElv:3-BRJdZZPiZErHPy6vcygcV6qJ1A_doH8qtU3A4nKEM','2023-12-27 02:14:51.444362'),('yfkipvfde7zk5jta8xx38sqqnpvqlnds','eyJzb2NpYWxhY2NvdW50X3N0YXRlIjpbeyJwcm9jZXNzIjoibG9naW4iLCJzY29wZSI6IiIsImF1dGhfcGFyYW1zIjoiIn0sIkh4UzB0ZlBya1A4MiJdfQ:1qKCA0:XaFa-y5vTF5EQZeZ_1lRqtZvJrPsBVZqEx5giiaQw4E','2023-07-28 06:20:12.381988'),('yg31dw25u4wq5uj1j8e7t0pr6ckkwk74','.eJxVjMsOwiAURP-FtSFA4QLu7I-Qy-OGxoYmQlfGf9eaLnQ5Z2bOkwXcRw17L4-wZHZlil1-WcR0L-0ocF0PzDGlbW-Dfzdn3fntk0obS8KxbG0-X3-qir0eHgTCrC1EAum9NRYAjPNOk1fO-khGJeWSUJlEmYwgknKSoAnITODY6w2rYDuD:1qnfGe:pEd9X2X_108cqNzW5FYN37sKvZ-5jheWxI4LqSrS9sI','2023-10-17 13:16:52.415378'),('ykwcm3yeqlwebhkovxp9vnrz0gg7x43a','.eJxVjMEOgyAQRP-Fc2PcRUB6a3_ELMsSTA0mFU5N_73aeGiP82bmvdREreapbfKc5qiuClBdfmEgfkg5GlqWA3fEvLZSu-_mrLfuticpdWaq81ru5-tPlWnLu8f1iUfrIPAQRGTwVnyPGBMkbcjrUSKAY40-RsLRAGIwDD4ly73RVr0_65E8fQ:1qUJ3F:L0-vCE9dUw89p8OSEWfqHChjmHtJc-_ZMbC7551kU7U','2023-08-25 03:43:01.509477'),('yr6rtdndpmt0hjarfv79q1lk0x3d4vny','.eJxVjM0OwiAQhN-Fs2mW8rOtN30RssASiA1NhJ6M725retDjfDPzvYSjrWe3NX66EsVVaHH5ZZ7Cg-tR0LIceKAQ1q324bs56zbc9sS1l0C9rPV-vv5UmVrePYgRE6RoJQDExGE02niPFiKrpC3NOBJCImRpUFGS88wAk5qkZwQp3h_BCTwT:1qBrn8:qwYh2ZuW-9hpqNn0kApEZZD0DwHI9PSKctuDuEwOyMA','2023-07-05 06:58:10.041540'),('yvrl4mjbh8psm91osjqefee163w8wqb2','.eJxVjDsOwjAQBe_iGlnejX9Q0ucM1tprcADZUpxUiLuTSCmgfTNv3iLQupSw9jyHicVFgDj9bpHSM9cd8IPqvcnU6jJPUe6KPGiXY-P8uh7uX6BQL9tboVbotMezUoTWJHTGD2zVQFvERbY2WQANyVkwcAPm6CPqbJASOy0-X6VNNvE:1r3diJ:D82L-yxD4mLKyihXLoiL_oeEOp5AWwews8TSwXhESoE','2023-11-30 14:51:27.137376'),('yvxnil36gkm4tbfy3a81vqas4b0pj7sd','.eJxVjMEOwiAQRP-FsyHASgFv-iNk2a6B2NBE6Mn471LTg95m5s3MS0Tceo5b42css7gIEKffLCE9uO4Al2WPJRKtW-3y2zlwk9fhuPZC2Mtab8fq7ypjy-PH3Nlb9mevE5HzPlkzsx2SAqvAQYMFmpRR7FWagAIEYKPJAaowayfeH7_4O_c:1r2VqP:BC2y55YCmDg2e6Biam7I_qv791zsOzDazj8-vaMHmtY','2023-11-27 12:15:09.435918');
/*!40000 ALTER TABLE `django_session` ENABLE KEYS */;
UNLOCK TABLES;

--
-- Table structure for table `django_site`
--

DROP TABLE IF EXISTS `django_site`;
/*!40101 SET @saved_cs_client     = @@character_set_client */;
/*!50503 SET character_set_client = utf8mb4 */;
CREATE TABLE `django_site` (
  `id` int NOT NULL AUTO_INCREMENT,
  `domain` varchar(100) NOT NULL,
  `name` varchar(50) NOT NULL,
  PRIMARY KEY (`id`),
  UNIQUE KEY `django_site_domain_a2e37b91_uniq` (`domain`)
) ENGINE=InnoDB AUTO_INCREMENT=2 DEFAULT CHARSET=utf8mb3;
/*!40101 SET character_set_client = @saved_cs_client */;

--
-- Dumping data for table `django_site`
--

LOCK TABLES `django_site` WRITE;
/*!40000 ALTER TABLE `django_site` DISABLE KEYS */;
INSERT INTO `django_site` VALUES (1,'example.com','example.com');
/*!40000 ALTER TABLE `django_site` ENABLE KEYS */;
UNLOCK TABLES;

--
-- Table structure for table `projectinformation_datarepository`
--

DROP TABLE IF EXISTS `projectinformation_datarepository`;
/*!40101 SET @saved_cs_client     = @@character_set_client */;
/*!50503 SET character_set_client = utf8mb4 */;
CREATE TABLE `projectinformation_datarepository` (
  `id` bigint NOT NULL AUTO_INCREMENT,
  `name` varchar(30) NOT NULL,
  `faculty_dpmt` varchar(30) NOT NULL,
  `link` varchar(200) NOT NULL,
  PRIMARY KEY (`id`)
) ENGINE=InnoDB AUTO_INCREMENT=2 DEFAULT CHARSET=utf8mb3;
/*!40101 SET character_set_client = @saved_cs_client */;

--
-- Dumping data for table `projectinformation_datarepository`
--

LOCK TABLES `projectinformation_datarepository` WRITE;
/*!40000 ALTER TABLE `projectinformation_datarepository` DISABLE KEYS */;
INSERT INTO `projectinformation_datarepository` VALUES (1,'default datarepo','this is a placeholder','');
/*!40000 ALTER TABLE `projectinformation_datarepository` ENABLE KEYS */;
UNLOCK TABLES;

--
-- Table structure for table `socialaccount_socialaccount`
--

DROP TABLE IF EXISTS `socialaccount_socialaccount`;
/*!40101 SET @saved_cs_client     = @@character_set_client */;
/*!50503 SET character_set_client = utf8mb4 */;
CREATE TABLE `socialaccount_socialaccount` (
  `id` int NOT NULL AUTO_INCREMENT,
  `provider` varchar(30) NOT NULL,
  `uid` varchar(191) NOT NULL,
  `last_login` datetime(6) NOT NULL,
  `date_joined` datetime(6) NOT NULL,
  `extra_data` longtext NOT NULL,
  `user_id` int NOT NULL,
  PRIMARY KEY (`id`),
  UNIQUE KEY `socialaccount_socialaccount_provider_uid_fc810c6e_uniq` (`provider`,`uid`),
  KEY `socialaccount_socialaccount_user_id_8146e70c_fk_auth_user_id` (`user_id`),
  CONSTRAINT `socialaccount_socialaccount_user_id_8146e70c_fk_auth_user_id` FOREIGN KEY (`user_id`) REFERENCES `auth_user` (`id`)
) ENGINE=InnoDB AUTO_INCREMENT=23 DEFAULT CHARSET=utf8mb3;
/*!40101 SET character_set_client = @saved_cs_client */;

--
-- Dumping data for table `socialaccount_socialaccount`
--

LOCK TABLES `socialaccount_socialaccount` WRITE;
/*!40000 ALTER TABLE `socialaccount_socialaccount` DISABLE KEYS */;
INSERT INTO `socialaccount_socialaccount` VALUES (1,'orcid','0009-0003-6022-2633','2024-01-30 09:34:07.884730','2023-05-31 09:55:35.464035','{\"orcid-identifier\": {\"uri\": \"https://orcid.org/0009-0003-6022-2633\", \"path\": \"0009-0003-6022-2633\", \"host\": \"orcid.org\"}, \"preferences\": {\"locale\": \"EN\"}, \"history\": {\"creation-method\": \"DIRECT\", \"completion-date\": null, \"submission-date\": {\"value\": 1678883211759}, \"last-modified-date\": {\"value\": 1706607247562}, \"claimed\": true, \"source\": null, \"deactivation-date\": null, \"verified-email\": true, \"verified-primary-email\": true}, \"person\": {\"last-modified-date\": null, \"name\": {\"created-date\": {\"value\": 1678883212014}, \"last-modified-date\": {\"value\": 1678883212014}, \"given-names\": {\"value\": \"Jonas\"}, \"family-name\": {\"value\": \"Werheid\"}, \"credit-name\": null, \"source\": null, \"visibility\": \"PUBLIC\", \"path\": \"0009-0003-6022-2633\"}, \"other-names\": {\"last-modified-date\": null, \"other-name\": [], \"path\": \"/0009-0003-6022-2633/other-names\"}, \"biography\": null, \"researcher-urls\": {\"last-modified-date\": null, \"researcher-url\": [], \"path\": \"/0009-0003-6022-2633/researcher-urls\"}, \"emails\": {\"last-modified-date\": null, \"email\": [], \"path\": \"/0009-0003-6022-2633/email\"}, \"addresses\": {\"last-modified-date\": null, \"address\": [], \"path\": \"/0009-0003-6022-2633/address\"}, \"keywords\": {\"last-modified-date\": null, \"keyword\": [], \"path\": \"/0009-0003-6022-2633/keywords\"}, \"external-identifiers\": {\"last-modified-date\": null, \"external-identifier\": [], \"path\": \"/0009-0003-6022-2633/external-identifiers\"}, \"path\": \"/0009-0003-6022-2633/person\"}, \"activities-summary\": {\"last-modified-date\": null, \"educations\": {\"last-modified-date\": null, \"education-summary\": [], \"path\": \"/0009-0003-6022-2633/educations\"}, \"employments\": {\"last-modified-date\": null, \"employment-summary\": [], \"path\": \"/0009-0003-6022-2633/employments\"}, \"fundings\": {\"last-modified-date\": null, \"group\": [], \"path\": \"/0009-0003-6022-2633/fundings\"}, \"peer-reviews\": {\"last-modified-date\": null, \"group\": [], \"path\": \"/0009-0003-6022-2633/peer-reviews\"}, \"works\": {\"last-modified-date\": null, \"group\": [], \"path\": \"/0009-0003-6022-2633/works\"}, \"path\": \"/0009-0003-6022-2633/activities\"}, \"path\": \"/0009-0003-6022-2633\"}',2),(2,'orcid','0000-0002-8021-5524','2024-01-12 09:28:49.836785','2023-05-31 10:20:27.470580','{\"orcid-identifier\": {\"uri\": \"https://orcid.org/0000-0002-8021-5524\", \"path\": \"0000-0002-8021-5524\", \"host\": \"orcid.org\"}, \"preferences\": {\"locale\": \"EN\"}, \"history\": {\"creation-method\": \"DIRECT\", \"completion-date\": null, \"submission-date\": {\"value\": 1623162585245}, \"last-modified-date\": {\"value\": 1705051722452}, \"claimed\": true, \"source\": null, \"deactivation-date\": null, \"verified-email\": true, \"verified-primary-email\": true}, \"person\": {\"last-modified-date\": null, \"name\": {\"created-date\": {\"value\": 1623162585474}, \"last-modified-date\": {\"value\": 1623162585474}, \"given-names\": {\"value\": \"Tobias\"}, \"family-name\": {\"value\": \"Hamann\"}, \"credit-name\": null, \"source\": null, \"visibility\": \"PUBLIC\", \"path\": \"0000-0002-8021-5524\"}, \"other-names\": {\"last-modified-date\": null, \"other-name\": [], \"path\": \"/0000-0002-8021-5524/other-names\"}, \"biography\": null, \"researcher-urls\": {\"last-modified-date\": null, \"researcher-url\": [], \"path\": \"/0000-0002-8021-5524/researcher-urls\"}, \"emails\": {\"last-modified-date\": null, \"email\": [], \"path\": \"/0000-0002-8021-5524/email\"}, \"addresses\": {\"last-modified-date\": null, \"address\": [], \"path\": \"/0000-0002-8021-5524/address\"}, \"keywords\": {\"last-modified-date\": null, \"keyword\": [], \"path\": \"/0000-0002-8021-5524/keywords\"}, \"external-identifiers\": {\"last-modified-date\": null, \"external-identifier\": [], \"path\": \"/0000-0002-8021-5524/external-identifiers\"}, \"path\": \"/0000-0002-8021-5524/person\"}, \"activities-summary\": {\"last-modified-date\": {\"value\": 1702983075995}, \"educations\": {\"last-modified-date\": {\"value\": 1635845648605}, \"education-summary\": [{\"created-date\": {\"value\": 1635845428713}, \"last-modified-date\": {\"value\": 1635845643114}, \"source\": {\"source-orcid\": {\"uri\": \"https://orcid.org/0000-0002-8021-5524\", \"path\": \"0000-0002-8021-5524\", \"host\": \"orcid.org\"}, \"source-client-id\": null, \"source-name\": {\"value\": \"Tobias Hamann\"}}, \"department-name\": \"Development and Design M.Sc.\", \"role-title\": \"M.Sc.\", \"start-date\": {\"year\": {\"value\": \"2018\"}, \"month\": {\"value\": \"03\"}, \"day\": {\"value\": \"01\"}}, \"end-date\": {\"year\": {\"value\": \"2020\"}, \"month\": {\"value\": \"03\"}, \"day\": {\"value\": \"23\"}}, \"organization\": {\"name\": \"RWTH Aachen University\", \"address\": {\"city\": \"Aachen\", \"region\": \"Nordrhein-Westfalen\", \"country\": \"DE\"}, \"disambiguated-organization\": {\"disambiguated-organization-identifier\": \"grid.1957.a\", \"disambiguation-source\": \"GRID\"}}, \"visibility\": \"PUBLIC\", \"put-code\": 16265094, \"path\": \"/0000-0002-8021-5524/education/16265094\"}, {\"created-date\": {\"value\": 1635845526185}, \"last-modified-date\": {\"value\": 1635845648605}, \"source\": {\"source-orcid\": {\"uri\": \"https://orcid.org/0000-0002-8021-5524\", \"path\": \"0000-0002-8021-5524\", \"host\": \"orcid.org\"}, \"source-client-id\": null, \"source-name\": {\"value\": \"Tobias Hamann\"}}, \"department-name\": \"Mechanical engineering B.Sc. (Specialization: design/constructive engineering)\", \"role-title\": \"B.Sc.\", \"start-date\": {\"year\": {\"value\": \"2013\"}, \"month\": {\"value\": \"10\"}, \"day\": {\"value\": \"01\"}}, \"end-date\": {\"year\": {\"value\": \"2018\"}, \"month\": {\"value\": \"02\"}, \"day\": {\"value\": \"28\"}}, \"organization\": {\"name\": \"RWTH Aachen University\", \"address\": {\"city\": \"Aachen\", \"region\": \"Nordrhein-Westfalen\", \"country\": \"DE\"}, \"disambiguated-organization\": {\"disambiguated-organization-identifier\": \"grid.1957.a\", \"disambiguation-source\": \"GRID\"}}, \"visibility\": \"PUBLIC\", \"put-code\": 16265108, \"path\": \"/0000-0002-8021-5524/education/16265108\"}], \"path\": \"/0000-0002-8021-5524/educations\"}, \"employments\": {\"last-modified-date\": {\"value\": 1669819294555}, \"employment-summary\": [{\"created-date\": {\"value\": 1669819272460}, \"last-modified-date\": {\"value\": 1669819294555}, \"source\": {\"source-orcid\": {\"uri\": \"https://orcid.org/0000-0002-8021-5524\", \"path\": \"0000-0002-8021-5524\", \"host\": \"orcid.org\"}, \"source-client-id\": null, \"source-name\": {\"value\": \"Tobias Hamann\"}}, \"department-name\": \"Department for Organizational Development\", \"role-title\": \"Group Leader\", \"start-date\": {\"year\": {\"value\": \"2022\"}, \"month\": {\"value\": \"01\"}, \"day\": {\"value\": \"01\"}}, \"end-date\": null, \"organization\": {\"name\": \"Werkzeugmaschinenlabor der RWTH Aachen\", \"address\": {\"city\": \"Aachen\", \"region\": \"Nordrhein-Westfalen\", \"country\": \"DE\"}, \"disambiguated-organization\": {\"disambiguated-organization-identifier\": \"88791\", \"disambiguation-source\": \"RINGGOLD\"}}, \"visibility\": \"PUBLIC\", \"put-code\": 19059880, \"path\": \"/0000-0002-8021-5524/employment/19059880\"}, {\"created-date\": {\"value\": 1635844321026}, \"last-modified-date\": {\"value\": 1635845690852}, \"source\": {\"source-orcid\": {\"uri\": \"https://orcid.org/0000-0002-8021-5524\", \"path\": \"0000-0002-8021-5524\", \"host\": \"orcid.org\"}, \"source-client-id\": null, \"source-name\": {\"value\": \"Tobias Hamann\"}}, \"department-name\": \"Department for Organizational Development\", \"role-title\": \"Research Associate\", \"start-date\": {\"year\": {\"value\": \"2021\"}, \"month\": {\"value\": \"03\"}, \"day\": {\"value\": \"01\"}}, \"end-date\": null, \"organization\": {\"name\": \"Werkzeugmaschinenlabor der RWTH Aachen\", \"address\": {\"city\": \"Aachen\", \"region\": \"Nordrhein-Westfalen\", \"country\": \"DE\"}, \"disambiguated-organization\": {\"disambiguated-organization-identifier\": \"88791\", \"disambiguation-source\": \"RINGGOLD\"}}, \"visibility\": \"PUBLIC\", \"put-code\": 16264919, \"path\": \"/0000-0002-8021-5524/employment/16264919\"}], \"path\": \"/0000-0002-8021-5524/employments\"}, \"fundings\": {\"last-modified-date\": {\"value\": 1671097033174}, \"group\": [{\"last-modified-date\": {\"value\": 1671097033174}, \"external-ids\": {\"external-id\": [{\"external-id-type\": \"grant_number\", \"external-id-value\": \"442146713\", \"external-id-url\": {\"value\": \"https://gepris.dfg.de/gepris/projekt/442146713?language=en\"}, \"external-id-relationship\": \"SELF\"}]}, \"funding-summary\": [{\"created-date\": {\"value\": 1671097033174}, \"last-modified-date\": {\"value\": 1671097033174}, \"source\": {\"source-orcid\": null, \"source-client-id\": {\"uri\": \"https://orcid.org/client/0000-0003-2174-0924\", \"path\": \"0000-0003-2174-0924\", \"host\": \"orcid.org\"}, \"source-name\": {\"value\": \"DimensionsWizard\"}}, \"title\": {\"title\": {\"value\": \"NFDI4Ing \\u2013 National Research Data Infrastructure for Engineering Services\"}, \"translated-title\": {\"value\": \"NFDI4Ing \\u2013 National Research Data Infrastructure for Engineering Services\", \"language-code\": \"en\"}}, \"external-ids\": {\"external-id\": [{\"external-id-type\": \"grant_number\", \"external-id-value\": \"442146713\", \"external-id-url\": {\"value\": \"https://gepris.dfg.de/gepris/projekt/442146713?language=en\"}, \"external-id-relationship\": \"SELF\"}]}, \"type\": \"GRANT\", \"start-date\": {\"year\": {\"value\": \"2020\"}, \"month\": {\"value\": \"01\"}, \"day\": {\"value\": \"01\"}}, \"end-date\": null, \"organization\": {\"name\": \"Deutsche Forschungsgemeinschaft\", \"address\": {\"city\": \"Bonn\", \"region\": null, \"country\": \"DE\"}, \"disambiguated-organization\": {\"disambiguated-organization-identifier\": \"http://dx.doi.org/10.13039/501100001659\", \"disambiguation-source\": \"FUNDREF\"}}, \"visibility\": \"PUBLIC\", \"put-code\": 1470944, \"path\": \"/0000-0002-8021-5524/funding/1470944\", \"display-index\": \"0\"}]}], \"path\": \"/0000-0002-8021-5524/fundings\"}, \"peer-reviews\": {\"last-modified-date\": null, \"group\": [], \"path\": \"/0000-0002-8021-5524/peer-reviews\"}, \"works\": {\"last-modified-date\": {\"value\": 1702983075995}, \"group\": [{\"last-modified-date\": {\"value\": 1695296577015}, \"external-ids\": {\"external-id\": [{\"external-id-type\": \"doi\", \"external-id-value\": \"10.5281/ZENODO.8315364\", \"external-id-url\": {\"value\": \"https://doi.org/10.5281/ZENODO.8315364\"}, \"external-id-relationship\": \"SELF\"}]}, \"work-summary\": [{\"put-code\": 142758718, \"created-date\": {\"value\": 1695296577015}, \"last-modified-date\": {\"value\": 1695296577015}, \"source\": {\"source-orcid\": {\"uri\": \"https://orcid.org/0000-0002-8021-5524\", \"path\": \"0000-0002-8021-5524\", \"host\": \"orcid.org\"}, \"source-client-id\": null, \"source-name\": {\"value\": \"Tobias Hamann\"}}, \"title\": {\"title\": {\"value\": \"Jarves: CoRDI 2023\"}, \"subtitle\": null, \"translated-title\": null}, \"external-ids\": {\"external-id\": [{\"external-id-type\": \"doi\", \"external-id-value\": \"10.5281/ZENODO.8315364\", \"external-id-url\": {\"value\": \"https://doi.org/10.5281/ZENODO.8315364\"}, \"external-id-relationship\": \"SELF\"}]}, \"type\": \"CONFERENCE_POSTER\", \"publication-date\": {\"year\": {\"value\": \"2023\"}, \"month\": {\"value\": \"09\"}, \"day\": {\"value\": \"12\"}, \"media-type\": null}, \"visibility\": \"PUBLIC\", \"path\": \"/0000-0002-8021-5524/work/142758718\", \"display-index\": \"1\"}]}, {\"last-modified-date\": {\"value\": 1697147968081}, \"external-ids\": {\"external-id\": [{\"external-id-type\": \"doi\", \"external-id-value\": \"10.52825/cordi.v1i.401\", \"external-id-url\": {\"value\": \"https://doi.org/10.52825/cordi.v1i.401\"}, \"external-id-relationship\": \"SELF\"}]}, \"work-summary\": [{\"put-code\": 141820441, \"created-date\": {\"value\": 1693989118664}, \"last-modified-date\": {\"value\": 1697147968081}, \"source\": {\"source-orcid\": null, \"source-client-id\": {\"uri\": \"https://orcid.org/client/APP-8PQQW0T6XUBZF7TB\", \"path\": \"APP-8PQQW0T6XUBZF7TB\", \"host\": \"orcid.org\"}, \"source-name\": {\"value\": \"TIB Open Publishing\"}}, \"title\": {\"title\": {\"value\": \"Which FAIR are you?\"}, \"subtitle\": null, \"translated-title\": null}, \"external-ids\": {\"external-id\": [{\"external-id-type\": \"doi\", \"external-id-value\": \"10.52825/cordi.v1i.401\", \"external-id-url\": {\"value\": \"https://doi.org/10.52825/cordi.v1i.401\"}, \"external-id-relationship\": \"SELF\"}, {\"external-id-type\": \"doi\", \"external-id-value\": \"10.52825/cordi.v1i\", \"external-id-url\": {\"value\": \"https://doi.org/10.52825/cordi.v1i\"}, \"external-id-relationship\": \"PART_OF\"}, {\"external-id-type\": \"issn\", \"external-id-value\": \"2941-296X\", \"external-id-url\": null, \"external-id-relationship\": \"PART_OF\"}]}, \"type\": \"JOURNAL_ARTICLE\", \"publication-date\": {\"year\": {\"value\": \"2023\"}, \"month\": {\"value\": \"09\"}, \"day\": {\"value\": \"07\"}, \"media-type\": null}, \"visibility\": \"PUBLIC\", \"path\": \"/0000-0002-8021-5524/work/141820441\", \"display-index\": \"0\"}, {\"put-code\": 141975859, \"created-date\": {\"value\": 1694175660972}, \"last-modified-date\": {\"value\": 1694175660972}, \"source\": {\"source-orcid\": null, \"source-client-id\": {\"uri\": \"https://orcid.org/client/0000-0001-9884-1913\", \"path\": \"0000-0001-9884-1913\", \"host\": \"orcid.org\"}, \"source-name\": {\"value\": \"Crossref\"}}, \"title\": {\"title\": {\"value\": \"Which FAIR are you?\"}, \"subtitle\": null, \"translated-title\": null}, \"external-ids\": {\"external-id\": [{\"external-id-type\": \"doi\", \"external-id-value\": \"10.52825/cordi.v1i.401\", \"external-id-url\": {\"value\": \"https://doi.org/10.52825/cordi.v1i.401\"}, \"external-id-relationship\": \"SELF\"}]}, \"type\": \"JOURNAL_ARTICLE\", \"publication-date\": {\"year\": {\"value\": \"2023\"}, \"month\": {\"value\": \"09\"}, \"day\": {\"value\": \"07\"}, \"media-type\": null}, \"visibility\": \"PUBLIC\", \"path\": \"/0000-0002-8021-5524/work/141975859\", \"display-index\": \"0\"}]}, {\"last-modified-date\": {\"value\": 1702983075995}, \"external-ids\": {\"external-id\": [{\"external-id-type\": \"doi\", \"external-id-value\": \"10.5281/ZENODO.8366702\", \"external-id-url\": {\"value\": \"https://doi.org/10.5281/zenodo.8366702\"}, \"external-id-relationship\": \"SELF\"}]}, \"work-summary\": [{\"put-code\": 149011763, \"created-date\": {\"value\": 1702983061917}, \"last-modified-date\": {\"value\": 1702983075995}, \"source\": {\"source-orcid\": {\"uri\": \"https://orcid.org/0000-0002-8021-5524\", \"path\": \"0000-0002-8021-5524\", \"host\": \"orcid.org\"}, \"source-client-id\": null, \"source-name\": {\"value\": \"Tobias Hamann\"}}, \"title\": {\"title\": {\"value\": \"NFDI4Ing TA Frank \\u2013 Production Phase Use Case Virtual Climatization\"}, \"subtitle\": null, \"translated-title\": null}, \"external-ids\": {\"external-id\": [{\"external-id-type\": \"doi\", \"external-id-value\": \"10.5281/ZENODO.8366702\", \"external-id-url\": {\"value\": \"https://doi.org/10.5281/zenodo.8366702\"}, \"external-id-relationship\": \"SELF\"}]}, \"type\": \"LECTURE_SPEECH\", \"publication-date\": {\"year\": {\"value\": \"2023\"}, \"month\": {\"value\": \"09\"}, \"day\": {\"value\": \"01\"}, \"media-type\": null}, \"visibility\": \"PUBLIC\", \"path\": \"/0000-0002-8021-5524/work/149011763\", \"display-index\": \"1\"}]}, {\"last-modified-date\": {\"value\": 1691679693883}, \"external-ids\": {\"external-id\": [{\"external-id-type\": \"doi\", \"external-id-value\": \"10.5281/ZENODO.8225102\", \"external-id-url\": {\"value\": \"https://doi.org/10.5281/ZENODO.8225102\"}, \"external-id-relationship\": \"SELF\"}]}, \"work-summary\": [{\"put-code\": 140233295, \"created-date\": {\"value\": 1691679693883}, \"last-modified-date\": {\"value\": 1691679693883}, \"source\": {\"source-orcid\": {\"uri\": \"https://orcid.org/0000-0002-8021-5524\", \"path\": \"0000-0002-8021-5524\", \"host\": \"orcid.org\"}, \"source-client-id\": null, \"source-name\": {\"value\": \"Tobias Hamann\"}}, \"title\": {\"title\": {\"value\": \"NFDI4Ing CC41Community Meeting Fringe Programme\"}, \"subtitle\": null, \"translated-title\": null}, \"external-ids\": {\"external-id\": [{\"external-id-type\": \"doi\", \"external-id-value\": \"10.5281/ZENODO.8225102\", \"external-id-url\": {\"value\": \"https://doi.org/10.5281/ZENODO.8225102\"}, \"external-id-relationship\": \"SELF\"}]}, \"type\": \"LECTURE_SPEECH\", \"publication-date\": {\"year\": {\"value\": \"2023\"}, \"month\": {\"value\": \"08\"}, \"day\": {\"value\": \"08\"}, \"media-type\": null}, \"visibility\": \"PUBLIC\", \"path\": \"/0000-0002-8021-5524/work/140233295\", \"display-index\": \"1\"}]}, {\"last-modified-date\": {\"value\": 1702982952411}, \"external-ids\": {\"external-id\": [{\"external-id-type\": \"doi\", \"external-id-value\": \"10.5281/ZENODO.7956285\", \"external-id-url\": {\"value\": \"https://doi.org/10.5281/ZENODO.7956285\"}, \"external-id-relationship\": \"SELF\"}]}, \"work-summary\": [{\"put-code\": 149011452, \"created-date\": {\"value\": 1702982923030}, \"last-modified-date\": {\"value\": 1702982923030}, \"source\": {\"source-orcid\": {\"uri\": \"https://orcid.org/0000-0002-8021-5524\", \"path\": \"0000-0002-8021-5524\", \"host\": \"orcid.org\"}, \"source-client-id\": null, \"source-name\": {\"value\": \"Tobias Hamann\"}}, \"title\": {\"title\": {\"value\": \"NFDI4Ing\'s success story 2021\"}, \"subtitle\": null, \"translated-title\": null}, \"external-ids\": {\"external-id\": [{\"external-id-type\": \"doi\", \"external-id-value\": \"10.5281/ZENODO.7956285\", \"external-id-url\": {\"value\": \"https://doi.org/10.5281/ZENODO.7956285\"}, \"external-id-relationship\": \"SELF\"}]}, \"type\": \"REPORT\", \"publication-date\": {\"year\": {\"value\": \"2023\"}, \"month\": {\"value\": \"05\"}, \"day\": {\"value\": \"22\"}, \"media-type\": null}, \"visibility\": \"PUBLIC\", \"path\": \"/0000-0002-8021-5524/work/149011452\", \"display-index\": \"1\"}, {\"put-code\": 149011506, \"created-date\": {\"value\": 1702982952411}, \"last-modified-date\": {\"value\": 1702982952411}, \"source\": {\"source-orcid\": {\"uri\": \"https://orcid.org/0000-0002-8021-5524\", \"path\": \"0000-0002-8021-5524\", \"host\": \"orcid.org\"}, \"source-client-id\": null, \"source-name\": {\"value\": \"Tobias Hamann\"}}, \"title\": {\"title\": {\"value\": \"NFDI4Ing\'s success story 2021\"}, \"subtitle\": null, \"translated-title\": null}, \"external-ids\": {\"external-id\": [{\"external-id-type\": \"doi\", \"external-id-value\": \"10.5281/ZENODO.7956285\", \"external-id-url\": {\"value\": \"https://doi.org/10.5281/ZENODO.7956285\"}, \"external-id-relationship\": \"SELF\"}]}, \"type\": \"REPORT\", \"publication-date\": {\"year\": {\"value\": \"2023\"}, \"month\": {\"value\": \"05\"}, \"day\": {\"value\": \"22\"}, \"media-type\": null}, \"visibility\": \"PUBLIC\", \"path\": \"/0000-0002-8021-5524/work/149011506\", \"display-index\": \"1\"}]}, {\"last-modified-date\": {\"value\": 1702982898173}, \"external-ids\": {\"external-id\": [{\"external-id-type\": \"doi\", \"external-id-value\": \"10.5281/ZENODO.7956788\", \"external-id-url\": {\"value\": \"https://doi.org/10.5281/ZENODO.7956788\"}, \"external-id-relationship\": \"SELF\"}]}, \"work-summary\": [{\"put-code\": 149011406, \"created-date\": {\"value\": 1702982898173}, \"last-modified-date\": {\"value\": 1702982898173}, \"source\": {\"source-orcid\": {\"uri\": \"https://orcid.org/0000-0002-8021-5524\", \"path\": \"0000-0002-8021-5524\", \"host\": \"orcid.org\"}, \"source-client-id\": null, \"source-name\": {\"value\": \"Tobias Hamann\"}}, \"title\": {\"title\": {\"value\": \"NFDI4Ing\'s success story 2022\"}, \"subtitle\": null, \"translated-title\": null}, \"external-ids\": {\"external-id\": [{\"external-id-type\": \"doi\", \"external-id-value\": \"10.5281/ZENODO.7956788\", \"external-id-url\": {\"value\": \"https://doi.org/10.5281/ZENODO.7956788\"}, \"external-id-relationship\": \"SELF\"}]}, \"type\": \"REPORT\", \"publication-date\": {\"year\": {\"value\": \"2023\"}, \"month\": {\"value\": \"05\"}, \"day\": {\"value\": \"22\"}, \"media-type\": null}, \"visibility\": \"PUBLIC\", \"path\": \"/0000-0002-8021-5524/work/149011406\", \"display-index\": \"1\"}]}, {\"last-modified-date\": {\"value\": 1688135060742}, \"external-ids\": {\"external-id\": [{\"external-id-type\": \"doi\", \"external-id-value\": \"10.5281/ZENODO.7715683\", \"external-id-url\": {\"value\": \"https://doi.org/10.5281/ZENODO.7715683\"}, \"external-id-relationship\": \"SELF\"}]}, \"work-summary\": [{\"put-code\": 137839090, \"created-date\": {\"value\": 1688135060742}, \"last-modified-date\": {\"value\": 1688135060742}, \"source\": {\"source-orcid\": {\"uri\": \"https://orcid.org/0000-0002-8021-5524\", \"path\": \"0000-0002-8021-5524\", \"host\": \"orcid.org\"}, \"source-client-id\": null, \"source-name\": {\"value\": \"Tobias Hamann\"}}, \"title\": {\"title\": {\"value\": \"Jarves: The digital RDM assistant\"}, \"subtitle\": null, \"translated-title\": null}, \"external-ids\": {\"external-id\": [{\"external-id-type\": \"doi\", \"external-id-value\": \"10.5281/ZENODO.7715683\", \"external-id-url\": {\"value\": \"https://doi.org/10.5281/ZENODO.7715683\"}, \"external-id-relationship\": \"SELF\"}]}, \"type\": \"WORKING_PAPER\", \"publication-date\": {\"year\": {\"value\": \"2023\"}, \"month\": {\"value\": \"03\"}, \"day\": {\"value\": \"10\"}, \"media-type\": null}, \"visibility\": \"PUBLIC\", \"path\": \"/0000-0002-8021-5524/work/137839090\", \"display-index\": \"1\"}]}, {\"last-modified-date\": {\"value\": 1688135078688}, \"external-ids\": {\"external-id\": [{\"external-id-type\": \"doi\", \"external-id-value\": \"10.5281/ZENODO.7642481\", \"external-id-url\": {\"value\": \"https://doi.org/10.5281/ZENODO.7642481\"}, \"external-id-relationship\": \"SELF\"}]}, \"work-summary\": [{\"put-code\": 137839099, \"created-date\": {\"value\": 1688135078688}, \"last-modified-date\": {\"value\": 1688135078688}, \"source\": {\"source-orcid\": {\"uri\": \"https://orcid.org/0000-0002-8021-5524\", \"path\": \"0000-0002-8021-5524\", \"host\": \"orcid.org\"}, \"source-client-id\": null, \"source-name\": {\"value\": \"Tobias Hamann\"}}, \"title\": {\"title\": {\"value\": \"Jarves: Der digitale FDM-Assistent\"}, \"subtitle\": null, \"translated-title\": null}, \"external-ids\": {\"external-id\": [{\"external-id-type\": \"doi\", \"external-id-value\": \"10.5281/ZENODO.7642481\", \"external-id-url\": {\"value\": \"https://doi.org/10.5281/ZENODO.7642481\"}, \"external-id-relationship\": \"SELF\"}]}, \"type\": \"WORKING_PAPER\", \"publication-date\": {\"year\": {\"value\": \"2023\"}, \"month\": {\"value\": \"02\"}, \"day\": {\"value\": \"15\"}, \"media-type\": null}, \"visibility\": \"PUBLIC\", \"path\": \"/0000-0002-8021-5524/work/137839099\", \"display-index\": \"1\"}]}, {\"last-modified-date\": {\"value\": 1669819156602}, \"external-ids\": {\"external-id\": [{\"external-id-type\": \"doi\", \"external-id-value\": \"10.5281/ZENODO.7362038\", \"external-id-url\": {\"value\": \"https://doi.org/10.5281/zenodo.7362038\"}, \"external-id-relationship\": \"SELF\"}]}, \"work-summary\": [{\"put-code\": 123853800, \"created-date\": {\"value\": 1669819156602}, \"last-modified-date\": {\"value\": 1669819156602}, \"source\": {\"source-orcid\": {\"uri\": \"https://orcid.org/0000-0002-8021-5524\", \"path\": \"0000-0002-8021-5524\", \"host\": \"orcid.org\"}, \"source-client-id\": null, \"source-name\": {\"value\": \"Tobias Hamann\"}}, \"title\": {\"title\": {\"value\": \"NFDI4Ing Conference 2022 - Conference Contributions\"}, \"subtitle\": null, \"translated-title\": null}, \"external-ids\": {\"external-id\": [{\"external-id-type\": \"doi\", \"external-id-value\": \"10.5281/ZENODO.7362038\", \"external-id-url\": {\"value\": \"https://doi.org/10.5281/zenodo.7362038\"}, \"external-id-relationship\": \"SELF\"}]}, \"type\": \"CONFERENCE_PAPER\", \"publication-date\": {\"year\": {\"value\": \"2022\"}, \"month\": {\"value\": \"10\"}, \"day\": {\"value\": \"27\"}, \"media-type\": null}, \"visibility\": \"PUBLIC\", \"path\": \"/0000-0002-8021-5524/work/123853800\", \"display-index\": \"1\"}]}, {\"last-modified-date\": {\"value\": 1695716199371}, \"external-ids\": {\"external-id\": [{\"external-id-type\": \"doi\", \"external-id-value\": \"10.5281/ZENODO.7125571\", \"external-id-url\": {\"value\": \"https://doi.org/10.5281/zenodo.7125571\"}, \"external-id-relationship\": \"SELF\"}]}, \"work-summary\": [{\"put-code\": 123910102, \"created-date\": {\"value\": 1669890077265}, \"last-modified-date\": {\"value\": 1695716199371}, \"source\": {\"source-orcid\": {\"uri\": \"https://orcid.org/0000-0002-8021-5524\", \"path\": \"0000-0002-8021-5524\", \"host\": \"orcid.org\"}, \"source-client-id\": null, \"source-name\": {\"value\": \"Tobias Hamann\"}}, \"title\": {\"title\": {\"value\": \"Workflows ingenieurwissenschaftlicher Forschungsabl\\u00e4ufe - Auszug des aktuellen Forschungsstands\"}, \"subtitle\": null, \"translated-title\": null}, \"external-ids\": {\"external-id\": [{\"external-id-type\": \"doi\", \"external-id-value\": \"10.5281/ZENODO.7125571\", \"external-id-url\": {\"value\": \"https://doi.org/10.5281/zenodo.7125571\"}, \"external-id-relationship\": \"SELF\"}]}, \"type\": \"LECTURE_SPEECH\", \"publication-date\": {\"year\": {\"value\": \"2022\"}, \"month\": {\"value\": \"09\"}, \"day\": {\"value\": \"29\"}, \"media-type\": null}, \"visibility\": \"PUBLIC\", \"path\": \"/0000-0002-8021-5524/work/123910102\", \"display-index\": \"1\"}]}, {\"last-modified-date\": {\"value\": 1652959603618}, \"external-ids\": {\"external-id\": [{\"external-id-type\": \"doi\", \"external-id-value\": \"10.5281/ZENODO.6478698\", \"external-id-url\": {\"value\": \"https://doi.org/10.5281/ZENODO.6478698\"}, \"external-id-relationship\": \"SELF\"}]}, \"work-summary\": [{\"put-code\": 113281644, \"created-date\": {\"value\": 1652959603618}, \"last-modified-date\": {\"value\": 1652959603618}, \"source\": {\"source-orcid\": {\"uri\": \"https://orcid.org/0000-0002-8021-5524\", \"path\": \"0000-0002-8021-5524\", \"host\": \"orcid.org\"}, \"source-client-id\": null, \"source-name\": {\"value\": \"Tobias Hamann\"}}, \"title\": {\"title\": {\"value\": \"Working Group Charter Training Infrastructures\"}, \"subtitle\": null, \"translated-title\": null}, \"external-ids\": {\"external-id\": [{\"external-id-type\": \"doi\", \"external-id-value\": \"10.5281/ZENODO.6478698\", \"external-id-url\": {\"value\": \"https://doi.org/10.5281/ZENODO.6478698\"}, \"external-id-relationship\": \"SELF\"}]}, \"type\": \"OTHER\", \"publication-date\": {\"year\": {\"value\": \"2022\"}, \"month\": {\"value\": \"04\"}, \"day\": {\"value\": \"22\"}, \"media-type\": null}, \"visibility\": \"PUBLIC\", \"path\": \"/0000-0002-8021-5524/work/113281644\", \"display-index\": \"1\"}]}, {\"last-modified-date\": {\"value\": 1649669010321}, \"external-ids\": {\"external-id\": [{\"external-id-type\": \"doi\", \"external-id-value\": \"10.5281/ZENODO.6346777\", \"external-id-url\": {\"value\": \"https://doi.org/10.5281/zenodo.6346777\"}, \"external-id-relationship\": \"SELF\"}]}, \"work-summary\": [{\"put-code\": 111239779, \"created-date\": {\"value\": 1649669010321}, \"last-modified-date\": {\"value\": 1649669010321}, \"source\": {\"source-orcid\": {\"uri\": \"https://orcid.org/0000-0002-8021-5524\", \"path\": \"0000-0002-8021-5524\", \"host\": \"orcid.org\"}, \"source-client-id\": null, \"source-name\": {\"value\": \"Tobias Hamann\"}}, \"title\": {\"title\": {\"value\": \"NFDI4Ing CC-41 Community Meeting 2022: Stand und Ausblick des FDMs in Maschinenbau und Produktionstechnik\"}, \"subtitle\": null, \"translated-title\": null}, \"external-ids\": {\"external-id\": [{\"external-id-type\": \"doi\", \"external-id-value\": \"10.5281/ZENODO.6346777\", \"external-id-url\": {\"value\": \"https://doi.org/10.5281/zenodo.6346777\"}, \"external-id-relationship\": \"SELF\"}]}, \"type\": \"CONFERENCE_PAPER\", \"publication-date\": {\"year\": {\"value\": \"2022\"}, \"month\": {\"value\": \"03\"}, \"day\": {\"value\": \"03\"}, \"media-type\": null}, \"visibility\": \"PUBLIC\", \"path\": \"/0000-0002-8021-5524/work/111239779\", \"display-index\": \"1\"}]}, {\"last-modified-date\": {\"value\": 1635846085648}, \"external-ids\": {\"external-id\": []}, \"work-summary\": [{\"put-code\": 102461865, \"created-date\": {\"value\": 1635846085648}, \"last-modified-date\": {\"value\": 1635846085648}, \"source\": {\"source-orcid\": {\"uri\": \"https://orcid.org/0000-0002-8021-5524\", \"path\": \"0000-0002-8021-5524\", \"host\": \"orcid.org\"}, \"source-client-id\": null, \"source-name\": {\"value\": \"Tobias Hamann\"}}, \"title\": {\"title\": {\"value\": \"Sektionskonzept Meta(daten), Terminologien und Provenienz zur Einrichtung einer Sektion im Verein Nationale Forschungsdateninfrastruktur (NFDI) e.V.\"}, \"subtitle\": null, \"translated-title\": null}, \"external-ids\": {\"external-id\": [{\"external-id-type\": \"doi\", \"external-id-value\": \"10.5281/ZENODO.5619089\", \"external-id-url\": {\"value\": \"https://doi.org/10.5281/ZENODO.5619089\"}, \"external-id-relationship\": \"PART_OF\"}]}, \"type\": \"JOURNAL_ARTICLE\", \"publication-date\": {\"year\": {\"value\": \"2021\"}, \"month\": {\"value\": \"10\"}, \"day\": {\"value\": \"29\"}, \"media-type\": null}, \"visibility\": \"PUBLIC\", \"path\": \"/0000-0002-8021-5524/work/102461865\", \"display-index\": \"1\"}]}], \"path\": \"/0000-0002-8021-5524/works\"}, \"path\": \"/0000-0002-8021-5524/activities\"}, \"path\": \"/0000-0002-8021-5524\"}',3),(3,'orcid','0000-0002-1949-0009','2023-11-02 12:03:02.760163','2023-05-31 13:02:10.244772','{\"orcid-identifier\": {\"uri\": \"https://orcid.org/0000-0002-1949-0009\", \"path\": \"0000-0002-1949-0009\", \"host\": \"orcid.org\"}, \"preferences\": {\"locale\": \"EN\"}, \"history\": {\"creation-method\": \"DIRECT\", \"completion-date\": null, \"submission-date\": {\"value\": 1512484117439}, \"last-modified-date\": {\"value\": 1698926582174}, \"claimed\": true, \"source\": null, \"deactivation-date\": null, \"verified-email\": true, \"verified-primary-email\": true}, \"person\": {\"last-modified-date\": {\"value\": 1652249145978}, \"name\": {\"created-date\": {\"value\": 1512484117439}, \"last-modified-date\": {\"value\": 1512484117670}, \"given-names\": {\"value\": \"Mich\\u00e8le\"}, \"family-name\": {\"value\": \"Robrecht\"}, \"credit-name\": null, \"source\": null, \"visibility\": \"PUBLIC\", \"path\": \"0000-0002-1949-0009\"}, \"other-names\": {\"last-modified-date\": null, \"other-name\": [], \"path\": \"/0000-0002-1949-0009/other-names\"}, \"biography\": null, \"researcher-urls\": {\"last-modified-date\": {\"value\": 1652249145978}, \"researcher-url\": [{\"created-date\": {\"value\": 1586329566107}, \"last-modified-date\": {\"value\": 1652249145978}, \"source\": {\"source-orcid\": {\"uri\": \"https://orcid.org/0000-0002-1949-0009\", \"path\": \"0000-0002-1949-0009\", \"host\": \"orcid.org\"}, \"source-client-id\": null, \"source-name\": {\"value\": \"Mich\\u00e8le Robrecht\"}}, \"url-name\": \"LinkedIn\", \"url\": {\"value\": \"https://www.linkedin.com/in/mi-rob\"}, \"visibility\": \"PUBLIC\", \"path\": \"/0000-0002-1949-0009/researcher-urls/2013114\", \"put-code\": 2013114, \"display-index\": 2}, {\"created-date\": {\"value\": 1652249145974}, \"last-modified-date\": {\"value\": 1652249145974}, \"source\": {\"source-orcid\": {\"uri\": \"https://orcid.org/0000-0002-1949-0009\", \"path\": \"0000-0002-1949-0009\", \"host\": \"orcid.org\"}, \"source-client-id\": null, \"source-name\": {\"value\": \"Mich\\u00e8le Robrecht\"}}, \"url-name\": \"Fraunhofer-Publica\", \"url\": {\"value\": \"https://publica.fraunhofer.de/entities/person/057d7458-5b45-49ed-a6e4-3f32ad25b324/details\"}, \"visibility\": \"PUBLIC\", \"path\": \"/0000-0002-1949-0009/researcher-urls/3123433\", \"put-code\": 3123433, \"display-index\": 1}], \"path\": \"/0000-0002-1949-0009/researcher-urls\"}, \"emails\": {\"last-modified-date\": {\"value\": 1652249130549}, \"email\": [{\"created-date\": {\"value\": 1512484117670}, \"last-modified-date\": {\"value\": 1652249130549}, \"source\": {\"source-orcid\": {\"uri\": \"https://orcid.org/0000-0002-1949-0009\", \"path\": \"0000-0002-1949-0009\", \"host\": \"orcid.org\"}, \"source-client-id\": null, \"source-name\": {\"value\": \"Mich\\u00e8le Robrecht\"}}, \"email\": \"michele.robrecht@ipt.fraunhofer.de\", \"path\": null, \"visibility\": \"PUBLIC\", \"verified\": true, \"primary\": true, \"put-code\": null}], \"path\": \"/0000-0002-1949-0009/email\"}, \"addresses\": {\"last-modified-date\": {\"value\": 1586329457353}, \"address\": [{\"created-date\": {\"value\": 1586329457352}, \"last-modified-date\": {\"value\": 1586329457353}, \"source\": {\"source-orcid\": {\"uri\": \"https://orcid.org/0000-0002-1949-0009\", \"path\": \"0000-0002-1949-0009\", \"host\": \"orcid.org\"}, \"source-client-id\": null, \"source-name\": {\"value\": \"Mich\\u00e8le Robrecht\"}}, \"country\": {\"value\": \"DE\"}, \"visibility\": \"PUBLIC\", \"path\": \"/0000-0002-1949-0009/address/1583164\", \"put-code\": 1583164, \"display-index\": 1}], \"path\": \"/0000-0002-1949-0009/address\"}, \"keywords\": {\"last-modified-date\": null, \"keyword\": [], \"path\": \"/0000-0002-1949-0009/keywords\"}, \"external-identifiers\": {\"last-modified-date\": null, \"external-identifier\": [], \"path\": \"/0000-0002-1949-0009/external-identifiers\"}, \"path\": \"/0000-0002-1949-0009/person\"}, \"activities-summary\": {\"last-modified-date\": {\"value\": 1690548054343}, \"educations\": {\"last-modified-date\": {\"value\": 1667545825327}, \"education-summary\": [{\"created-date\": {\"value\": 1586329958464}, \"last-modified-date\": {\"value\": 1667545825327}, \"source\": {\"source-orcid\": {\"uri\": \"https://orcid.org/0000-0002-1949-0009\", \"path\": \"0000-0002-1949-0009\", \"host\": \"orcid.org\"}, \"source-client-id\": null, \"source-name\": {\"value\": \"Mich\\u00e8le Robrecht\"}}, \"department-name\": null, \"role-title\": \"Master in Library and Information Science\", \"start-date\": {\"year\": {\"value\": \"2020\"}, \"month\": {\"value\": \"04\"}, \"day\": {\"value\": \"01\"}}, \"end-date\": {\"year\": {\"value\": \"2022\"}, \"month\": {\"value\": \"07\"}, \"day\": {\"value\": \"15\"}}, \"organization\": {\"name\": \"TH K\\u00f6ln - University of Applied Sciences\", \"address\": {\"city\": \"Cologne\", \"region\": \"Nordrhein-Westfalen\", \"country\": \"DE\"}, \"disambiguated-organization\": {\"disambiguated-organization-identifier\": \"grid.434092.8\", \"disambiguation-source\": \"GRID\"}}, \"visibility\": \"PUBLIC\", \"put-code\": 10312555, \"path\": \"/0000-0002-1949-0009/education/10312555\"}, {\"created-date\": {\"value\": 1586329894751}, \"last-modified-date\": {\"value\": 1586329975372}, \"source\": {\"source-orcid\": {\"uri\": \"https://orcid.org/0000-0002-1949-0009\", \"path\": \"0000-0002-1949-0009\", \"host\": \"orcid.org\"}, \"source-client-id\": null, \"source-name\": {\"value\": \"Mich\\u00e8le Robrecht\"}}, \"department-name\": \"Sociology\", \"role-title\": \"Master of Arts\", \"start-date\": {\"year\": {\"value\": \"2018\"}, \"month\": {\"value\": \"10\"}, \"day\": {\"value\": \"01\"}}, \"end-date\": {\"year\": {\"value\": \"2020\"}, \"month\": {\"value\": \"03\"}, \"day\": {\"value\": \"31\"}}, \"organization\": {\"name\": \"RWTH Aachen University\", \"address\": {\"city\": \"Aachen\", \"region\": \"Nordrhein-Westfalen\", \"country\": \"DE\"}, \"disambiguated-organization\": {\"disambiguated-organization-identifier\": \"http://dx.doi.org/10.13039/501100007210\", \"disambiguation-source\": \"FUNDREF\"}}, \"visibility\": \"PUBLIC\", \"put-code\": 10312549, \"path\": \"/0000-0002-1949-0009/education/10312549\"}, {\"created-date\": {\"value\": 1512485517808}, \"last-modified-date\": {\"value\": 1586329834388}, \"source\": {\"source-orcid\": {\"uri\": \"https://orcid.org/0000-0002-1949-0009\", \"path\": \"0000-0002-1949-0009\", \"host\": \"orcid.org\"}, \"source-client-id\": null, \"source-name\": {\"value\": \"Mich\\u00e8le Robrecht\"}}, \"department-name\": \"Sociology\", \"role-title\": \"Bachelor of Arts\", \"start-date\": {\"year\": {\"value\": \"2014\"}, \"month\": {\"value\": \"10\"}, \"day\": {\"value\": \"01\"}}, \"end-date\": {\"year\": {\"value\": \"2018\"}, \"month\": {\"value\": \"09\"}, \"day\": {\"value\": \"30\"}}, \"organization\": {\"name\": \"Universit\\u00e4t Duisburg-Essen\", \"address\": {\"city\": \"Duisburg\", \"region\": \"Nordrhein-Westfalen\", \"country\": \"DE\"}, \"disambiguated-organization\": {\"disambiguated-organization-identifier\": \"27170\", \"disambiguation-source\": \"RINGGOLD\"}}, \"visibility\": \"PUBLIC\", \"put-code\": 5016561, \"path\": \"/0000-0002-1949-0009/education/5016561\"}], \"path\": \"/0000-0002-1949-0009/educations\"}, \"employments\": {\"last-modified-date\": {\"value\": 1635487016027}, \"employment-summary\": [{\"created-date\": {\"value\": 1635486928048}, \"last-modified-date\": {\"value\": 1635487016027}, \"source\": {\"source-orcid\": {\"uri\": \"https://orcid.org/0000-0002-1949-0009\", \"path\": \"0000-0002-1949-0009\", \"host\": \"orcid.org\"}, \"source-client-id\": null, \"source-name\": {\"value\": \"Mich\\u00e8le Robrecht\"}}, \"department-name\": \"Externe und interne Kommunikation / External and internal communications\", \"role-title\": \"Fachinformationsmanagemerin / Media and Information Services\", \"start-date\": {\"year\": {\"value\": \"2021\"}, \"month\": {\"value\": \"09\"}, \"day\": null}, \"end-date\": null, \"organization\": {\"name\": \"Fraunhofer-Institut f\\u00fcr Produktionstechnologie IPT\", \"address\": {\"city\": \"Aachen\", \"region\": \"Nordrhein-Westfalen\", \"country\": \"DE\"}, \"disambiguated-organization\": {\"disambiguated-organization-identifier\": \"28471\", \"disambiguation-source\": \"RINGGOLD\"}}, \"visibility\": \"PUBLIC\", \"put-code\": 16231650, \"path\": \"/0000-0002-1949-0009/employment/16231650\"}, {\"created-date\": {\"value\": 1586330429235}, \"last-modified-date\": {\"value\": 1635486997709}, \"source\": {\"source-orcid\": {\"uri\": \"https://orcid.org/0000-0002-1949-0009\", \"path\": \"0000-0002-1949-0009\", \"host\": \"orcid.org\"}, \"source-client-id\": null, \"source-name\": {\"value\": \"Mich\\u00e8le Robrecht\"}}, \"department-name\": \"Externe und interne Kommunikation - Studentische Hilfskraft / External and internal communications - student assistant\", \"role-title\": \"Fachinformationsmanagement / Media and Information Services\", \"start-date\": {\"year\": {\"value\": \"2016\"}, \"month\": {\"value\": \"03\"}, \"day\": {\"value\": \"01\"}}, \"end-date\": {\"year\": {\"value\": \"2021\"}, \"month\": {\"value\": \"09\"}, \"day\": null}, \"organization\": {\"name\": \"Fraunhofer-Institut f\\u00fcr Produktionstechnologie IPT\", \"address\": {\"city\": \"Aachen\", \"region\": \"Nordrhein-Westfalen\", \"country\": \"DE\"}, \"disambiguated-organization\": {\"disambiguated-organization-identifier\": \"28471\", \"disambiguation-source\": \"RINGGOLD\"}}, \"visibility\": \"PUBLIC\", \"put-code\": 10312622, \"path\": \"/0000-0002-1949-0009/employment/10312622\"}, {\"created-date\": {\"value\": 1586330658291}, \"last-modified-date\": {\"value\": 1586330692336}, \"source\": {\"source-orcid\": {\"uri\": \"https://orcid.org/0000-0002-1949-0009\", \"path\": \"0000-0002-1949-0009\", \"host\": \"orcid.org\"}, \"source-client-id\": null, \"source-name\": {\"value\": \"Mich\\u00e8le Robrecht\"}}, \"department-name\": \"Student assistant\", \"role-title\": \"Library\", \"start-date\": {\"year\": {\"value\": \"2014\"}, \"month\": {\"value\": \"10\"}, \"day\": {\"value\": \"01\"}}, \"end-date\": {\"year\": {\"value\": \"2016\"}, \"month\": {\"value\": \"02\"}, \"day\": {\"value\": \"29\"}}, \"organization\": {\"name\": \"Fraunhofer-Institut f\\u00fcr Mikroelektronische Schaltungen und Systeme\", \"address\": {\"city\": \"Duisburg\", \"region\": \"Nordrhein-Westfalen\", \"country\": \"DE\"}, \"disambiguated-organization\": {\"disambiguated-organization-identifier\": \"28462\", \"disambiguation-source\": \"RINGGOLD\"}}, \"visibility\": \"PUBLIC\", \"put-code\": 10312646, \"path\": \"/0000-0002-1949-0009/employment/10312646\"}], \"path\": \"/0000-0002-1949-0009/employments\"}, \"fundings\": {\"last-modified-date\": null, \"group\": [], \"path\": \"/0000-0002-1949-0009/fundings\"}, \"peer-reviews\": {\"last-modified-date\": null, \"group\": [], \"path\": \"/0000-0002-1949-0009/peer-reviews\"}, \"works\": {\"last-modified-date\": {\"value\": 1690548054343}, \"group\": [{\"last-modified-date\": {\"value\": 1690548054343}, \"external-ids\": {\"external-id\": [{\"external-id-type\": \"doi\", \"external-id-value\": \"10.24406/publica-1683\", \"external-id-url\": {\"value\": \"https://doi.org/10.24406/publica-1683\"}, \"external-id-relationship\": \"SELF\"}, {\"external-id-type\": \"doi\", \"external-id-value\": \"10.5281/ZENODO.8188423\", \"external-id-url\": {\"value\": \"https://doi.org/10.5281/ZENODO.8188423\"}, \"external-id-relationship\": \"SELF\"}]}, \"work-summary\": [{\"put-code\": 139475732, \"created-date\": {\"value\": 1690548054343}, \"last-modified-date\": {\"value\": 1690548054343}, \"source\": {\"source-orcid\": {\"uri\": \"https://orcid.org/0000-0002-1949-0009\", \"path\": \"0000-0002-1949-0009\", \"host\": \"orcid.org\"}, \"source-client-id\": null, \"source-name\": {\"value\": \"Mich\\u00e8le Robrecht\"}}, \"title\": {\"title\": {\"value\": \"Aufgaben und Tools f\\u00fcr den digitalen FDM-Assistenten \\\"Jarves\\\" \\u2013 Joint Assistant for Research in Versatile Engineering Services\"}, \"subtitle\": null, \"translated-title\": null}, \"external-ids\": {\"external-id\": [{\"external-id-type\": \"doi\", \"external-id-value\": \"10.5281/ZENODO.8188423\", \"external-id-url\": {\"value\": \"https://doi.org/10.5281/ZENODO.8188423\"}, \"external-id-relationship\": \"SELF\"}, {\"external-id-type\": \"doi\", \"external-id-value\": \"10.24406/publica-1683\", \"external-id-url\": {\"value\": \"https://doi.org/10.24406/publica-1683\"}, \"external-id-relationship\": \"SELF\"}]}, \"type\": \"ONLINE_RESOURCE\", \"publication-date\": {\"year\": {\"value\": \"2023\"}, \"month\": {\"value\": \"07\"}, \"day\": {\"value\": \"27\"}, \"media-type\": null}, \"visibility\": \"PUBLIC\", \"path\": \"/0000-0002-1949-0009/work/139475732\", \"display-index\": \"1\"}]}, {\"last-modified-date\": {\"value\": 1679646734375}, \"external-ids\": {\"external-id\": [{\"external-id-type\": \"doi\", \"external-id-value\": \"10.5282/O-BIB/5914\", \"external-id-url\": {\"value\": \"https://doi.org/10.5282/o-bib/5914\"}, \"external-id-relationship\": \"SELF\"}]}, \"work-summary\": [{\"put-code\": 131481306, \"created-date\": {\"value\": 1679646734375}, \"last-modified-date\": {\"value\": 1679646734375}, \"source\": {\"source-orcid\": {\"uri\": \"https://orcid.org/0000-0002-1949-0009\", \"path\": \"0000-0002-1949-0009\", \"host\": \"orcid.org\"}, \"source-client-id\": null, \"source-name\": {\"value\": \"Mich\\u00e8le Robrecht\"}}, \"title\": {\"title\": {\"value\": \"Online Escape Game zur F\\u00f6rderung der Informationskompetenz bei Studierenden der Ingenieurwissenschaften\"}, \"subtitle\": null, \"translated-title\": null}, \"external-ids\": {\"external-id\": [{\"external-id-type\": \"doi\", \"external-id-value\": \"10.5282/O-BIB/5914\", \"external-id-url\": {\"value\": \"https://doi.org/10.5282/o-bib/5914\"}, \"external-id-relationship\": \"SELF\"}]}, \"type\": \"JOURNAL_ARTICLE\", \"publication-date\": {\"year\": {\"value\": \"2023\"}, \"month\": {\"value\": \"03\"}, \"day\": {\"value\": \"14\"}, \"media-type\": null}, \"visibility\": \"PUBLIC\", \"path\": \"/0000-0002-1949-0009/work/131481306\", \"display-index\": \"1\"}]}, {\"last-modified-date\": {\"value\": 1667546173248}, \"external-ids\": {\"external-id\": [{\"external-id-type\": \"doi\", \"external-id-value\": \"10.24406/PUBLICA-87\", \"external-id-url\": {\"value\": \"https://doi.org/10.24406/publica-87\"}, \"external-id-relationship\": \"SELF\"}]}, \"work-summary\": [{\"put-code\": 122095665, \"created-date\": {\"value\": 1667546173248}, \"last-modified-date\": {\"value\": 1667546173248}, \"source\": {\"source-orcid\": {\"uri\": \"https://orcid.org/0000-0002-1949-0009\", \"path\": \"0000-0002-1949-0009\", \"host\": \"orcid.org\"}, \"source-client-id\": null, \"source-name\": {\"value\": \"Mich\\u00e8le Robrecht\"}}, \"title\": {\"title\": {\"value\": \"Der verr\\u00fcckte Professor\"}, \"subtitle\": null, \"translated-title\": null}, \"external-ids\": {\"external-id\": [{\"external-id-type\": \"doi\", \"external-id-value\": \"10.24406/PUBLICA-87\", \"external-id-url\": {\"value\": \"https://doi.org/10.24406/publica-87\"}, \"external-id-relationship\": \"SELF\"}]}, \"type\": \"LECTURE_SPEECH\", \"publication-date\": {\"year\": {\"value\": \"2022\"}, \"month\": null, \"day\": null, \"media-type\": null}, \"visibility\": \"PUBLIC\", \"path\": \"/0000-0002-1949-0009/work/122095665\", \"display-index\": \"1\"}]}, {\"last-modified-date\": {\"value\": 1667546065375}, \"external-ids\": {\"external-id\": [{\"external-id-type\": \"doi\", \"external-id-value\": \"10.24406/PUBLICA-303\", \"external-id-url\": {\"value\": \"https://doi.org/10.24406/publica-303\"}, \"external-id-relationship\": \"SELF\"}]}, \"work-summary\": [{\"put-code\": 122095607, \"created-date\": {\"value\": 1667546065375}, \"last-modified-date\": {\"value\": 1667546065375}, \"source\": {\"source-orcid\": {\"uri\": \"https://orcid.org/0000-0002-1949-0009\", \"path\": \"0000-0002-1949-0009\", \"host\": \"orcid.org\"}, \"source-client-id\": null, \"source-name\": {\"value\": \"Mich\\u00e8le Robrecht\"}}, \"title\": {\"title\": {\"value\": \"Positionsbestimmung wissenschaftlicher Bibliotheken in der externen Wissenschaftskommunikation am Beispiel des Fraunhofer-Fachinformationsmanagements\"}, \"subtitle\": null, \"translated-title\": null}, \"external-ids\": {\"external-id\": [{\"external-id-type\": \"doi\", \"external-id-value\": \"10.24406/PUBLICA-303\", \"external-id-url\": {\"value\": \"https://doi.org/10.24406/publica-303\"}, \"external-id-relationship\": \"SELF\"}]}, \"type\": \"DISSERTATION\", \"publication-date\": {\"year\": {\"value\": \"2022\"}, \"month\": null, \"day\": null, \"media-type\": null}, \"visibility\": \"PUBLIC\", \"path\": \"/0000-0002-1949-0009/work/122095607\", \"display-index\": \"1\"}]}, {\"last-modified-date\": {\"value\": 1667546212664}, \"external-ids\": {\"external-id\": []}, \"work-summary\": [{\"put-code\": 114475802, \"created-date\": {\"value\": 1655289168518}, \"last-modified-date\": {\"value\": 1667546212664}, \"source\": {\"source-orcid\": {\"uri\": \"https://orcid.org/0000-0002-1949-0009\", \"path\": \"0000-0002-1949-0009\", \"host\": \"orcid.org\"}, \"source-client-id\": null, \"source-name\": {\"value\": \"Mich\\u00e8le Robrecht\"}}, \"title\": {\"title\": {\"value\": \"Wie Studierende mit Informationskompetenz das Fraunhofer IPT retten\"}, \"subtitle\": null, \"translated-title\": null}, \"external-ids\": {\"external-id\": []}, \"type\": \"ONLINE_RESOURCE\", \"publication-date\": {\"year\": {\"value\": \"2022\"}, \"month\": null, \"day\": null, \"media-type\": null}, \"visibility\": \"PUBLIC\", \"path\": \"/0000-0002-1949-0009/work/114475802\", \"display-index\": \"1\"}]}], \"path\": \"/0000-0002-1949-0009/works\"}, \"path\": \"/0000-0002-1949-0009/activities\"}, \"path\": \"/0000-0002-1949-0009\"}',4),(4,'orcid','0009-0006-3956-8586','2024-01-04 11:26:15.192693','2023-06-01 12:28:06.482370','{\"orcid-identifier\": {\"uri\": \"https://orcid.org/0009-0006-3956-8586\", \"path\": \"0009-0006-3956-8586\", \"host\": \"orcid.org\"}, \"preferences\": {\"locale\": \"EN\"}, \"history\": {\"creation-method\": \"DIRECT\", \"completion-date\": null, \"submission-date\": {\"value\": 1683822698308}, \"last-modified-date\": {\"value\": 1704367574475}, \"claimed\": true, \"source\": null, \"deactivation-date\": null, \"verified-email\": true, \"verified-primary-email\": true}, \"person\": {\"last-modified-date\": null, \"name\": {\"created-date\": {\"value\": 1683822698577}, \"last-modified-date\": {\"value\": 1683822698577}, \"given-names\": {\"value\": \"David\"}, \"family-name\": {\"value\": \"Winklbauer\"}, \"credit-name\": null, \"source\": null, \"visibility\": \"PUBLIC\", \"path\": \"0009-0006-3956-8586\"}, \"other-names\": {\"last-modified-date\": null, \"other-name\": [], \"path\": \"/0009-0006-3956-8586/other-names\"}, \"biography\": null, \"researcher-urls\": {\"last-modified-date\": null, \"researcher-url\": [], \"path\": \"/0009-0006-3956-8586/researcher-urls\"}, \"emails\": {\"last-modified-date\": null, \"email\": [], \"path\": \"/0009-0006-3956-8586/email\"}, \"addresses\": {\"last-modified-date\": null, \"address\": [], \"path\": \"/0009-0006-3956-8586/address\"}, \"keywords\": {\"last-modified-date\": null, \"keyword\": [], \"path\": \"/0009-0006-3956-8586/keywords\"}, \"external-identifiers\": {\"last-modified-date\": null, \"external-identifier\": [], \"path\": \"/0009-0006-3956-8586/external-identifiers\"}, \"path\": \"/0009-0006-3956-8586/person\"}, \"activities-summary\": {\"last-modified-date\": null, \"educations\": {\"last-modified-date\": null, \"education-summary\": [], \"path\": \"/0009-0006-3956-8586/educations\"}, \"employments\": {\"last-modified-date\": null, \"employment-summary\": [], \"path\": \"/0009-0006-3956-8586/employments\"}, \"fundings\": {\"last-modified-date\": null, \"group\": [], \"path\": \"/0009-0006-3956-8586/fundings\"}, \"peer-reviews\": {\"last-modified-date\": null, \"group\": [], \"path\": \"/0009-0006-3956-8586/peer-reviews\"}, \"works\": {\"last-modified-date\": null, \"group\": [], \"path\": \"/0009-0006-3956-8586/works\"}, \"path\": \"/0009-0006-3956-8586/activities\"}, \"path\": \"/0009-0006-3956-8586\"}',5),(5,'orcid','0000-0003-0417-588X','2023-06-02 12:39:13.454534','2023-06-02 12:39:13.454562','{\"orcid-identifier\": {\"uri\": \"https://orcid.org/0000-0003-0417-588X\", \"path\": \"0000-0003-0417-588X\", \"host\": \"orcid.org\"}, \"preferences\": {\"locale\": \"EN\"}, \"history\": {\"creation-method\": \"MEMBER_REFERRED\", \"completion-date\": null, \"submission-date\": {\"value\": 1676541626641}, \"last-modified-date\": {\"value\": 1685709552785}, \"claimed\": true, \"source\": null, \"deactivation-date\": null, \"verified-email\": false, \"verified-primary-email\": false}, \"person\": {\"last-modified-date\": null, \"name\": {\"created-date\": {\"value\": 1676541626907}, \"last-modified-date\": {\"value\": 1676541626907}, \"given-names\": {\"value\": \"leon\"}, \"family-name\": null, \"credit-name\": null, \"source\": null, \"visibility\": \"PUBLIC\", \"path\": \"0000-0003-0417-588X\"}, \"other-names\": {\"last-modified-date\": null, \"other-name\": [], \"path\": \"/0000-0003-0417-588X/other-names\"}, \"biography\": null, \"researcher-urls\": {\"last-modified-date\": null, \"researcher-url\": [], \"path\": \"/0000-0003-0417-588X/researcher-urls\"}, \"emails\": {\"last-modified-date\": null, \"email\": [], \"path\": \"/0000-0003-0417-588X/email\"}, \"addresses\": {\"last-modified-date\": null, \"address\": [], \"path\": \"/0000-0003-0417-588X/address\"}, \"keywords\": {\"last-modified-date\": null, \"keyword\": [], \"path\": \"/0000-0003-0417-588X/keywords\"}, \"external-identifiers\": {\"last-modified-date\": null, \"external-identifier\": [], \"path\": \"/0000-0003-0417-588X/external-identifiers\"}, \"path\": \"/0000-0003-0417-588X/person\"}, \"activities-summary\": {\"last-modified-date\": null, \"educations\": {\"last-modified-date\": null, \"education-summary\": [], \"path\": \"/0000-0003-0417-588X/educations\"}, \"employments\": {\"last-modified-date\": null, \"employment-summary\": [], \"path\": \"/0000-0003-0417-588X/employments\"}, \"fundings\": {\"last-modified-date\": null, \"group\": [], \"path\": \"/0000-0003-0417-588X/fundings\"}, \"peer-reviews\": {\"last-modified-date\": null, \"group\": [], \"path\": \"/0000-0003-0417-588X/peer-reviews\"}, \"works\": {\"last-modified-date\": null, \"group\": [], \"path\": \"/0000-0003-0417-588X/works\"}, \"path\": \"/0000-0003-0417-588X/activities\"}, \"path\": \"/0000-0003-0417-588X\"}',6),(6,'orcid','0000-0002-8450-2889','2023-10-25 13:04:39.277992','2023-06-05 08:22:29.514505','{\"orcid-identifier\": {\"uri\": \"https://orcid.org/0000-0002-8450-2889\", \"path\": \"0000-0002-8450-2889\", \"host\": \"orcid.org\"}, \"preferences\": {\"locale\": \"EN\"}, \"history\": {\"creation-method\": \"DIRECT\", \"completion-date\": null, \"submission-date\": {\"value\": 1655968317959}, \"last-modified-date\": {\"value\": 1698239078538}, \"claimed\": true, \"source\": null, \"deactivation-date\": null, \"verified-email\": true, \"verified-primary-email\": true}, \"person\": {\"last-modified-date\": null, \"name\": {\"created-date\": {\"value\": 1655968318208}, \"last-modified-date\": {\"value\": 1655968318208}, \"given-names\": {\"value\": \"Anas\"}, \"family-name\": {\"value\": \"Abdelrazeq\"}, \"credit-name\": null, \"source\": null, \"visibility\": \"PUBLIC\", \"path\": \"0000-0002-8450-2889\"}, \"other-names\": {\"last-modified-date\": null, \"other-name\": [], \"path\": \"/0000-0002-8450-2889/other-names\"}, \"biography\": null, \"researcher-urls\": {\"last-modified-date\": null, \"researcher-url\": [], \"path\": \"/0000-0002-8450-2889/researcher-urls\"}, \"emails\": {\"last-modified-date\": null, \"email\": [], \"path\": \"/0000-0002-8450-2889/email\"}, \"addresses\": {\"last-modified-date\": null, \"address\": [], \"path\": \"/0000-0002-8450-2889/address\"}, \"keywords\": {\"last-modified-date\": null, \"keyword\": [], \"path\": \"/0000-0002-8450-2889/keywords\"}, \"external-identifiers\": {\"last-modified-date\": null, \"external-identifier\": [], \"path\": \"/0000-0002-8450-2889/external-identifiers\"}, \"path\": \"/0000-0002-8450-2889/person\"}, \"activities-summary\": {\"last-modified-date\": {\"value\": 1698173500792}, \"educations\": {\"last-modified-date\": null, \"education-summary\": [], \"path\": \"/0000-0002-8450-2889/educations\"}, \"employments\": {\"last-modified-date\": {\"value\": 1655968432478}, \"employment-summary\": [{\"created-date\": {\"value\": 1655968432478}, \"last-modified-date\": {\"value\": 1655968432478}, \"source\": {\"source-orcid\": {\"uri\": \"https://orcid.org/0000-0002-8450-2889\", \"path\": \"0000-0002-8450-2889\", \"host\": \"orcid.org\"}, \"source-client-id\": null, \"source-name\": {\"value\": \"Anas Abdelrazeq\"}}, \"department-name\": \"Data Intelligence\", \"role-title\": \"Head of Department\", \"start-date\": {\"year\": {\"value\": \"2015\"}, \"month\": {\"value\": \"04\"}, \"day\": {\"value\": \"01\"}}, \"end-date\": null, \"organization\": {\"name\": \"Werkzeugmaschinenlabor der RWTH Aachen\", \"address\": {\"city\": \"Aachen\", \"region\": \"Nordrhein-Westfalen\", \"country\": \"DE\"}, \"disambiguated-organization\": {\"disambiguated-organization-identifier\": \"88791\", \"disambiguation-source\": \"RINGGOLD\"}}, \"visibility\": \"PUBLIC\", \"put-code\": 17921964, \"path\": \"/0000-0002-8450-2889/employment/17921964\"}], \"path\": \"/0000-0002-8450-2889/employments\"}, \"fundings\": {\"last-modified-date\": null, \"group\": [], \"path\": \"/0000-0002-8450-2889/fundings\"}, \"peer-reviews\": {\"last-modified-date\": null, \"group\": [], \"path\": \"/0000-0002-8450-2889/peer-reviews\"}, \"works\": {\"last-modified-date\": {\"value\": 1698173500792}, \"group\": [{\"last-modified-date\": {\"value\": 1698173500792}, \"external-ids\": {\"external-id\": [{\"external-id-type\": \"doi\", \"external-id-value\": \"10.1007/978-3-031-44505-7_25\", \"external-id-url\": {\"value\": \"https://doi.org/10.1007/978-3-031-44505-7_25\"}, \"external-id-relationship\": \"SELF\"}]}, \"work-summary\": [{\"put-code\": 145204216, \"created-date\": {\"value\": 1698173500792}, \"last-modified-date\": {\"value\": 1698173500792}, \"source\": {\"source-orcid\": null, \"source-client-id\": {\"uri\": \"https://orcid.org/client/0000-0001-9884-1913\", \"path\": \"0000-0001-9884-1913\", \"host\": \"orcid.org\"}, \"source-name\": {\"value\": \"Crossref\"}}, \"title\": {\"title\": {\"value\": \"Experimental Digital Twin for Job Shops with Transportation Agents\"}, \"subtitle\": null, \"translated-title\": null}, \"external-ids\": {\"external-id\": [{\"external-id-type\": \"doi\", \"external-id-value\": \"10.1007/978-3-031-44505-7_25\", \"external-id-url\": {\"value\": \"https://doi.org/10.1007/978-3-031-44505-7_25\"}, \"external-id-relationship\": \"SELF\"}]}, \"type\": \"BOOK_CHAPTER\", \"publication-date\": {\"year\": {\"value\": \"2023\"}, \"month\": null, \"day\": null, \"media-type\": null}, \"visibility\": \"PUBLIC\", \"path\": \"/0000-0002-8450-2889/work/145204216\", \"display-index\": \"0\"}]}, {\"last-modified-date\": {\"value\": 1688862022710}, \"external-ids\": {\"external-id\": [{\"external-id-type\": \"doi\", \"external-id-value\": \"10.1007/978-3-031-35989-7_11\", \"external-id-url\": {\"value\": \"https://doi.org/10.1007/978-3-031-35989-7_11\"}, \"external-id-relationship\": \"SELF\"}]}, \"work-summary\": [{\"put-code\": 138315449, \"created-date\": {\"value\": 1688862022710}, \"last-modified-date\": {\"value\": 1688862022710}, \"source\": {\"source-orcid\": null, \"source-client-id\": {\"uri\": \"https://orcid.org/client/0000-0001-9884-1913\", \"path\": \"0000-0001-9884-1913\", \"host\": \"orcid.org\"}, \"source-name\": {\"value\": \"Crossref\"}}, \"title\": {\"title\": {\"value\": \"Requirements for\\u00a0Designing a\\u00a0Collaborative Human-Robot Workstation for\\u00a0Composite Part Production\"}, \"subtitle\": null, \"translated-title\": null}, \"external-ids\": {\"external-id\": [{\"external-id-type\": \"doi\", \"external-id-value\": \"10.1007/978-3-031-35989-7_11\", \"external-id-url\": {\"value\": \"https://doi.org/10.1007/978-3-031-35989-7_11\"}, \"external-id-relationship\": \"SELF\"}]}, \"type\": \"BOOK_CHAPTER\", \"publication-date\": {\"year\": {\"value\": \"2023\"}, \"month\": null, \"day\": null, \"media-type\": null}, \"visibility\": \"PUBLIC\", \"path\": \"/0000-0002-8450-2889/work/138315449\", \"display-index\": \"0\"}]}, {\"last-modified-date\": {\"value\": 1685692470835}, \"external-ids\": {\"external-id\": [{\"external-id-type\": \"doi\", \"external-id-value\": \"10.1007/978-3-031-21753-1_13\", \"external-id-url\": {\"value\": \"https://doi.org/10.1007/978-3-031-21753-1_13\"}, \"external-id-relationship\": \"SELF\"}]}, \"work-summary\": [{\"put-code\": 136184166, \"created-date\": {\"value\": 1685692470835}, \"last-modified-date\": {\"value\": 1685692470835}, \"source\": {\"source-orcid\": null, \"source-client-id\": {\"uri\": \"https://orcid.org/client/0000-0001-9884-1913\", \"path\": \"0000-0001-9884-1913\", \"host\": \"orcid.org\"}, \"source-name\": {\"value\": \"Crossref\"}}, \"title\": {\"title\": {\"value\": \"Explanations of\\u00a0Performance Differences in\\u00a0Segment Lining for\\u00a0Tunnel Boring Machines\"}, \"subtitle\": null, \"translated-title\": null}, \"external-ids\": {\"external-id\": [{\"external-id-type\": \"doi\", \"external-id-value\": \"10.1007/978-3-031-21753-1_13\", \"external-id-url\": {\"value\": \"https://doi.org/10.1007/978-3-031-21753-1_13\"}, \"external-id-relationship\": \"SELF\"}]}, \"type\": \"BOOK_CHAPTER\", \"publication-date\": {\"year\": {\"value\": \"2022\"}, \"month\": null, \"day\": null, \"media-type\": null}, \"visibility\": \"PUBLIC\", \"path\": \"/0000-0002-8450-2889/work/136184166\", \"display-index\": \"0\"}]}], \"path\": \"/0000-0002-8450-2889/works\"}, \"path\": \"/0000-0002-8450-2889/activities\"}, \"path\": \"/0000-0002-8450-2889\"}',7),(7,'orcid','0000-0001-6259-4068','2023-06-07 05:00:20.446531','2023-06-07 05:00:20.446570','{\"orcid-identifier\": {\"uri\": \"https://orcid.org/0000-0001-6259-4068\", \"path\": \"0000-0001-6259-4068\", \"host\": \"orcid.org\"}, \"preferences\": {\"locale\": \"EN\"}, \"history\": {\"creation-method\": \"DIRECT\", \"completion-date\": null, \"submission-date\": {\"value\": 1595844508232}, \"last-modified-date\": {\"value\": 1686114020010}, \"claimed\": true, \"source\": null, \"deactivation-date\": null, \"verified-email\": true, \"verified-primary-email\": true}, \"person\": {\"last-modified-date\": {\"value\": 1615305792916}, \"name\": {\"created-date\": {\"value\": 1595844508486}, \"last-modified-date\": {\"value\": 1595844572980}, \"given-names\": {\"value\": \"Roger\"}, \"family-name\": {\"value\": \"Winkler\"}, \"credit-name\": null, \"source\": null, \"visibility\": \"PUBLIC\", \"path\": \"0000-0001-6259-4068\"}, \"other-names\": {\"last-modified-date\": null, \"other-name\": [], \"path\": \"/0000-0001-6259-4068/other-names\"}, \"biography\": null, \"researcher-urls\": {\"last-modified-date\": null, \"researcher-url\": [], \"path\": \"/0000-0001-6259-4068/researcher-urls\"}, \"emails\": {\"last-modified-date\": null, \"email\": [], \"path\": \"/0000-0001-6259-4068/email\"}, \"addresses\": {\"last-modified-date\": {\"value\": 1615305792916}, \"address\": [{\"created-date\": {\"value\": 1615305792916}, \"last-modified-date\": {\"value\": 1615305792916}, \"source\": {\"source-orcid\": {\"uri\": \"https://orcid.org/0000-0001-6259-4068\", \"path\": \"0000-0001-6259-4068\", \"host\": \"orcid.org\"}, \"source-client-id\": null, \"source-name\": {\"value\": \"Roger Winkler\"}}, \"country\": {\"value\": \"DE\"}, \"visibility\": \"PUBLIC\", \"path\": \"/0000-0001-6259-4068/address/2005370\", \"put-code\": 2005370, \"display-index\": 1}], \"path\": \"/0000-0001-6259-4068/address\"}, \"keywords\": {\"last-modified-date\": null, \"keyword\": [], \"path\": \"/0000-0001-6259-4068/keywords\"}, \"external-identifiers\": {\"last-modified-date\": null, \"external-identifier\": [], \"path\": \"/0000-0001-6259-4068/external-identifiers\"}, \"path\": \"/0000-0001-6259-4068/person\"}, \"activities-summary\": {\"last-modified-date\": {\"value\": 1648709573088}, \"educations\": {\"last-modified-date\": {\"value\": 1648709307388}, \"education-summary\": [{\"created-date\": {\"value\": 1615314554020}, \"last-modified-date\": {\"value\": 1648709288304}, \"source\": {\"source-orcid\": {\"uri\": \"https://orcid.org/0000-0001-6259-4068\", \"path\": \"0000-0001-6259-4068\", \"host\": \"orcid.org\"}, \"source-client-id\": null, \"source-name\": {\"value\": \"Roger Winkler\"}}, \"department-name\": \"Architecture\", \"role-title\": \"Master of Science\", \"start-date\": {\"year\": {\"value\": \"2016\"}, \"month\": {\"value\": \"10\"}, \"day\": {\"value\": \"01\"}}, \"end-date\": {\"year\": {\"value\": \"2020\"}, \"month\": {\"value\": \"02\"}, \"day\": {\"value\": \"29\"}}, \"organization\": {\"name\": \"Technische Universitat Darmstadt\", \"address\": {\"city\": \"Darmstadt\", \"region\": \"Hessen\", \"country\": \"DE\"}, \"disambiguated-organization\": {\"disambiguated-organization-identifier\": \"26536\", \"disambiguation-source\": \"RINGGOLD\"}}, \"visibility\": \"PUBLIC\", \"put-code\": 14227572, \"path\": \"/0000-0001-6259-4068/education/14227572\"}, {\"created-date\": {\"value\": 1648709183995}, \"last-modified-date\": {\"value\": 1648709307388}, \"source\": {\"source-orcid\": {\"uri\": \"https://orcid.org/0000-0001-6259-4068\", \"path\": \"0000-0001-6259-4068\", \"host\": \"orcid.org\"}, \"source-client-id\": null, \"source-name\": {\"value\": \"Roger Winkler\"}}, \"department-name\": \"Architecture\", \"role-title\": \"Bachelor of Science\", \"start-date\": {\"year\": {\"value\": \"2012\"}, \"month\": {\"value\": \"08\"}, \"day\": {\"value\": \"01\"}}, \"end-date\": {\"year\": {\"value\": \"2016\"}, \"month\": {\"value\": \"09\"}, \"day\": {\"value\": \"30\"}}, \"organization\": {\"name\": \"Technische Universitat Darmstadt\", \"address\": {\"city\": \"Darmstadt\", \"region\": \"Hessen\", \"country\": \"DE\"}, \"disambiguated-organization\": {\"disambiguated-organization-identifier\": \"26536\", \"disambiguation-source\": \"RINGGOLD\"}}, \"visibility\": \"PUBLIC\", \"put-code\": 17349847, \"path\": \"/0000-0001-6259-4068/education/17349847\"}], \"path\": \"/0000-0001-6259-4068/educations\"}, \"employments\": {\"last-modified-date\": {\"value\": 1648709058570}, \"employment-summary\": [{\"created-date\": {\"value\": 1615305005984}, \"last-modified-date\": {\"value\": 1615305005984}, \"source\": {\"source-orcid\": {\"uri\": \"https://orcid.org/0000-0001-6259-4068\", \"path\": \"0000-0001-6259-4068\", \"host\": \"orcid.org\"}, \"source-client-id\": null, \"source-name\": {\"value\": \"Roger Winkler\"}}, \"department-name\": \"Fachinformationsdienst BAUdigital\", \"role-title\": null, \"start-date\": {\"year\": {\"value\": \"2020\"}, \"month\": {\"value\": \"07\"}, \"day\": {\"value\": \"01\"}}, \"end-date\": null, \"organization\": {\"name\": \"Universit\\u00e4ts- und Landesbibliothek Darmstadt\", \"address\": {\"city\": \"Darmstadt\", \"region\": \"Hessen\", \"country\": \"DE\"}, \"disambiguated-organization\": {\"disambiguated-organization-identifier\": \"38842\", \"disambiguation-source\": \"RINGGOLD\"}}, \"visibility\": \"PUBLIC\", \"put-code\": 14225894, \"path\": \"/0000-0001-6259-4068/employment/14225894\"}, {\"created-date\": {\"value\": 1648709058570}, \"last-modified-date\": {\"value\": 1648709058570}, \"source\": {\"source-orcid\": {\"uri\": \"https://orcid.org/0000-0001-6259-4068\", \"path\": \"0000-0001-6259-4068\", \"host\": \"orcid.org\"}, \"source-client-id\": null, \"source-name\": {\"value\": \"Roger Winkler\"}}, \"department-name\": \"Digital Design Unit\", \"role-title\": \"Researcher\", \"start-date\": {\"year\": {\"value\": \"2020\"}, \"month\": {\"value\": \"07\"}, \"day\": {\"value\": \"01\"}}, \"end-date\": {\"year\": {\"value\": \"2020\"}, \"month\": {\"value\": \"12\"}, \"day\": {\"value\": \"31\"}}, \"organization\": {\"name\": \"Technische Universitat Darmstadt\", \"address\": {\"city\": \"Darmstadt\", \"region\": \"Hessen\", \"country\": \"DE\"}, \"disambiguated-organization\": {\"disambiguated-organization-identifier\": \"26536\", \"disambiguation-source\": \"RINGGOLD\"}}, \"visibility\": \"PUBLIC\", \"put-code\": 17349839, \"path\": \"/0000-0001-6259-4068/employment/17349839\"}], \"path\": \"/0000-0001-6259-4068/employments\"}, \"fundings\": {\"last-modified-date\": {\"value\": 1648709573088}, \"group\": [{\"last-modified-date\": {\"value\": 1648709573088}, \"external-ids\": {\"external-id\": []}, \"funding-summary\": [{\"created-date\": {\"value\": 1648709573088}, \"last-modified-date\": {\"value\": 1648709573088}, \"source\": {\"source-orcid\": {\"uri\": \"https://orcid.org/0000-0001-6259-4068\", \"path\": \"0000-0001-6259-4068\", \"host\": \"orcid.org\"}, \"source-client-id\": null, \"source-name\": {\"value\": \"Roger Winkler\"}}, \"title\": {\"title\": {\"value\": \"FloorPlanMatch\"}, \"translated-title\": null}, \"external-ids\": null, \"type\": \"GRANT\", \"start-date\": {\"year\": {\"value\": \"2020\"}, \"month\": {\"value\": \"01\"}, \"day\": null}, \"end-date\": {\"year\": {\"value\": \"2020\"}, \"month\": {\"value\": \"07\"}, \"day\": null}, \"organization\": {\"name\": \"Universit\\u00e4t Kassel - UniKasselTransfer\", \"address\": {\"city\": \"Kassel\", \"region\": \"Hessen\", \"country\": \"DE\"}, \"disambiguated-organization\": null}, \"visibility\": \"PUBLIC\", \"put-code\": 1331304, \"path\": \"/0000-0001-6259-4068/funding/1331304\", \"display-index\": \"1\"}]}], \"path\": \"/0000-0001-6259-4068/fundings\"}, \"peer-reviews\": {\"last-modified-date\": null, \"group\": [], \"path\": \"/0000-0001-6259-4068/peer-reviews\"}, \"works\": {\"last-modified-date\": {\"value\": 1648708886277}, \"group\": [{\"last-modified-date\": {\"value\": 1648708886277}, \"external-ids\": {\"external-id\": [{\"external-id-type\": \"doi\", \"external-id-value\": \"10.5446/48240\", \"external-id-url\": {\"value\": \"https://doi.org/10.5446/48240\"}, \"external-id-relationship\": \"SELF\"}]}, \"work-summary\": [{\"put-code\": 110715920, \"created-date\": {\"value\": 1648708886277}, \"last-modified-date\": {\"value\": 1648708886277}, \"source\": {\"source-orcid\": {\"uri\": \"https://orcid.org/0000-0001-6259-4068\", \"path\": \"0000-0001-6259-4068\", \"host\": \"orcid.org\"}, \"source-client-id\": null, \"source-name\": {\"value\": \"Roger Winkler\"}}, \"title\": {\"title\": {\"value\": \"DATA TALKS #1: Datenbasierte Forschung (Teaser)\"}, \"subtitle\": null, \"translated-title\": null}, \"external-ids\": {\"external-id\": [{\"external-id-type\": \"doi\", \"external-id-value\": \"10.5446/48240\", \"external-id-url\": {\"value\": \"https://doi.org/10.5446/48240\"}, \"external-id-relationship\": \"SELF\"}]}, \"type\": \"LECTURE_SPEECH\", \"publication-date\": {\"year\": {\"value\": \"2021\"}, \"month\": null, \"day\": null, \"media-type\": null}, \"visibility\": \"PUBLIC\", \"path\": \"/0000-0001-6259-4068/work/110715920\", \"display-index\": \"1\"}]}, {\"last-modified-date\": {\"value\": 1629884799940}, \"external-ids\": {\"external-id\": [{\"external-id-type\": \"doi\", \"external-id-value\": \"10.5281/ZENODO.4955852\", \"external-id-url\": {\"value\": \"https://doi.org/10.5281/ZENODO.4955852\"}, \"external-id-relationship\": \"SELF\"}]}, \"work-summary\": [{\"put-code\": 98933974, \"created-date\": {\"value\": 1629884799940}, \"last-modified-date\": {\"value\": 1629884799940}, \"source\": {\"source-orcid\": {\"uri\": \"https://orcid.org/0000-0001-6259-4068\", \"path\": \"0000-0001-6259-4068\", \"host\": \"orcid.org\"}, \"source-client-id\": null, \"source-name\": {\"value\": \"Roger Winkler\"}}, \"title\": {\"title\": {\"value\": \"Fachinformationsdienst BAUdigital\"}, \"subtitle\": null, \"translated-title\": null}, \"external-ids\": {\"external-id\": [{\"external-id-type\": \"doi\", \"external-id-value\": \"10.5281/ZENODO.4955852\", \"external-id-url\": {\"value\": \"https://doi.org/10.5281/ZENODO.4955852\"}, \"external-id-relationship\": \"SELF\"}]}, \"type\": \"CONFERENCE_POSTER\", \"publication-date\": {\"year\": {\"value\": \"2020\"}, \"month\": {\"value\": \"12\"}, \"day\": {\"value\": \"17\"}, \"media-type\": null}, \"visibility\": \"PUBLIC\", \"path\": \"/0000-0001-6259-4068/work/98933974\", \"display-index\": \"1\"}]}, {\"last-modified-date\": {\"value\": 1629885394739}, \"external-ids\": {\"external-id\": [{\"external-id-type\": \"doi\", \"external-id-value\": \"10.1007/978-3-030-29829-6_16\", \"external-id-url\": {\"value\": \"https://doi.org/10.1007/978-3-030-29829-6_16\"}, \"external-id-relationship\": \"SELF\"}]}, \"work-summary\": [{\"put-code\": 77930770, \"created-date\": {\"value\": 1595844768216}, \"last-modified-date\": {\"value\": 1629885394739}, \"source\": {\"source-orcid\": {\"uri\": \"https://orcid.org/0000-0001-6259-4068\", \"path\": \"0000-0001-6259-4068\", \"host\": \"orcid.org\"}, \"source-client-id\": null, \"source-name\": {\"value\": \"Roger Winkler\"}}, \"title\": {\"title\": {\"value\": \"Encoding Architectural Designs as Iso-surface Tilesets for Participatory Sculpting of Massing Models\"}, \"subtitle\": null, \"translated-title\": null}, \"external-ids\": {\"external-id\": [{\"external-id-type\": \"doi\", \"external-id-value\": \"10.1007/978-3-030-29829-6_16\", \"external-id-url\": {\"value\": \"https://doi.org/10.1007/978-3-030-29829-6_16\"}, \"external-id-relationship\": \"SELF\"}, {\"external-id-type\": \"isbn\", \"external-id-value\": \"9783030298289\", \"external-id-url\": {\"value\": \"https://www.worldcat.org/isbn/9783030298289\"}, \"external-id-relationship\": \"PART_OF\"}, {\"external-id-type\": \"isbn\", \"external-id-value\": \"9783030298296\", \"external-id-url\": {\"value\": \"https://www.worldcat.org/isbn/9783030298296\"}, \"external-id-relationship\": \"PART_OF\"}]}, \"type\": \"CONFERENCE_PAPER\", \"publication-date\": {\"year\": {\"value\": \"2020\"}, \"month\": {\"value\": \"08\"}, \"day\": {\"value\": \"29\"}, \"media-type\": null}, \"visibility\": \"PUBLIC\", \"path\": \"/0000-0001-6259-4068/work/77930770\", \"display-index\": \"1\"}]}], \"path\": \"/0000-0001-6259-4068/works\"}, \"path\": \"/0000-0001-6259-4068/activities\"}, \"path\": \"/0000-0001-6259-4068\"}',8),(8,'orcid','0000-0003-3806-271X','2023-06-13 12:47:50.321772','2023-06-13 12:47:50.321798','{\"orcid-identifier\": {\"uri\": \"https://orcid.org/0000-0003-3806-271X\", \"path\": \"0000-0003-3806-271X\", \"host\": \"orcid.org\"}, \"preferences\": {\"locale\": \"EN\"}, \"history\": {\"creation-method\": \"DIRECT\", \"completion-date\": null, \"submission-date\": {\"value\": 1647440288724}, \"last-modified-date\": {\"value\": 1686660469537}, \"claimed\": true, \"source\": null, \"deactivation-date\": null, \"verified-email\": true, \"verified-primary-email\": true}, \"person\": {\"last-modified-date\": null, \"name\": {\"created-date\": {\"value\": 1647440289022}, \"last-modified-date\": {\"value\": 1647440289022}, \"given-names\": {\"value\": \"Max Leo\"}, \"family-name\": {\"value\": \"Wawer\"}, \"credit-name\": null, \"source\": null, \"visibility\": \"PUBLIC\", \"path\": \"0000-0003-3806-271X\"}, \"other-names\": {\"last-modified-date\": null, \"other-name\": [], \"path\": \"/0000-0003-3806-271X/other-names\"}, \"biography\": null, \"researcher-urls\": {\"last-modified-date\": null, \"researcher-url\": [], \"path\": \"/0000-0003-3806-271X/researcher-urls\"}, \"emails\": {\"last-modified-date\": null, \"email\": [], \"path\": \"/0000-0003-3806-271X/email\"}, \"addresses\": {\"last-modified-date\": null, \"address\": [], \"path\": \"/0000-0003-3806-271X/address\"}, \"keywords\": {\"last-modified-date\": null, \"keyword\": [], \"path\": \"/0000-0003-3806-271X/keywords\"}, \"external-identifiers\": {\"last-modified-date\": null, \"external-identifier\": [], \"path\": \"/0000-0003-3806-271X/external-identifiers\"}, \"path\": \"/0000-0003-3806-271X/person\"}, \"activities-summary\": {\"last-modified-date\": {\"value\": 1672753262718}, \"educations\": {\"last-modified-date\": null, \"education-summary\": [], \"path\": \"/0000-0003-3806-271X/educations\"}, \"employments\": {\"last-modified-date\": {\"value\": 1647441610238}, \"employment-summary\": [{\"created-date\": {\"value\": 1647441610238}, \"last-modified-date\": {\"value\": 1647441610238}, \"source\": {\"source-orcid\": {\"uri\": \"https://orcid.org/0000-0003-3806-271X\", \"path\": \"0000-0003-3806-271X\", \"host\": \"orcid.org\"}, \"source-client-id\": null, \"source-name\": {\"value\": \"Max Leo Wawer\"}}, \"department-name\": \"Institut f\\u00fcr Produktentwicklung und Ger\\u00e4tebau\", \"role-title\": \"Research Assistant \", \"start-date\": {\"year\": {\"value\": \"2021\"}, \"month\": {\"value\": \"12\"}, \"day\": {\"value\": \"15\"}}, \"end-date\": null, \"organization\": {\"name\": \"Leibniz University Hannover\", \"address\": {\"city\": \"Hanover\", \"region\": \"Niedersachsen\", \"country\": \"DE\"}, \"disambiguated-organization\": {\"disambiguated-organization-identifier\": \"https://ror.org/0304hq317\", \"disambiguation-source\": \"ROR\"}}, \"visibility\": \"PUBLIC\", \"put-code\": 17246044, \"path\": \"/0000-0003-3806-271X/employment/17246044\"}], \"path\": \"/0000-0003-3806-271X/employments\"}, \"fundings\": {\"last-modified-date\": null, \"group\": [], \"path\": \"/0000-0003-3806-271X/fundings\"}, \"peer-reviews\": {\"last-modified-date\": null, \"group\": [], \"path\": \"/0000-0003-3806-271X/peer-reviews\"}, \"works\": {\"last-modified-date\": {\"value\": 1672753262718}, \"group\": [{\"last-modified-date\": {\"value\": 1672753262718}, \"external-ids\": {\"external-id\": [{\"external-id-type\": \"doi\", \"external-id-value\": \"10.1007/978-3-031-16281-7_39\", \"external-id-url\": {\"value\": \"https://doi.org/10.1007/978-3-031-16281-7_39\"}, \"external-id-relationship\": \"SELF\"}]}, \"work-summary\": [{\"put-code\": 125735392, \"created-date\": {\"value\": 1672753262718}, \"last-modified-date\": {\"value\": 1672753262718}, \"source\": {\"source-orcid\": null, \"source-client-id\": {\"uri\": \"https://orcid.org/client/0000-0001-9884-1913\", \"path\": \"0000-0001-9884-1913\", \"host\": \"orcid.org\"}, \"source-name\": {\"value\": \"Crossref\"}}, \"title\": {\"title\": {\"value\": \"Ontology-Based Documentation of Quality Assurance Measures Using the Example of a Visual Inspection\"}, \"subtitle\": null, \"translated-title\": null}, \"external-ids\": {\"external-id\": [{\"external-id-type\": \"doi\", \"external-id-value\": \"10.1007/978-3-031-16281-7_39\", \"external-id-url\": {\"value\": \"https://doi.org/10.1007/978-3-031-16281-7_39\"}, \"external-id-relationship\": \"SELF\"}]}, \"type\": \"BOOK_CHAPTER\", \"publication-date\": {\"year\": {\"value\": \"2023\"}, \"month\": null, \"day\": null, \"media-type\": null}, \"visibility\": \"PUBLIC\", \"path\": \"/0000-0003-3806-271X/work/125735392\", \"display-index\": \"0\"}]}], \"path\": \"/0000-0003-3806-271X/works\"}, \"path\": \"/0000-0003-3806-271X/activities\"}, \"path\": \"/0000-0003-3806-271X\"}',9),(9,'orcid','0000-0001-9964-1112','2023-07-20 11:09:26.074114','2023-06-15 10:08:26.201173','{\"orcid-identifier\": {\"uri\": \"https://orcid.org/0000-0001-9964-1112\", \"path\": \"0000-0001-9964-1112\", \"host\": \"orcid.org\"}, \"preferences\": {\"locale\": \"EN\"}, \"history\": {\"creation-method\": \"WEBSITE\", \"completion-date\": {\"value\": 1375641559699}, \"submission-date\": {\"value\": 1375641421350}, \"last-modified-date\": {\"value\": 1689851364953}, \"claimed\": true, \"source\": null, \"deactivation-date\": null, \"verified-email\": true, \"verified-primary-email\": true}, \"person\": {\"last-modified-date\": {\"value\": 1621259219589}, \"name\": {\"created-date\": {\"value\": 1460756457958}, \"last-modified-date\": {\"value\": 1535956691955}, \"given-names\": {\"value\": \"Gerald Wolfgang\"}, \"family-name\": {\"value\": \"Jagusch\"}, \"credit-name\": {\"value\": \"Gerald Jagusch\"}, \"source\": null, \"visibility\": \"PUBLIC\", \"path\": \"0000-0001-9964-1112\"}, \"other-names\": {\"last-modified-date\": {\"value\": 1535956832701}, \"other-name\": [{\"created-date\": {\"value\": 1535956832694}, \"last-modified-date\": {\"value\": 1535956832694}, \"source\": {\"source-orcid\": {\"uri\": \"https://orcid.org/0000-0001-9964-1112\", \"path\": \"0000-0001-9964-1112\", \"host\": \"orcid.org\"}, \"source-client-id\": null, \"source-name\": {\"value\": \"Gerald Jagusch\"}}, \"content\": \"Gerald Wolfgang Langhanke\", \"visibility\": \"PUBLIC\", \"path\": \"/0000-0001-9964-1112/other-names/1144650\", \"put-code\": 1144650, \"display-index\": 7}, {\"created-date\": {\"value\": 1535956731515}, \"last-modified-date\": {\"value\": 1535956832701}, \"source\": {\"source-orcid\": {\"uri\": \"https://orcid.org/0000-0001-9964-1112\", \"path\": \"0000-0001-9964-1112\", \"host\": \"orcid.org\"}, \"source-client-id\": null, \"source-name\": {\"value\": \"Gerald Jagusch\"}}, \"content\": \"Gerald Langhanke\", \"visibility\": \"PUBLIC\", \"path\": \"/0000-0001-9964-1112/other-names/1144647\", \"put-code\": 1144647, \"display-index\": 6}, {\"created-date\": {\"value\": 1535956832697}, \"last-modified-date\": {\"value\": 1535956832697}, \"source\": {\"source-orcid\": {\"uri\": \"https://orcid.org/0000-0001-9964-1112\", \"path\": \"0000-0001-9964-1112\", \"host\": \"orcid.org\"}, \"source-client-id\": null, \"source-name\": {\"value\": \"Gerald Jagusch\"}}, \"content\": \"Gerald Wolfgang Jagusch\", \"visibility\": \"PUBLIC\", \"path\": \"/0000-0001-9964-1112/other-names/1144651\", \"put-code\": 1144651, \"display-index\": 5}, {\"created-date\": {\"value\": 1535956731519}, \"last-modified-date\": {\"value\": 1535956832701}, \"source\": {\"source-orcid\": {\"uri\": \"https://orcid.org/0000-0001-9964-1112\", \"path\": \"0000-0001-9964-1112\", \"host\": \"orcid.org\"}, \"source-client-id\": null, \"source-name\": {\"value\": \"Gerald Jagusch\"}}, \"content\": \"G Jagusch\", \"visibility\": \"PUBLIC\", \"path\": \"/0000-0001-9964-1112/other-names/1144648\", \"put-code\": 1144648, \"display-index\": 4}, {\"created-date\": {\"value\": 1535956731521}, \"last-modified-date\": {\"value\": 1535956832701}, \"source\": {\"source-orcid\": {\"uri\": \"https://orcid.org/0000-0001-9964-1112\", \"path\": \"0000-0001-9964-1112\", \"host\": \"orcid.org\"}, \"source-client-id\": null, \"source-name\": {\"value\": \"Gerald Jagusch\"}}, \"content\": \"G W Jagusch\", \"visibility\": \"PUBLIC\", \"path\": \"/0000-0001-9964-1112/other-names/1144649\", \"put-code\": 1144649, \"display-index\": 3}, {\"created-date\": {\"value\": 1448644820646}, \"last-modified-date\": {\"value\": 1535956832701}, \"source\": {\"source-orcid\": {\"uri\": \"https://orcid.org/0000-0001-9964-1112\", \"path\": \"0000-0001-9964-1112\", \"host\": \"orcid.org\"}, \"source-client-id\": null, \"source-name\": {\"value\": \"Gerald Jagusch\"}}, \"content\": \"G Langhanke\", \"visibility\": \"PUBLIC\", \"path\": \"/0000-0001-9964-1112/other-names/585637\", \"put-code\": 585637, \"display-index\": 2}, {\"created-date\": {\"value\": 1448644820647}, \"last-modified-date\": {\"value\": 1535956832701}, \"source\": {\"source-orcid\": {\"uri\": \"https://orcid.org/0000-0001-9964-1112\", \"path\": \"0000-0001-9964-1112\", \"host\": \"orcid.org\"}, \"source-client-id\": null, \"source-name\": {\"value\": \"Gerald Jagusch\"}}, \"content\": \"G W Langhanke\", \"visibility\": \"PUBLIC\", \"path\": \"/0000-0001-9964-1112/other-names/585638\", \"put-code\": 585638, \"display-index\": 1}], \"path\": \"/0000-0001-9964-1112/other-names\"}, \"biography\": {\"created-date\": {\"value\": 1460756457961}, \"last-modified-date\": {\"value\": 1638282271324}, \"content\": \"Diploma in Physics, University of Heidelberg, 2012\\nDegree in Academic librarianship, ULB Darmstadt, 2015\\nAcademic librarian and RDM officer, ULB Darmstadt 2015 - 2021\\nLead of Department IT, Research and Development, ULB Darmstadt, since 2021\", \"visibility\": \"PUBLIC\", \"path\": \"/0000-0001-9964-1112/biography\"}, \"researcher-urls\": {\"last-modified-date\": {\"value\": 1463073806833}, \"researcher-url\": [{\"created-date\": {\"value\": 1448644820647}, \"last-modified-date\": {\"value\": 1463073806833}, \"source\": {\"source-orcid\": {\"uri\": \"https://orcid.org/0000-0001-9964-1112\", \"path\": \"0000-0001-9964-1112\", \"host\": \"orcid.org\"}, \"source-client-id\": null, \"source-name\": {\"value\": \"Gerald Jagusch\"}}, \"url-name\": \"figshare\", \"url\": {\"value\": \"http://figshare.com/authors/Gerald_wolfgang_Langhanke/664894\"}, \"visibility\": \"PUBLIC\", \"path\": \"/0000-0001-9964-1112/researcher-urls/583379\", \"put-code\": 583379, \"display-index\": 2}, {\"created-date\": {\"value\": 1448644820648}, \"last-modified-date\": {\"value\": 1463073806833}, \"source\": {\"source-orcid\": {\"uri\": \"https://orcid.org/0000-0001-9964-1112\", \"path\": \"0000-0001-9964-1112\", \"host\": \"orcid.org\"}, \"source-client-id\": null, \"source-name\": {\"value\": \"Gerald Jagusch\"}}, \"url-name\": \"ResearchGate\", \"url\": {\"value\": \"https://www.researchgate.net/profile/Gerald_Langhanke\"}, \"visibility\": \"PUBLIC\", \"path\": \"/0000-0001-9964-1112/researcher-urls/583380\", \"put-code\": 583380, \"display-index\": 1}, {\"created-date\": {\"value\": 1463073806819}, \"last-modified-date\": {\"value\": 1463073806819}, \"source\": {\"source-orcid\": {\"uri\": \"https://orcid.org/0000-0001-9964-1112\", \"path\": \"0000-0001-9964-1112\", \"host\": \"orcid.org\"}, \"source-client-id\": null, \"source-name\": {\"value\": \"Gerald Jagusch\"}}, \"url-name\": \"ULB Darmstadt\", \"url\": {\"value\": \"http://www.ulb.tu-darmstadt.de/kontakt/ansprechpersonen/mitarbeiter_details_11138.de.jsp\"}, \"visibility\": \"PUBLIC\", \"path\": \"/0000-0001-9964-1112/researcher-urls/740184\", \"put-code\": 740184, \"display-index\": 0}], \"path\": \"/0000-0001-9964-1112/researcher-urls\"}, \"emails\": {\"last-modified-date\": {\"value\": 1621259219589}, \"email\": [{\"created-date\": {\"value\": 1601451880618}, \"last-modified-date\": {\"value\": 1621259219589}, \"source\": {\"source-orcid\": {\"uri\": \"https://orcid.org/0000-0001-9964-1112\", \"path\": \"0000-0001-9964-1112\", \"host\": \"orcid.org\"}, \"source-client-id\": null, \"source-name\": {\"value\": \"Gerald Jagusch\"}}, \"email\": \"gerald.jagusch@tu-darmstadt.de\", \"path\": null, \"visibility\": \"PUBLIC\", \"verified\": true, \"primary\": true, \"put-code\": null}], \"path\": \"/0000-0001-9964-1112/email\"}, \"addresses\": {\"last-modified-date\": {\"value\": 1465226976952}, \"address\": [{\"created-date\": {\"value\": 1453659501824}, \"last-modified-date\": {\"value\": 1465226976952}, \"source\": {\"source-orcid\": {\"uri\": \"https://orcid.org/0000-0001-9964-1112\", \"path\": \"0000-0001-9964-1112\", \"host\": \"orcid.org\"}, \"source-client-id\": null, \"source-name\": {\"value\": \"Gerald Jagusch\"}}, \"country\": {\"value\": \"DE\"}, \"visibility\": \"PUBLIC\", \"path\": \"/0000-0001-9964-1112/address/170989\", \"put-code\": 170989, \"display-index\": 0}], \"path\": \"/0000-0001-9964-1112/address\"}, \"keywords\": {\"last-modified-date\": null, \"keyword\": [], \"path\": \"/0000-0001-9964-1112/keywords\"}, \"external-identifiers\": {\"last-modified-date\": {\"value\": 1565594361012}, \"external-identifier\": [{\"created-date\": {\"value\": 1414766486893}, \"last-modified-date\": {\"value\": 1517869567419}, \"source\": {\"source-orcid\": null, \"source-client-id\": {\"uri\": \"https://orcid.org/client/0000-0003-1377-5676\", \"path\": \"0000-0003-1377-5676\", \"host\": \"orcid.org\"}, \"source-name\": {\"value\": \"ResearcherID\"}}, \"external-id-type\": \"ResearcherID\", \"external-id-value\": \"N-5127-2014\", \"external-id-url\": {\"value\": \"http://www.researcherid.com/rid/N-5127-2014\"}, \"external-id-relationship\": \"SELF\", \"visibility\": \"PUBLIC\", \"path\": \"/0000-0001-9964-1112/external-identifiers/127299\", \"put-code\": 127299, \"display-index\": 0}, {\"created-date\": {\"value\": 1448644813963}, \"last-modified-date\": {\"value\": 1517873256636}, \"source\": {\"source-orcid\": null, \"source-client-id\": {\"uri\": \"https://orcid.org/client/0000-0002-5982-8983\", \"path\": \"0000-0002-5982-8983\", \"host\": \"orcid.org\"}, \"source-name\": {\"value\": \"Scopus - Elsevier\"}}, \"external-id-type\": \"Scopus Author ID\", \"external-id-value\": \"56387551600\", \"external-id-url\": {\"value\": \"http://www.scopus.com/inward/authorDetails.url?authorID=56387551600&partnerID=MN8TOARS\"}, \"external-id-relationship\": \"SELF\", \"visibility\": \"PUBLIC\", \"path\": \"/0000-0001-9964-1112/external-identifiers/377780\", \"put-code\": 377780, \"display-index\": 0}, {\"created-date\": {\"value\": 1565594361011}, \"last-modified-date\": {\"value\": 1565594361012}, \"source\": {\"source-orcid\": null, \"source-client-id\": {\"uri\": \"https://orcid.org/client/APP-0JOXOPPRQ09Y9L3Q\", \"path\": \"APP-0JOXOPPRQ09Y9L3Q\", \"host\": \"orcid.org\"}, \"source-name\": {\"value\": \"Deutsche Nationalbibliothek (DNB)\"}}, \"external-id-type\": \"GND\", \"external-id-value\": \"105944786X\", \"external-id-url\": {\"value\": \"https://d-nb.info/gnd/105944786X\"}, \"external-id-relationship\": \"SELF\", \"visibility\": \"PUBLIC\", \"path\": \"/0000-0001-9964-1112/external-identifiers/1445056\", \"put-code\": 1445056, \"display-index\": 0}], \"path\": \"/0000-0001-9964-1112/external-identifiers\"}, \"path\": \"/0000-0001-9964-1112/person\"}, \"activities-summary\": {\"last-modified-date\": {\"value\": 1673871629277}, \"educations\": {\"last-modified-date\": {\"value\": 1605523209568}, \"education-summary\": [{\"created-date\": {\"value\": 1447687898693}, \"last-modified-date\": {\"value\": 1605523208596}, \"source\": {\"source-orcid\": {\"uri\": \"https://orcid.org/0000-0001-9964-1112\", \"path\": \"0000-0001-9964-1112\", \"host\": \"orcid.org\"}, \"source-client-id\": null, \"source-name\": {\"value\": \"Gerald Jagusch\"}}, \"department-name\": null, \"role-title\": \"Academic librarian trainee\", \"start-date\": {\"year\": {\"value\": \"2013\"}, \"month\": {\"value\": \"01\"}, \"day\": {\"value\": \"10\"}}, \"end-date\": {\"year\": {\"value\": \"2015\"}, \"month\": {\"value\": \"09\"}, \"day\": {\"value\": \"30\"}}, \"organization\": {\"name\": \"Universit\\u00e4ts- und Landesbibliothek Darmstadt\", \"address\": {\"city\": \"Darmstadt\", \"region\": \"Hessen\", \"country\": \"DE\"}, \"disambiguated-organization\": {\"disambiguated-organization-identifier\": \"38842\", \"disambiguation-source\": \"RINGGOLD\"}}, \"visibility\": \"PUBLIC\", \"put-code\": 1347062, \"path\": \"/0000-0001-9964-1112/education/1347062\"}, {\"created-date\": {\"value\": 1395695544073}, \"last-modified-date\": {\"value\": 1605523209568}, \"source\": {\"source-orcid\": {\"uri\": \"https://orcid.org/0000-0001-9964-1112\", \"path\": \"0000-0001-9964-1112\", \"host\": \"orcid.org\"}, \"source-client-id\": null, \"source-name\": {\"value\": \"Gerald Jagusch\"}}, \"department-name\": \"Institut f\\u00fcr Theoretische Physik\", \"role-title\": \"Diplom-Physiker\", \"start-date\": {\"year\": {\"value\": \"2006\"}, \"month\": null, \"day\": null}, \"end-date\": {\"year\": {\"value\": \"2012\"}, \"month\": null, \"day\": null}, \"organization\": {\"name\": \"Ruprecht Karls Universit\\u00e4t Heidelberg\", \"address\": {\"city\": \"Heidelberg\", \"region\": \"Baden-W\\u00fcrttemberg\", \"country\": \"DE\"}, \"disambiguated-organization\": {\"disambiguated-organization-identifier\": \"9144\", \"disambiguation-source\": \"RINGGOLD\"}}, \"visibility\": \"PUBLIC\", \"put-code\": 182188, \"path\": \"/0000-0001-9964-1112/education/182188\"}], \"path\": \"/0000-0001-9964-1112/educations\"}, \"employments\": {\"last-modified-date\": {\"value\": 1638282290412}, \"employment-summary\": [{\"created-date\": {\"value\": 1395695463094}, \"last-modified-date\": {\"value\": 1638282290412}, \"source\": {\"source-orcid\": {\"uri\": \"https://orcid.org/0000-0001-9964-1112\", \"path\": \"0000-0001-9964-1112\", \"host\": \"orcid.org\"}, \"source-client-id\": null, \"source-name\": {\"value\": \"Gerald Jagusch\"}}, \"department-name\": \"IT, Research & Development\", \"role-title\": null, \"start-date\": {\"year\": {\"value\": \"2015\"}, \"month\": {\"value\": \"10\"}, \"day\": {\"value\": \"01\"}}, \"end-date\": null, \"organization\": {\"name\": \"Universit\\u00e4ts- und Landesbibliothek Darmstadt\", \"address\": {\"city\": \"Darmstadt\", \"region\": \"Hessen\", \"country\": \"DE\"}, \"disambiguated-organization\": {\"disambiguated-organization-identifier\": \"38842\", \"disambiguation-source\": \"RINGGOLD\"}}, \"visibility\": \"PUBLIC\", \"put-code\": 182183, \"path\": \"/0000-0001-9964-1112/employment/182183\"}], \"path\": \"/0000-0001-9964-1112/employments\"}, \"fundings\": {\"last-modified-date\": null, \"group\": [], \"path\": \"/0000-0001-9964-1112/fundings\"}, \"peer-reviews\": {\"last-modified-date\": null, \"group\": [], \"path\": \"/0000-0001-9964-1112/peer-reviews\"}, \"works\": {\"last-modified-date\": {\"value\": 1673871629277}, \"group\": [{\"last-modified-date\": {\"value\": 1673871629277}, \"external-ids\": {\"external-id\": [{\"external-id-type\": \"doi\", \"external-id-value\": \"10.5281/zenodo.6499326\", \"external-id-url\": null, \"external-id-relationship\": \"SELF\"}]}, \"work-summary\": [{\"put-code\": 126613384, \"created-date\": {\"value\": 1673871629277}, \"last-modified-date\": {\"value\": 1673871629277}, \"source\": {\"source-orcid\": null, \"source-client-id\": {\"uri\": \"https://orcid.org/client/0000-0001-8099-6984\", \"path\": \"0000-0001-8099-6984\", \"host\": \"orcid.org\"}, \"source-name\": {\"value\": \"DataCite\"}}, \"title\": {\"title\": {\"value\": \"Data management planning: Concept for Setting up a Working Group in the NFDI Section Common Infrastructures\"}, \"subtitle\": null, \"translated-title\": null}, \"external-ids\": {\"external-id\": [{\"external-id-type\": \"doi\", \"external-id-value\": \"10.5281/zenodo.6499326\", \"external-id-url\": null, \"external-id-relationship\": \"SELF\"}]}, \"type\": \"OTHER\", \"publication-date\": {\"year\": {\"value\": \"2023\"}, \"month\": {\"value\": \"01\"}, \"day\": {\"value\": \"16\"}, \"media-type\": null}, \"visibility\": \"PUBLIC\", \"path\": \"/0000-0001-9964-1112/work/126613384\", \"display-index\": \"0\"}]}, {\"last-modified-date\": {\"value\": 1671006997077}, \"external-ids\": {\"external-id\": [{\"external-id-type\": \"cgn\", \"external-id-value\": \"K10Plus:1800034970\", \"external-id-url\": {\"value\": \"https://id.culturegraph.org/K10Plus:1800034970\"}, \"external-id-relationship\": \"SELF\"}, {\"external-id-type\": \"doi\", \"external-id-value\": \"10.11588/HEIBOOKS.979.C13722\", \"external-id-url\": {\"value\": \"http://dx.doi.org/10.11588/HEIBOOKS.979.C13722\"}, \"external-id-relationship\": \"SELF\"}]}, \"work-summary\": [{\"put-code\": 124657598, \"created-date\": {\"value\": 1671006997077}, \"last-modified-date\": {\"value\": 1671006997077}, \"source\": {\"source-orcid\": null, \"source-client-id\": {\"uri\": \"https://orcid.org/client/APP-XBXGKINCJSVELASV\", \"path\": \"APP-XBXGKINCJSVELASV\", \"host\": \"orcid.org\"}, \"source-name\": {\"value\": \"GND Network\"}}, \"title\": {\"title\": {\"value\": \"Product life cycle oriented data management planning with RDMO at the example of research field data\"}, \"subtitle\": null, \"translated-title\": null}, \"external-ids\": {\"external-id\": [{\"external-id-type\": \"cgn\", \"external-id-value\": \"K10Plus:1800034970\", \"external-id-url\": {\"value\": \"https://id.culturegraph.org/K10Plus:1800034970\"}, \"external-id-relationship\": \"SELF\"}, {\"external-id-type\": \"doi\", \"external-id-value\": \"10.11588/HEIBOOKS.979.C13722\", \"external-id-url\": {\"value\": \"http://dx.doi.org/10.11588/HEIBOOKS.979.C13722\"}, \"external-id-relationship\": \"SELF\"}]}, \"type\": \"BOOK\", \"publication-date\": {\"year\": {\"value\": \"2022\"}, \"month\": null, \"day\": null, \"media-type\": null}, \"visibility\": \"PUBLIC\", \"path\": \"/0000-0001-9964-1112/work/124657598\", \"display-index\": \"0\"}]}, {\"last-modified-date\": {\"value\": 1671006997171}, \"external-ids\": {\"external-id\": [{\"external-id-type\": \"doi\", \"external-id-value\": \"10.26083/tuprints-00021013\", \"external-id-url\": {\"value\": \"http://dx.doi.org/10.26083/tuprints-00021013\"}, \"external-id-relationship\": \"SELF\"}, {\"external-id-type\": \"cgn\", \"external-id-value\": \"DNB:1253995001\", \"external-id-url\": {\"value\": \"https://id.culturegraph.org/DNB:1253995001\"}, \"external-id-relationship\": \"SELF\"}]}, \"work-summary\": [{\"put-code\": 124657599, \"created-date\": {\"value\": 1671006997171}, \"last-modified-date\": {\"value\": 1671006997171}, \"source\": {\"source-orcid\": null, \"source-client-id\": {\"uri\": \"https://orcid.org/client/APP-XBXGKINCJSVELASV\", \"path\": \"APP-XBXGKINCJSVELASV\", \"host\": \"orcid.org\"}, \"source-name\": {\"value\": \"GND Network\"}}, \"title\": {\"title\": {\"value\": \"\\u0098Die\\u009c HeFDI-Repositorien am Beispiel des TUdatalib\"}, \"subtitle\": null, \"translated-title\": null}, \"external-ids\": {\"external-id\": [{\"external-id-type\": \"cgn\", \"external-id-value\": \"DNB:1253995001\", \"external-id-url\": {\"value\": \"https://id.culturegraph.org/DNB:1253995001\"}, \"external-id-relationship\": \"SELF\"}, {\"external-id-type\": \"doi\", \"external-id-value\": \"10.26083/tuprints-00021013\", \"external-id-url\": {\"value\": \"http://dx.doi.org/10.26083/tuprints-00021013\"}, \"external-id-relationship\": \"SELF\"}]}, \"type\": \"BOOK\", \"publication-date\": {\"year\": {\"value\": \"2022\"}, \"month\": null, \"day\": null, \"media-type\": null}, \"visibility\": \"PUBLIC\", \"path\": \"/0000-0001-9964-1112/work/124657599\", \"display-index\": \"0\"}]}, {\"last-modified-date\": {\"value\": 1624265088385}, \"external-ids\": {\"external-id\": [{\"external-id-type\": \"doi\", \"external-id-value\": \"10.5282/o-bib/5718\", \"external-id-url\": {\"value\": \"https://doi.org/10.5282/o-bib/5718\"}, \"external-id-relationship\": \"SELF\"}]}, \"work-summary\": [{\"put-code\": 95804729, \"created-date\": {\"value\": 1624265088385}, \"last-modified-date\": {\"value\": 1624265088385}, \"source\": {\"source-orcid\": {\"uri\": \"https://orcid.org/0000-0001-9964-1112\", \"path\": \"0000-0001-9964-1112\", \"host\": \"orcid.org\"}, \"source-client-id\": null, \"source-name\": {\"value\": \"Gerald Jagusch\"}}, \"title\": {\"title\": {\"value\": \"Forschungsunterstutzung an Bibliotheken\"}, \"subtitle\": null, \"translated-title\": null}, \"external-ids\": {\"external-id\": [{\"external-id-type\": \"doi\", \"external-id-value\": \"10.5282/o-bib/5718\", \"external-id-url\": {\"value\": \"https://doi.org/10.5282/o-bib/5718\"}, \"external-id-relationship\": \"SELF\"}]}, \"type\": \"JOURNAL_ARTICLE\", \"publication-date\": {\"year\": {\"value\": \"2021\"}, \"month\": {\"value\": \"06\"}, \"day\": {\"value\": \"17\"}, \"media-type\": null}, \"visibility\": \"PUBLIC\", \"path\": \"/0000-0001-9964-1112/work/95804729\", \"display-index\": \"1\"}]}, {\"last-modified-date\": {\"value\": 1671006997181}, \"external-ids\": {\"external-id\": [{\"external-id-type\": \"cgn\", \"external-id-value\": \"DNB:1232073954\", \"external-id-url\": {\"value\": \"https://id.culturegraph.org/DNB:1232073954\"}, \"external-id-relationship\": \"SELF\"}]}, \"work-summary\": [{\"put-code\": 124657600, \"created-date\": {\"value\": 1671006997181}, \"last-modified-date\": {\"value\": 1671006997181}, \"source\": {\"source-orcid\": null, \"source-client-id\": {\"uri\": \"https://orcid.org/client/APP-XBXGKINCJSVELASV\", \"path\": \"APP-XBXGKINCJSVELASV\", \"host\": \"orcid.org\"}, \"source-name\": {\"value\": \"GND Network\"}}, \"title\": {\"title\": {\"value\": \"\\\"Wir bringen die breite Basis mit\\\" \\u2013 Gemeinsames Pl\\u00e4doyer f\\u00fcr eine enge Einbindung der Landesinitiativen f\\u00fcr Forschungsdatenmanagement in die Nationale Forschungsdateninfrastruktur : gemeinsames Papier der Landesinitiativen von Baden-W\\u00fcrttemberg (bw2FDM), Brandenburg (FDM-BB), Hessen (HeFDI), Nordrhein-Westfalen (fdm.nrw), Sachsen (SaxFDM), Th\\u00fcringen (TKFDM) sowie Vertretern aus Bayern, Hamburg, Sachsen-Anhalt und Schleswig-Holstein\"}, \"subtitle\": null, \"translated-title\": null}, \"external-ids\": {\"external-id\": [{\"external-id-type\": \"cgn\", \"external-id-value\": \"DNB:1232073954\", \"external-id-url\": {\"value\": \"https://id.culturegraph.org/DNB:1232073954\"}, \"external-id-relationship\": \"SELF\"}]}, \"type\": \"BOOK\", \"publication-date\": {\"year\": {\"value\": \"2021\"}, \"month\": null, \"day\": null, \"media-type\": null}, \"visibility\": \"PUBLIC\", \"path\": \"/0000-0001-9964-1112/work/124657600\", \"display-index\": \"0\"}]}, {\"last-modified-date\": {\"value\": 1671009262687}, \"external-ids\": {\"external-id\": [{\"external-id-type\": \"source-work-id\", \"external-id-value\": \"BASE:5584187e229c8a500a9fcbaaf176d0b24af433759475e257d7533ea745deda61\", \"external-id-url\": {\"value\": \"https://www.base-search.net/Record/5584187e229c8a500a9fcbaaf176d0b24af433759475e257d7533ea745deda61\"}, \"external-id-relationship\": \"SELF\"}]}, \"work-summary\": [{\"put-code\": 124659549, \"created-date\": {\"value\": 1671009262687}, \"last-modified-date\": {\"value\": 1671009262687}, \"source\": {\"source-orcid\": null, \"source-client-id\": {\"uri\": \"https://orcid.org/client/APP-HCGH49OO61VH1II3\", \"path\": \"APP-HCGH49OO61VH1II3\", \"host\": \"orcid.org\"}, \"source-name\": {\"value\": \"BASE - Bielefeld Academic Search Engine\"}}, \"title\": {\"title\": {\"value\": \"Bericht der Kommission f\\u00fcr forschungsnahe Dienste 2020\"}, \"subtitle\": null, \"translated-title\": null}, \"external-ids\": {\"external-id\": [{\"external-id-type\": \"source-work-id\", \"external-id-value\": \"BASE:5584187e229c8a500a9fcbaaf176d0b24af433759475e257d7533ea745deda61\", \"external-id-url\": {\"value\": \"https://www.base-search.net/Record/5584187e229c8a500a9fcbaaf176d0b24af433759475e257d7533ea745deda61\"}, \"external-id-relationship\": \"SELF\"}]}, \"type\": \"JOURNAL_ARTICLE\", \"publication-date\": {\"year\": {\"value\": \"2021\"}, \"month\": null, \"day\": null, \"media-type\": null}, \"visibility\": \"PUBLIC\", \"path\": \"/0000-0001-9964-1112/work/124659549\", \"display-index\": \"0\"}]}, {\"last-modified-date\": {\"value\": 1671009364940}, \"external-ids\": {\"external-id\": [{\"external-id-type\": \"doi\", \"external-id-value\": \"10.5282/o-bib/5634\", \"external-id-url\": null, \"external-id-relationship\": \"SELF\"}, {\"external-id-type\": \"source-work-id\", \"external-id-value\": \"BASE:0d61286916b547073d85b4a87c240ad1d5b86f307c2e6fb2bd93bcdda4635894\", \"external-id-url\": {\"value\": \"https://www.base-search.net/Record/0d61286916b547073d85b4a87c240ad1d5b86f307c2e6fb2bd93bcdda4635894\"}, \"external-id-relationship\": \"SELF\"}]}, \"work-summary\": [{\"put-code\": 84447816, \"created-date\": {\"value\": 1606824005342}, \"last-modified-date\": {\"value\": 1671009364940}, \"source\": {\"source-orcid\": {\"uri\": \"https://orcid.org/0000-0001-9964-1112\", \"path\": \"0000-0001-9964-1112\", \"host\": \"orcid.org\"}, \"source-client-id\": null, \"source-name\": {\"value\": \"Gerald Jagusch\"}}, \"title\": {\"title\": {\"value\": \"Bibliotheken als Partner der Forschung\"}, \"subtitle\": null, \"translated-title\": null}, \"external-ids\": {\"external-id\": [{\"external-id-type\": \"doi\", \"external-id-value\": \"10.5282/o-bib/5634\", \"external-id-url\": null, \"external-id-relationship\": \"SELF\"}, {\"external-id-type\": \"source-work-id\", \"external-id-value\": \"BASE:0d61286916b547073d85b4a87c240ad1d5b86f307c2e6fb2bd93bcdda4635894\", \"external-id-url\": {\"value\": \"https://www.base-search.net/Record/0d61286916b547073d85b4a87c240ad1d5b86f307c2e6fb2bd93bcdda4635894\"}, \"external-id-relationship\": \"SELF\"}]}, \"type\": \"JOURNAL_ARTICLE\", \"publication-date\": {\"year\": {\"value\": \"2020\"}, \"month\": {\"value\": \"12\"}, \"day\": {\"value\": \"01\"}, \"media-type\": null}, \"visibility\": \"PUBLIC\", \"path\": \"/0000-0001-9964-1112/work/84447816\", \"display-index\": \"1\"}, {\"put-code\": 124659564, \"created-date\": {\"value\": 1671009285048}, \"last-modified-date\": {\"value\": 1671009285048}, \"source\": {\"source-orcid\": null, \"source-client-id\": {\"uri\": \"https://orcid.org/client/APP-HCGH49OO61VH1II3\", \"path\": \"APP-HCGH49OO61VH1II3\", \"host\": \"orcid.org\"}, \"source-name\": {\"value\": \"BASE - Bielefeld Academic Search Engine\"}}, \"title\": {\"title\": {\"value\": \"Bibliotheken als Partner der Forschung\"}, \"subtitle\": null, \"translated-title\": null}, \"external-ids\": {\"external-id\": [{\"external-id-type\": \"source-work-id\", \"external-id-value\": \"BASE:0d61286916b547073d85b4a87c240ad1d5b86f307c2e6fb2bd93bcdda4635894\", \"external-id-url\": {\"value\": \"https://www.base-search.net/Record/0d61286916b547073d85b4a87c240ad1d5b86f307c2e6fb2bd93bcdda4635894\"}, \"external-id-relationship\": \"SELF\"}]}, \"type\": \"JOURNAL_ARTICLE\", \"publication-date\": {\"year\": {\"value\": \"2020\"}, \"month\": null, \"day\": null, \"media-type\": null}, \"visibility\": \"PUBLIC\", \"path\": \"/0000-0001-9964-1112/work/124659564\", \"display-index\": \"0\"}]}, {\"last-modified-date\": {\"value\": 1605523161181}, \"external-ids\": {\"external-id\": [{\"external-id-type\": \"doi\", \"external-id-value\": \"10.17192/BFDM.2020.2.8282\", \"external-id-url\": {\"value\": \"https://doi.org/10.17192/BFDM.2020.2.8282\"}, \"external-id-relationship\": \"SELF\"}]}, \"work-summary\": [{\"put-code\": 83523097, \"created-date\": {\"value\": 1605523161181}, \"last-modified-date\": {\"value\": 1605523161181}, \"source\": {\"source-orcid\": {\"uri\": \"https://orcid.org/0000-0001-9964-1112\", \"path\": \"0000-0001-9964-1112\", \"host\": \"orcid.org\"}, \"source-client-id\": null, \"source-name\": {\"value\": \"Gerald Jagusch\"}}, \"title\": {\"title\": {\"value\": \"Elektronische Laborb\\u00fccher an der TU Darmstadt\"}, \"subtitle\": null, \"translated-title\": null}, \"external-ids\": {\"external-id\": [{\"external-id-type\": \"doi\", \"external-id-value\": \"10.17192/BFDM.2020.2.8282\", \"external-id-url\": {\"value\": \"https://doi.org/10.17192/BFDM.2020.2.8282\"}, \"external-id-relationship\": \"SELF\"}]}, \"type\": \"JOURNAL_ARTICLE\", \"publication-date\": {\"year\": {\"value\": \"2020\"}, \"month\": {\"value\": \"11\"}, \"day\": {\"value\": \"04\"}, \"media-type\": null}, \"visibility\": \"PUBLIC\", \"path\": \"/0000-0001-9964-1112/work/83523097\", \"display-index\": \"1\"}]}, {\"last-modified-date\": {\"value\": 1659356922212}, \"external-ids\": {\"external-id\": [{\"external-id-type\": \"doi\", \"external-id-value\": \"10.5281/zenodo.596581\", \"external-id-url\": null, \"external-id-relationship\": \"SELF\"}]}, \"work-summary\": [{\"put-code\": 116642273, \"created-date\": {\"value\": 1659356922212}, \"last-modified-date\": {\"value\": 1659356922212}, \"source\": {\"source-orcid\": null, \"source-client-id\": {\"uri\": \"https://orcid.org/client/0000-0001-8099-6984\", \"path\": \"0000-0001-8099-6984\", \"host\": \"orcid.org\"}, \"source-name\": {\"value\": \"DataCite\"}}, \"title\": {\"title\": {\"value\": \"Research Data Management Organizer (RDMO)\"}, \"subtitle\": null, \"translated-title\": null}, \"external-ids\": {\"external-id\": [{\"external-id-type\": \"doi\", \"external-id-value\": \"10.5281/zenodo.596581\", \"external-id-url\": null, \"external-id-relationship\": \"SELF\"}]}, \"type\": \"OTHER\", \"publication-date\": {\"year\": {\"value\": \"2020\"}, \"month\": {\"value\": \"10\"}, \"day\": {\"value\": \"06\"}, \"media-type\": null}, \"visibility\": \"PUBLIC\", \"path\": \"/0000-0001-9964-1112/work/116642273\", \"display-index\": \"0\"}]}, {\"last-modified-date\": {\"value\": 1671009506273}, \"external-ids\": {\"external-id\": [{\"external-id-type\": \"cgn\", \"external-id-value\": \"DNB:1240838328\", \"external-id-url\": {\"value\": \"https://id.culturegraph.org/DNB:1240838328\"}, \"external-id-relationship\": \"SELF\"}, {\"external-id-type\": \"doi\", \"external-id-value\": \"10.18154/RWTH-2020-09589\", \"external-id-url\": {\"value\": \"http://dx.doi.org/10.18154/RWTH-2020-09589\"}, \"external-id-relationship\": \"SELF\"}, {\"external-id-type\": \"doi\", \"external-id-value\": \"10.5281/zenodo.4015201\", \"external-id-url\": null, \"external-id-relationship\": \"SELF\"}, {\"external-id-type\": \"doi\", \"external-id-value\": \"10.5281/zenodo.4015200\", \"external-id-url\": null, \"external-id-relationship\": \"SELF\"}]}, \"work-summary\": [{\"put-code\": 81041157, \"created-date\": {\"value\": 1601291568782}, \"last-modified-date\": {\"value\": 1653965877785}, \"source\": {\"source-orcid\": null, \"source-client-id\": {\"uri\": \"https://orcid.org/client/0000-0001-8099-6984\", \"path\": \"0000-0001-8099-6984\", \"host\": \"orcid.org\"}, \"source-name\": {\"value\": \"DataCite\"}}, \"title\": {\"title\": {\"value\": \"NFDI4Ing - the National Research Data Infrastructure for Engineering Sciences\"}, \"subtitle\": null, \"translated-title\": null}, \"external-ids\": {\"external-id\": [{\"external-id-type\": \"doi\", \"external-id-value\": \"10.5281/zenodo.4015201\", \"external-id-url\": null, \"external-id-relationship\": \"SELF\"}]}, \"type\": \"OTHER\", \"publication-date\": {\"year\": {\"value\": \"2020\"}, \"month\": {\"value\": \"09\"}, \"day\": {\"value\": \"25\"}, \"media-type\": null}, \"visibility\": \"PUBLIC\", \"path\": \"/0000-0001-9964-1112/work/81041157\", \"display-index\": \"3\"}, {\"put-code\": 124659669, \"created-date\": {\"value\": 1671009506273}, \"last-modified-date\": {\"value\": 1671009506273}, \"source\": {\"source-orcid\": {\"uri\": \"https://orcid.org/0000-0001-9964-1112\", \"path\": \"0000-0001-9964-1112\", \"host\": \"orcid.org\"}, \"source-client-id\": null, \"source-name\": {\"value\": \"Gerald Jagusch\"}}, \"title\": {\"title\": {\"value\": \"NFDI4Ing - the National Research Data Infrastructure for Engineering Sciences\"}, \"subtitle\": null, \"translated-title\": null}, \"external-ids\": {\"external-id\": [{\"external-id-type\": \"doi\", \"external-id-value\": \"10.5281/zenodo.4015201\", \"external-id-url\": null, \"external-id-relationship\": \"SELF\"}, {\"external-id-type\": \"cgn\", \"external-id-value\": \"DNB:1240838328\", \"external-id-url\": {\"value\": \"https://id.culturegraph.org/DNB:1240838328\"}, \"external-id-relationship\": \"SELF\"}, {\"external-id-type\": \"doi\", \"external-id-value\": \"10.18154/RWTH-2020-09589\", \"external-id-url\": {\"value\": \"http://dx.doi.org/10.18154/RWTH-2020-09589\"}, \"external-id-relationship\": \"SELF\"}]}, \"type\": \"OTHER\", \"publication-date\": {\"year\": {\"value\": \"2020\"}, \"month\": {\"value\": \"09\"}, \"day\": {\"value\": \"25\"}, \"media-type\": null}, \"visibility\": \"PUBLIC\", \"path\": \"/0000-0001-9964-1112/work/124659669\", \"display-index\": \"2\"}, {\"put-code\": 81041154, \"created-date\": {\"value\": 1601291566129}, \"last-modified-date\": {\"value\": 1653965877716}, \"source\": {\"source-orcid\": null, \"source-client-id\": {\"uri\": \"https://orcid.org/client/0000-0001-8099-6984\", \"path\": \"0000-0001-8099-6984\", \"host\": \"orcid.org\"}, \"source-name\": {\"value\": \"DataCite\"}}, \"title\": {\"title\": {\"value\": \"NFDI4Ing - the National Research Data Infrastructure for Engineering Sciences\"}, \"subtitle\": null, \"translated-title\": null}, \"external-ids\": {\"external-id\": [{\"external-id-type\": \"doi\", \"external-id-value\": \"10.5281/zenodo.4015200\", \"external-id-url\": null, \"external-id-relationship\": \"SELF\"}]}, \"type\": \"OTHER\", \"publication-date\": {\"year\": {\"value\": \"2020\"}, \"month\": {\"value\": \"09\"}, \"day\": {\"value\": \"25\"}, \"media-type\": null}, \"visibility\": \"PUBLIC\", \"path\": \"/0000-0001-9964-1112/work/81041154\", \"display-index\": \"0\"}, {\"put-code\": 124657602, \"created-date\": {\"value\": 1671006997433}, \"last-modified-date\": {\"value\": 1671006997433}, \"source\": {\"source-orcid\": null, \"source-client-id\": {\"uri\": \"https://orcid.org/client/APP-XBXGKINCJSVELASV\", \"path\": \"APP-XBXGKINCJSVELASV\", \"host\": \"orcid.org\"}, \"source-name\": {\"value\": \"GND Network\"}}, \"title\": {\"title\": {\"value\": \"NFDI4Ing\"}, \"subtitle\": null, \"translated-title\": null}, \"external-ids\": {\"external-id\": [{\"external-id-type\": \"cgn\", \"external-id-value\": \"DNB:1240838328\", \"external-id-url\": {\"value\": \"https://id.culturegraph.org/DNB:1240838328\"}, \"external-id-relationship\": \"SELF\"}, {\"external-id-type\": \"doi\", \"external-id-value\": \"10.18154/RWTH-2020-09589\", \"external-id-url\": {\"value\": \"http://dx.doi.org/10.18154/RWTH-2020-09589\"}, \"external-id-relationship\": \"SELF\"}]}, \"type\": \"BOOK\", \"publication-date\": {\"year\": {\"value\": \"2020\"}, \"month\": null, \"day\": null, \"media-type\": null}, \"visibility\": \"PUBLIC\", \"path\": \"/0000-0001-9964-1112/work/124657602\", \"display-index\": \"0\"}, {\"put-code\": 81170775, \"created-date\": {\"value\": 1601451809411}, \"last-modified-date\": {\"value\": 1653966714574}, \"source\": {\"source-orcid\": {\"uri\": \"https://orcid.org/0000-0001-9964-1112\", \"path\": \"0000-0001-9964-1112\", \"host\": \"orcid.org\"}, \"source-client-id\": null, \"source-name\": {\"value\": \"Gerald Jagusch\"}}, \"title\": {\"title\": {\"value\": \"NFDI4Ing - the National Research Data Infrastructure for Engineering Sciences\"}, \"subtitle\": null, \"translated-title\": null}, \"external-ids\": {\"external-id\": [{\"external-id-type\": \"doi\", \"external-id-value\": \"10.5281/zenodo.4015201\", \"external-id-url\": null, \"external-id-relationship\": \"SELF\"}, {\"external-id-type\": \"doi\", \"external-id-value\": \"10.5281/zenodo.4015200\", \"external-id-url\": null, \"external-id-relationship\": \"SELF\"}]}, \"type\": \"OTHER\", \"publication-date\": {\"year\": {\"value\": \"2020\"}, \"month\": {\"value\": \"09\"}, \"day\": {\"value\": \"25\"}, \"media-type\": null}, \"visibility\": \"PUBLIC\", \"path\": \"/0000-0001-9964-1112/work/81170775\", \"display-index\": \"-1\"}]}, {\"last-modified-date\": {\"value\": 1653907784115}, \"external-ids\": {\"external-id\": [{\"external-id-type\": \"doi\", \"external-id-value\": \"10.5281/zenodo.3784238\", \"external-id-url\": null, \"external-id-relationship\": \"SELF\"}]}, \"work-summary\": [{\"put-code\": 73334539, \"created-date\": {\"value\": 1588590472049}, \"last-modified-date\": {\"value\": 1653907784115}, \"source\": {\"source-orcid\": null, \"source-client-id\": {\"uri\": \"https://orcid.org/client/0000-0001-8099-6984\", \"path\": \"0000-0001-8099-6984\", \"host\": \"orcid.org\"}, \"source-name\": {\"value\": \"DataCite\"}}, \"title\": {\"title\": {\"value\": \"Metadata Schema for Research Data Management Training Materials\"}, \"subtitle\": null, \"translated-title\": null}, \"external-ids\": {\"external-id\": [{\"external-id-type\": \"doi\", \"external-id-value\": \"10.5281/zenodo.3784238\", \"external-id-url\": null, \"external-id-relationship\": \"SELF\"}]}, \"type\": \"OTHER\", \"publication-date\": {\"year\": {\"value\": \"2020\"}, \"month\": {\"value\": \"05\"}, \"day\": {\"value\": \"04\"}, \"media-type\": null}, \"visibility\": \"PUBLIC\", \"path\": \"/0000-0001-9964-1112/work/73334539\", \"display-index\": \"0\"}]}, {\"last-modified-date\": {\"value\": 1653907017685}, \"external-ids\": {\"external-id\": [{\"external-id-type\": \"doi\", \"external-id-value\": \"10.5281/zenodo.3760398\", \"external-id-url\": null, \"external-id-relationship\": \"SELF\"}]}, \"work-summary\": [{\"put-code\": 73199765, \"created-date\": {\"value\": 1588319009893}, \"last-modified-date\": {\"value\": 1653907017685}, \"source\": {\"source-orcid\": null, \"source-client-id\": {\"uri\": \"https://orcid.org/client/0000-0001-8099-6984\", \"path\": \"0000-0001-8099-6984\", \"host\": \"orcid.org\"}, \"source-name\": {\"value\": \"DataCite\"}}, \"title\": {\"title\": {\"value\": \"Metadatenschema f\\u00fcr Schulungsmaterialien zum Thema Forschungsdatenmanagement\"}, \"subtitle\": null, \"translated-title\": null}, \"external-ids\": {\"external-id\": [{\"external-id-type\": \"doi\", \"external-id-value\": \"10.5281/zenodo.3760398\", \"external-id-url\": null, \"external-id-relationship\": \"SELF\"}]}, \"type\": \"OTHER\", \"publication-date\": {\"year\": {\"value\": \"2020\"}, \"month\": {\"value\": \"04\"}, \"day\": {\"value\": \"27\"}, \"media-type\": null}, \"visibility\": \"PUBLIC\", \"path\": \"/0000-0001-9964-1112/work/73199765\", \"display-index\": \"0\"}]}, {\"last-modified-date\": {\"value\": 1671006997259}, \"external-ids\": {\"external-id\": [{\"external-id-type\": \"cgn\", \"external-id-value\": \"DNB:1221270540\", \"external-id-url\": {\"value\": \"https://id.culturegraph.org/DNB:1221270540\"}, \"external-id-relationship\": \"SELF\"}, {\"external-id-type\": \"doi\", \"external-id-value\": \"10.17192/bfdm.2020.2.8282\", \"external-id-url\": {\"value\": \"http://dx.doi.org/10.17192/bfdm.2020.2.8282\"}, \"external-id-relationship\": \"SELF\"}]}, \"work-summary\": [{\"put-code\": 124657601, \"created-date\": {\"value\": 1671006997259}, \"last-modified-date\": {\"value\": 1671006997259}, \"source\": {\"source-orcid\": null, \"source-client-id\": {\"uri\": \"https://orcid.org/client/APP-XBXGKINCJSVELASV\", \"path\": \"APP-XBXGKINCJSVELASV\", \"host\": \"orcid.org\"}, \"source-name\": {\"value\": \"GND Network\"}}, \"title\": {\"title\": {\"value\": \"Elektronische Laborb\\u00fccher an der TU Darmstadt\"}, \"subtitle\": null, \"translated-title\": null}, \"external-ids\": {\"external-id\": [{\"external-id-type\": \"cgn\", \"external-id-value\": \"DNB:1221270540\", \"external-id-url\": {\"value\": \"https://id.culturegraph.org/DNB:1221270540\"}, \"external-id-relationship\": \"SELF\"}, {\"external-id-type\": \"doi\", \"external-id-value\": \"10.17192/bfdm.2020.2.8282\", \"external-id-url\": {\"value\": \"http://dx.doi.org/10.17192/bfdm.2020.2.8282\"}, \"external-id-relationship\": \"SELF\"}]}, \"type\": \"BOOK\", \"publication-date\": {\"year\": {\"value\": \"2020\"}, \"month\": null, \"day\": null, \"media-type\": null}, \"visibility\": \"PUBLIC\", \"path\": \"/0000-0001-9964-1112/work/124657601\", \"display-index\": \"0\"}]}, {\"last-modified-date\": {\"value\": 1671007090085}, \"external-ids\": {\"external-id\": [{\"external-id-type\": \"cgn\", \"external-id-value\": \"DNB:1232073962\", \"external-id-url\": {\"value\": \"https://id.culturegraph.org/DNB:1232073962\"}, \"external-id-relationship\": \"SELF\"}, {\"external-id-type\": \"doi\", \"external-id-value\": \"10.5281/zenodo.3582996\", \"external-id-url\": {\"value\": \"https://doi.org/10.5281/zenodo.3582996\"}, \"external-id-relationship\": \"SELF\"}]}, \"work-summary\": [{\"put-code\": 89972326, \"created-date\": {\"value\": 1614893255931}, \"last-modified-date\": {\"value\": 1671007090085}, \"source\": {\"source-orcid\": {\"uri\": \"https://orcid.org/0000-0001-9964-1112\", \"path\": \"0000-0001-9964-1112\", \"host\": \"orcid.org\"}, \"source-client-id\": null, \"source-name\": {\"value\": \"Gerald Jagusch\"}}, \"title\": {\"title\": {\"value\": \"Betriebskonzept f\\u00fcr die Repositorienl\\u00f6sung im HeFDI-Verbund\"}, \"subtitle\": null, \"translated-title\": null}, \"external-ids\": {\"external-id\": [{\"external-id-type\": \"doi\", \"external-id-value\": \"10.5281/zenodo.3582996\", \"external-id-url\": {\"value\": \"https://doi.org/10.5281/zenodo.3582996\"}, \"external-id-relationship\": \"SELF\"}, {\"external-id-type\": \"cgn\", \"external-id-value\": \"DNB:1232073962\", \"external-id-url\": {\"value\": \"https://id.culturegraph.org/DNB:1232073962\"}, \"external-id-relationship\": \"SELF\"}]}, \"type\": \"REPORT\", \"publication-date\": {\"year\": {\"value\": \"2019\"}, \"month\": {\"value\": \"12\"}, \"day\": {\"value\": \"18\"}, \"media-type\": null}, \"visibility\": \"PUBLIC\", \"path\": \"/0000-0001-9964-1112/work/89972326\", \"display-index\": \"1\"}, {\"put-code\": 124657604, \"created-date\": {\"value\": 1671006997451}, \"last-modified-date\": {\"value\": 1671006997451}, \"source\": {\"source-orcid\": null, \"source-client-id\": {\"uri\": \"https://orcid.org/client/APP-XBXGKINCJSVELASV\", \"path\": \"APP-XBXGKINCJSVELASV\", \"host\": \"orcid.org\"}, \"source-name\": {\"value\": \"GND Network\"}}, \"title\": {\"title\": {\"value\": \"Betriebskonzept f\\u00fcr die Repositorienl\\u00f6sung im HeFDI-Verbund\"}, \"subtitle\": null, \"translated-title\": null}, \"external-ids\": {\"external-id\": [{\"external-id-type\": \"cgn\", \"external-id-value\": \"DNB:1232073962\", \"external-id-url\": {\"value\": \"https://id.culturegraph.org/DNB:1232073962\"}, \"external-id-relationship\": \"SELF\"}]}, \"type\": \"BOOK\", \"publication-date\": {\"year\": {\"value\": \"2019\"}, \"month\": null, \"day\": null, \"media-type\": null}, \"visibility\": \"PUBLIC\", \"path\": \"/0000-0001-9964-1112/work/124657604\", \"display-index\": \"0\"}]}, {\"last-modified-date\": {\"value\": 1614895577027}, \"external-ids\": {\"external-id\": [{\"external-id-type\": \"doi\", \"external-id-value\": \"10.25534/tudatalib-104\", \"external-id-url\": {\"value\": \"https://doi.org/10.25534/tudatalib-104\"}, \"external-id-relationship\": \"SELF\"}]}, \"work-summary\": [{\"put-code\": 89972325, \"created-date\": {\"value\": 1614893254378}, \"last-modified-date\": {\"value\": 1614895577027}, \"source\": {\"source-orcid\": {\"uri\": \"https://orcid.org/0000-0001-9964-1112\", \"path\": \"0000-0001-9964-1112\", \"host\": \"orcid.org\"}, \"source-client-id\": null, \"source-name\": {\"value\": \"Gerald Jagusch\"}}, \"title\": {\"title\": {\"value\": \"Umfragedaten zu \\\"NFDI4Ing - R\\u00fcckmeldung aus den Forschungscommunities\\\"\"}, \"subtitle\": null, \"translated-title\": null}, \"external-ids\": {\"external-id\": [{\"external-id-type\": \"doi\", \"external-id-value\": \"10.25534/tudatalib-104\", \"external-id-url\": {\"value\": \"https://doi.org/10.25534/tudatalib-104\"}, \"external-id-relationship\": \"SELF\"}]}, \"type\": \"DATA_SET\", \"publication-date\": {\"year\": {\"value\": \"2019\"}, \"month\": {\"value\": \"09\"}, \"day\": null, \"media-type\": null}, \"visibility\": \"PUBLIC\", \"path\": \"/0000-0001-9964-1112/work/89972325\", \"display-index\": \"1\"}]}, {\"last-modified-date\": {\"value\": 1614895558929}, \"external-ids\": {\"external-id\": [{\"external-id-type\": \"doi\", \"external-id-value\": \"10.25534/tudatalib-101\", \"external-id-url\": {\"value\": \"https://doi.org/10.25534/tudatalib-101\"}, \"external-id-relationship\": \"SELF\"}]}, \"work-summary\": [{\"put-code\": 89972327, \"created-date\": {\"value\": 1614893257163}, \"last-modified-date\": {\"value\": 1614895558929}, \"source\": {\"source-orcid\": {\"uri\": \"https://orcid.org/0000-0001-9964-1112\", \"path\": \"0000-0001-9964-1112\", \"host\": \"orcid.org\"}, \"source-client-id\": null, \"source-name\": {\"value\": \"Gerald Jagusch\"}}, \"title\": {\"title\": {\"value\": \"Crosskonkordanz zwischen DFG-F\\u00e4chern und DNB-Sachgruppen\"}, \"subtitle\": null, \"translated-title\": null}, \"external-ids\": {\"external-id\": [{\"external-id-type\": \"doi\", \"external-id-value\": \"10.25534/tudatalib-101\", \"external-id-url\": {\"value\": \"https://doi.org/10.25534/tudatalib-101\"}, \"external-id-relationship\": \"SELF\"}]}, \"type\": \"DATA_SET\", \"publication-date\": {\"year\": {\"value\": \"2019\"}, \"month\": null, \"day\": null, \"media-type\": null}, \"visibility\": \"PUBLIC\", \"path\": \"/0000-0001-9964-1112/work/89972327\", \"display-index\": \"1\"}]}, {\"last-modified-date\": {\"value\": 1614895616774}, \"external-ids\": {\"external-id\": [{\"external-id-type\": \"doi\", \"external-id-value\": \"10.5282/o-bib/2019H2S123-131\", \"external-id-url\": {\"value\": \"https://doi.org/10.5282/o-bib/2019h2s123-131\"}, \"external-id-relationship\": \"SELF\"}]}, \"work-summary\": [{\"put-code\": 89972318, \"created-date\": {\"value\": 1614893240108}, \"last-modified-date\": {\"value\": 1614895616774}, \"source\": {\"source-orcid\": {\"uri\": \"https://orcid.org/0000-0001-9964-1112\", \"path\": \"0000-0001-9964-1112\", \"host\": \"orcid.org\"}, \"source-client-id\": null, \"source-name\": {\"value\": \"Gerald Jagusch\"}}, \"title\": {\"title\": {\"value\": \"Ergebnisse des Impulscaf\\u00e9s der Kommission f\\u00fcr forschungsnahe Dienste auf dem Bibliothekskongress 2019\"}, \"subtitle\": null, \"translated-title\": null}, \"external-ids\": {\"external-id\": [{\"external-id-type\": \"doi\", \"external-id-value\": \"10.5282/o-bib/2019H2S123-131\", \"external-id-url\": {\"value\": \"https://doi.org/10.5282/o-bib/2019h2s123-131\"}, \"external-id-relationship\": \"SELF\"}]}, \"type\": \"JOURNAL_ARTICLE\", \"publication-date\": {\"year\": {\"value\": \"2019\"}, \"month\": null, \"day\": null, \"media-type\": null}, \"visibility\": \"PUBLIC\", \"path\": \"/0000-0001-9964-1112/work/89972318\", \"display-index\": \"1\"}]}, {\"last-modified-date\": {\"value\": 1671006997442}, \"external-ids\": {\"external-id\": [{\"external-id-type\": \"cgn\", \"external-id-value\": \"K10Plus:173351936X\", \"external-id-url\": {\"value\": \"https://id.culturegraph.org/K10Plus:173351936X\"}, \"external-id-relationship\": \"SELF\"}]}, \"work-summary\": [{\"put-code\": 124657603, \"created-date\": {\"value\": 1671006997442}, \"last-modified-date\": {\"value\": 1671006997442}, \"source\": {\"source-orcid\": null, \"source-client-id\": {\"uri\": \"https://orcid.org/client/APP-XBXGKINCJSVELASV\", \"path\": \"APP-XBXGKINCJSVELASV\", \"host\": \"orcid.org\"}, \"source-name\": {\"value\": \"GND Network\"}}, \"title\": {\"title\": {\"value\": \"FOKUS - Forschungsdatenkurse f\\u00fcr Studierende und Graduierte; Teilvorhaben: Forschungsdatenkurse Chemie und Informatik\"}, \"subtitle\": null, \"translated-title\": null}, \"external-ids\": {\"external-id\": [{\"external-id-type\": \"cgn\", \"external-id-value\": \"K10Plus:173351936X\", \"external-id-url\": {\"value\": \"https://id.culturegraph.org/K10Plus:173351936X\"}, \"external-id-relationship\": \"SELF\"}]}, \"type\": \"BOOK\", \"publication-date\": {\"year\": {\"value\": \"2019\"}, \"month\": null, \"day\": null, \"media-type\": null}, \"visibility\": \"PUBLIC\", \"path\": \"/0000-0001-9964-1112/work/124657603\", \"display-index\": \"0\"}]}, {\"last-modified-date\": {\"value\": 1653779616957}, \"external-ids\": {\"external-id\": [{\"external-id-type\": \"dnb\", \"external-id-value\": \"1179448863\", \"external-id-url\": {\"value\": \"https://d-nb.info/1179448863\"}, \"external-id-relationship\": \"SELF\"}, {\"external-id-type\": \"urn\", \"external-id-value\": \"urn:nbn:de:hebis:30:3-491831\", \"external-id-url\": {\"value\": \"https://nbn-resolving.org/urn:nbn:de:hebis:30:3-491831\"}, \"external-id-relationship\": \"SELF\"}]}, \"work-summary\": [{\"put-code\": 75727350, \"created-date\": {\"value\": 1565618418744}, \"last-modified-date\": {\"value\": 1592316018745}, \"source\": {\"source-orcid\": {\"uri\": \"https://orcid.org/0000-0001-9964-1112\", \"path\": \"0000-0001-9964-1112\", \"host\": \"orcid.org\"}, \"source-client-id\": null, \"source-name\": {\"value\": \"Gerald Jagusch\"}}, \"title\": {\"title\": {\"value\": \"Forschungsdatenrepositorien: Use Cases und Anforderungsspezifikation\"}, \"subtitle\": null, \"translated-title\": null}, \"external-ids\": {\"external-id\": [{\"external-id-type\": \"dnb\", \"external-id-value\": \"1179448863\", \"external-id-url\": {\"value\": \"https://d-nb.info/1179448863\"}, \"external-id-relationship\": \"SELF\"}, {\"external-id-type\": \"urn\", \"external-id-value\": \"urn:nbn:de:hebis:30:3-491831\", \"external-id-url\": {\"value\": \"https://nbn-resolving.org/urn:nbn:de:hebis:30:3-491831\"}, \"external-id-relationship\": \"SELF\"}]}, \"type\": \"REPORT\", \"publication-date\": {\"year\": {\"value\": \"2019\"}, \"month\": null, \"day\": null, \"media-type\": null}, \"visibility\": \"PUBLIC\", \"path\": \"/0000-0001-9964-1112/work/75727350\", \"display-index\": \"1\"}, {\"put-code\": 60442714, \"created-date\": {\"value\": 1565594358946}, \"last-modified-date\": {\"value\": 1653779616957}, \"source\": {\"source-orcid\": null, \"source-client-id\": {\"uri\": \"https://orcid.org/client/APP-0JOXOPPRQ09Y9L3Q\", \"path\": \"APP-0JOXOPPRQ09Y9L3Q\", \"host\": \"orcid.org\"}, \"source-name\": {\"value\": \"Deutsche Nationalbibliothek (DNB)\"}}, \"title\": {\"title\": {\"value\": \"Forschungsdatenrepositorien: Use Cases und Anforderungsspezifikation\"}, \"subtitle\": null, \"translated-title\": null}, \"external-ids\": {\"external-id\": [{\"external-id-type\": \"dnb\", \"external-id-value\": \"1179448863\", \"external-id-url\": {\"value\": \"https://d-nb.info/1179448863\"}, \"external-id-relationship\": \"SELF\"}, {\"external-id-type\": \"urn\", \"external-id-value\": \"urn:nbn:de:hebis:30:3-491831\", \"external-id-url\": {\"value\": \"https://nbn-resolving.org/urn:nbn:de:hebis:30:3-491831\"}, \"external-id-relationship\": \"SELF\"}]}, \"type\": \"BOOK\", \"publication-date\": {\"year\": {\"value\": \"2019\"}, \"month\": null, \"day\": null, \"media-type\": null}, \"visibility\": \"PUBLIC\", \"path\": \"/0000-0001-9964-1112/work/60442714\", \"display-index\": \"0\"}]}, {\"last-modified-date\": {\"value\": 1614895726539}, \"external-ids\": {\"external-id\": [{\"external-id-type\": \"doi\", \"external-id-value\": \"10.5282/o-bib/2019H1S115-119\", \"external-id-url\": {\"value\": \"https://doi.org/10.5282/o-bib/2019h1s115-119\"}, \"external-id-relationship\": \"SELF\"}]}, \"work-summary\": [{\"put-code\": 89972320, \"created-date\": {\"value\": 1614893250074}, \"last-modified-date\": {\"value\": 1614895726539}, \"source\": {\"source-orcid\": {\"uri\": \"https://orcid.org/0000-0001-9964-1112\", \"path\": \"0000-0001-9964-1112\", \"host\": \"orcid.org\"}, \"source-client-id\": null, \"source-name\": {\"value\": \"Gerald Jagusch\"}}, \"title\": {\"title\": {\"value\": \"Kommission f\\u00fcr forschungsnahe Dienste: Ihre neue VDB-Kommission stellt sich vor\"}, \"subtitle\": null, \"translated-title\": null}, \"external-ids\": {\"external-id\": [{\"external-id-type\": \"doi\", \"external-id-value\": \"10.5282/o-bib/2019H1S115-119\", \"external-id-url\": {\"value\": \"https://doi.org/10.5282/o-bib/2019h1s115-119\"}, \"external-id-relationship\": \"SELF\"}]}, \"type\": \"JOURNAL_ARTICLE\", \"publication-date\": {\"year\": {\"value\": \"2019\"}, \"month\": null, \"day\": null, \"media-type\": null}, \"visibility\": \"PUBLIC\", \"path\": \"/0000-0001-9964-1112/work/89972320\", \"display-index\": \"1\"}]}, {\"last-modified-date\": {\"value\": 1614895429981}, \"external-ids\": {\"external-id\": [{\"external-id-type\": \"doi\", \"external-id-value\": \"10.5282/o-bib/2019H2S142-149\", \"external-id-url\": {\"value\": \"https://doi.org/10.5282/o-bib/2019h2s142-149\"}, \"external-id-relationship\": \"SELF\"}]}, \"work-summary\": [{\"put-code\": 89972323, \"created-date\": {\"value\": 1614893252830}, \"last-modified-date\": {\"value\": 1614895429981}, \"source\": {\"source-orcid\": {\"uri\": \"https://orcid.org/0000-0001-9964-1112\", \"path\": \"0000-0001-9964-1112\", \"host\": \"orcid.org\"}, \"source-client-id\": null, \"source-name\": {\"value\": \"Gerald Jagusch\"}}, \"title\": {\"title\": {\"value\": \"Neuer Archipel oder gemeinsame Verstetigung? Wie Landesinitiativen zum Forschungsdatenmanagement und die Nationale Forschungsdateninfrastruktur (NFDI) verzahnt werden k\\u00f6nnen - und m\\u00fcssen!\"}, \"subtitle\": null, \"translated-title\": null}, \"external-ids\": {\"external-id\": [{\"external-id-type\": \"doi\", \"external-id-value\": \"10.5282/o-bib/2019H2S142-149\", \"external-id-url\": {\"value\": \"https://doi.org/10.5282/o-bib/2019h2s142-149\"}, \"external-id-relationship\": \"SELF\"}]}, \"type\": \"JOURNAL_ARTICLE\", \"publication-date\": {\"year\": {\"value\": \"2019\"}, \"month\": null, \"day\": null, \"media-type\": null}, \"visibility\": \"PUBLIC\", \"path\": \"/0000-0001-9964-1112/work/89972323\", \"display-index\": \"1\"}]}, {\"last-modified-date\": {\"value\": 1614896284055}, \"external-ids\": {\"external-id\": [{\"external-id-type\": \"doi\", \"external-id-value\": \"10.5281/zenodo.2598797\", \"external-id-url\": {\"value\": \"https://doi.org/10.5281/zenodo.2598797\"}, \"external-id-relationship\": \"SELF\"}]}, \"work-summary\": [{\"put-code\": 89972321, \"created-date\": {\"value\": 1614893251830}, \"last-modified-date\": {\"value\": 1614896284055}, \"source\": {\"source-orcid\": {\"uri\": \"https://orcid.org/0000-0001-9964-1112\", \"path\": \"0000-0001-9964-1112\", \"host\": \"orcid.org\"}, \"source-client-id\": null, \"source-name\": {\"value\": \"Gerald Jagusch\"}}, \"title\": {\"title\": {\"value\": \"Workshop zur Anpassung von Datenmanagementplanvorlagen im Maschinenbau\"}, \"subtitle\": null, \"translated-title\": null}, \"external-ids\": {\"external-id\": [{\"external-id-type\": \"doi\", \"external-id-value\": \"10.5281/zenodo.2598797\", \"external-id-url\": {\"value\": \"https://doi.org/10.5281/zenodo.2598797\"}, \"external-id-relationship\": \"SELF\"}]}, \"type\": \"LECTURE_SPEECH\", \"publication-date\": {\"year\": {\"value\": \"2019\"}, \"month\": null, \"day\": null, \"media-type\": null}, \"visibility\": \"PUBLIC\", \"path\": \"/0000-0001-9964-1112/work/89972321\", \"display-index\": \"1\"}]}, {\"last-modified-date\": {\"value\": 1614897299730}, \"external-ids\": {\"external-id\": [{\"external-id-type\": \"doi\", \"external-id-value\": \"10.25534/tudatalib-208.2\", \"external-id-url\": {\"value\": \"https://doi.org/10.25534/tudatalib-208.2\"}, \"external-id-relationship\": \"SELF\"}]}, \"work-summary\": [{\"put-code\": 89974192, \"created-date\": {\"value\": 1614897198781}, \"last-modified-date\": {\"value\": 1614897299730}, \"source\": {\"source-orcid\": {\"uri\": \"https://orcid.org/0000-0001-9964-1112\", \"path\": \"0000-0001-9964-1112\", \"host\": \"orcid.org\"}, \"source-client-id\": null, \"source-name\": {\"value\": \"Gerald Jagusch\"}}, \"title\": {\"title\": {\"value\": \"Daten zu: Elektronische Laborb\\u00fccher an der TU Darmstadt - Beispiel f\\u00fcr ein strategisches Vorgehen \"}, \"subtitle\": null, \"translated-title\": null}, \"external-ids\": {\"external-id\": [{\"external-id-type\": \"doi\", \"external-id-value\": \"10.25534/tudatalib-208.2\", \"external-id-url\": {\"value\": \"https://doi.org/10.25534/tudatalib-208.2\"}, \"external-id-relationship\": \"SELF\"}]}, \"type\": \"DATA_SET\", \"publication-date\": {\"year\": {\"value\": \"2018\"}, \"month\": null, \"day\": null, \"media-type\": null}, \"visibility\": \"PUBLIC\", \"path\": \"/0000-0001-9964-1112/work/89974192\", \"display-index\": \"1\"}]}, {\"last-modified-date\": {\"value\": 1671006997733}, \"external-ids\": {\"external-id\": [{\"external-id-type\": \"cgn\", \"external-id-value\": \"DNB:1171424531\", \"external-id-url\": {\"value\": \"https://id.culturegraph.org/DNB:1171424531\"}, \"external-id-relationship\": \"SELF\"}, {\"external-id-type\": \"doi\", \"external-id-value\": \"10.17192/bfdm.2018.1.7947\", \"external-id-url\": {\"value\": \"https://dx.doi.org/10.17192/bfdm.2018.1.7947\"}, \"external-id-relationship\": \"SELF\"}, {\"external-id-type\": \"urn\", \"external-id-value\": \"urn:nbn:de:hebis:04-ep0008-2018-234-79476\", \"external-id-url\": {\"value\": \"https://nbn-resolving.org/urn:nbn:de:hebis:04-ep0008-2018-234-79476\"}, \"external-id-relationship\": \"SELF\"}, {\"external-id-type\": \"dnb\", \"external-id-value\": \"1171424531\", \"external-id-url\": {\"value\": \"https://d-nb.info/1171424531\"}, \"external-id-relationship\": \"SELF\"}]}, \"work-summary\": [{\"put-code\": 60442715, \"created-date\": {\"value\": 1565594358946}, \"last-modified-date\": {\"value\": 1653779616964}, \"source\": {\"source-orcid\": null, \"source-client-id\": {\"uri\": \"https://orcid.org/client/APP-0JOXOPPRQ09Y9L3Q\", \"path\": \"APP-0JOXOPPRQ09Y9L3Q\", \"host\": \"orcid.org\"}, \"source-name\": {\"value\": \"Deutsche Nationalbibliothek (DNB)\"}}, \"title\": {\"title\": {\"value\": \"Die Entstehung von Forschungsdatenleitlinien an der TU Darmstadt\"}, \"subtitle\": null, \"translated-title\": null}, \"external-ids\": {\"external-id\": [{\"external-id-type\": \"dnb\", \"external-id-value\": \"1171424531\", \"external-id-url\": {\"value\": \"https://d-nb.info/1171424531\"}, \"external-id-relationship\": \"SELF\"}, {\"external-id-type\": \"urn\", \"external-id-value\": \"urn:nbn:de:hebis:04-ep0008-2018-234-79476\", \"external-id-url\": {\"value\": \"https://nbn-resolving.org/urn:nbn:de:hebis:04-ep0008-2018-234-79476\"}, \"external-id-relationship\": \"SELF\"}, {\"external-id-type\": \"doi\", \"external-id-value\": \"10.17192/bfdm.2018.1.7947\", \"external-id-url\": {\"value\": \"https://dx.doi.org/10.17192/bfdm.2018.1.7947\"}, \"external-id-relationship\": \"SELF\"}]}, \"type\": \"JOURNAL_ARTICLE\", \"publication-date\": {\"year\": {\"value\": \"2018\"}, \"month\": null, \"day\": null, \"media-type\": null}, \"visibility\": \"PUBLIC\", \"path\": \"/0000-0001-9964-1112/work/60442715\", \"display-index\": \"2\"}, {\"put-code\": 49927789, \"created-date\": {\"value\": 1540815208726}, \"last-modified-date\": {\"value\": 1540815208726}, \"source\": {\"source-orcid\": {\"uri\": \"https://orcid.org/0000-0001-9964-1112\", \"path\": \"0000-0001-9964-1112\", \"host\": \"orcid.org\"}, \"source-client-id\": null, \"source-name\": {\"value\": \"Gerald Jagusch\"}}, \"title\": {\"title\": {\"value\": \"Die Entstehung von Forschungsdatenleitlinien an der TU Darmstadt\"}, \"subtitle\": null, \"translated-title\": null}, \"external-ids\": {\"external-id\": [{\"external-id-type\": \"doi\", \"external-id-value\": \"10.17192/bfdm.2018.1.7947\", \"external-id-url\": null, \"external-id-relationship\": \"SELF\"}]}, \"type\": \"JOURNAL_ARTICLE\", \"publication-date\": {\"year\": {\"value\": \"2018\"}, \"month\": null, \"day\": null, \"media-type\": null}, \"visibility\": \"PUBLIC\", \"path\": \"/0000-0001-9964-1112/work/49927789\", \"display-index\": \"1\"}, {\"put-code\": 124657607, \"created-date\": {\"value\": 1671006997733}, \"last-modified-date\": {\"value\": 1671006997733}, \"source\": {\"source-orcid\": null, \"source-client-id\": {\"uri\": \"https://orcid.org/client/APP-XBXGKINCJSVELASV\", \"path\": \"APP-XBXGKINCJSVELASV\", \"host\": \"orcid.org\"}, \"source-name\": {\"value\": \"GND Network\"}}, \"title\": {\"title\": {\"value\": \"Die Entstehung von Forschungsdatenleitlinien an der TU Darmstadt\"}, \"subtitle\": null, \"translated-title\": null}, \"external-ids\": {\"external-id\": [{\"external-id-type\": \"cgn\", \"external-id-value\": \"DNB:1171424531\", \"external-id-url\": {\"value\": \"https://id.culturegraph.org/DNB:1171424531\"}, \"external-id-relationship\": \"SELF\"}, {\"external-id-type\": \"doi\", \"external-id-value\": \"10.17192/bfdm.2018.1.7947\", \"external-id-url\": {\"value\": \"http://dx.doi.org/10.17192/bfdm.2018.1.7947\"}, \"external-id-relationship\": \"SELF\"}]}, \"type\": \"BOOK\", \"publication-date\": {\"year\": {\"value\": \"2018\"}, \"month\": null, \"day\": null, \"media-type\": null}, \"visibility\": \"PUBLIC\", \"path\": \"/0000-0001-9964-1112/work/124657607\", \"display-index\": \"0\"}]}, {\"last-modified-date\": {\"value\": 1671006997674}, \"external-ids\": {\"external-id\": [{\"external-id-type\": \"doi\", \"external-id-value\": \"10.17192/bfdm.2018.1.7945\", \"external-id-url\": {\"value\": \"https://dx.doi.org/10.17192/bfdm.2018.1.7945\"}, \"external-id-relationship\": \"SELF\"}, {\"external-id-type\": \"dnb\", \"external-id-value\": \"1171424507\", \"external-id-url\": {\"value\": \"https://d-nb.info/1171424507\"}, \"external-id-relationship\": \"SELF\"}, {\"external-id-type\": \"cgn\", \"external-id-value\": \"DNB:1171424507\", \"external-id-url\": {\"value\": \"https://id.culturegraph.org/DNB:1171424507\"}, \"external-id-relationship\": \"SELF\"}, {\"external-id-type\": \"urn\", \"external-id-value\": \"urn:nbn:de:hebis:04-ep0008-2018-234-79451\", \"external-id-url\": {\"value\": \"https://nbn-resolving.org/urn:nbn:de:hebis:04-ep0008-2018-234-79451\"}, \"external-id-relationship\": \"SELF\"}]}, \"work-summary\": [{\"put-code\": 60442716, \"created-date\": {\"value\": 1565594358947}, \"last-modified-date\": {\"value\": 1653779616970}, \"source\": {\"source-orcid\": null, \"source-client-id\": {\"uri\": \"https://orcid.org/client/APP-0JOXOPPRQ09Y9L3Q\", \"path\": \"APP-0JOXOPPRQ09Y9L3Q\", \"host\": \"orcid.org\"}, \"source-name\": {\"value\": \"Deutsche Nationalbibliothek (DNB)\"}}, \"title\": {\"title\": {\"value\": \"Erstellung und Realisierung einer institutionellen Forschungsdaten-Policy\"}, \"subtitle\": null, \"translated-title\": null}, \"external-ids\": {\"external-id\": [{\"external-id-type\": \"dnb\", \"external-id-value\": \"1171424507\", \"external-id-url\": {\"value\": \"https://d-nb.info/1171424507\"}, \"external-id-relationship\": \"SELF\"}, {\"external-id-type\": \"urn\", \"external-id-value\": \"urn:nbn:de:hebis:04-ep0008-2018-234-79451\", \"external-id-url\": {\"value\": \"https://nbn-resolving.org/urn:nbn:de:hebis:04-ep0008-2018-234-79451\"}, \"external-id-relationship\": \"SELF\"}, {\"external-id-type\": \"doi\", \"external-id-value\": \"10.17192/bfdm.2018.1.7945\", \"external-id-url\": {\"value\": \"https://dx.doi.org/10.17192/bfdm.2018.1.7945\"}, \"external-id-relationship\": \"SELF\"}]}, \"type\": \"JOURNAL_ARTICLE\", \"publication-date\": {\"year\": {\"value\": \"2018\"}, \"month\": null, \"day\": null, \"media-type\": null}, \"visibility\": \"PUBLIC\", \"path\": \"/0000-0001-9964-1112/work/60442716\", \"display-index\": \"0\"}, {\"put-code\": 124657606, \"created-date\": {\"value\": 1671006997674}, \"last-modified-date\": {\"value\": 1671006997674}, \"source\": {\"source-orcid\": null, \"source-client-id\": {\"uri\": \"https://orcid.org/client/APP-XBXGKINCJSVELASV\", \"path\": \"APP-XBXGKINCJSVELASV\", \"host\": \"orcid.org\"}, \"source-name\": {\"value\": \"GND Network\"}}, \"title\": {\"title\": {\"value\": \"Erstellung und Realisierung einer institutionellen Forschungsdaten-Policy\"}, \"subtitle\": null, \"translated-title\": null}, \"external-ids\": {\"external-id\": [{\"external-id-type\": \"cgn\", \"external-id-value\": \"DNB:1171424507\", \"external-id-url\": {\"value\": \"https://id.culturegraph.org/DNB:1171424507\"}, \"external-id-relationship\": \"SELF\"}, {\"external-id-type\": \"doi\", \"external-id-value\": \"10.17192/bfdm.2018.1.7945\", \"external-id-url\": {\"value\": \"http://dx.doi.org/10.17192/bfdm.2018.1.7945\"}, \"external-id-relationship\": \"SELF\"}]}, \"type\": \"BOOK\", \"publication-date\": {\"year\": {\"value\": \"2018\"}, \"month\": null, \"day\": null, \"media-type\": null}, \"visibility\": \"PUBLIC\", \"path\": \"/0000-0001-9964-1112/work/124657606\", \"display-index\": \"0\"}]}, {\"last-modified-date\": {\"value\": 1671009442574}, \"external-ids\": {\"external-id\": [{\"external-id-type\": \"doi\", \"external-id-value\": \"10.17170/kobra-20191024725\", \"external-id-url\": {\"value\": \"http://dx.doi.org/10.17170/kobra-20191024725\"}, \"external-id-relationship\": \"SELF\"}, {\"external-id-type\": \"cgn\", \"external-id-value\": \"CBSOPAC:466171714\", \"external-id-url\": {\"value\": \"https://id.culturegraph.org/CBSOPAC:466171714\"}, \"external-id-relationship\": \"SELF\"}, {\"external-id-type\": \"source-work-id\", \"external-id-value\": \"BASE:4a2195b7d8237783a7ba1a220aa7de5f9e2dd7fda62cfc4f2c972967b8ea9427\", \"external-id-url\": {\"value\": \"https://www.base-search.net/Record/4a2195b7d8237783a7ba1a220aa7de5f9e2dd7fda62cfc4f2c972967b8ea9427\"}, \"external-id-relationship\": \"SELF\"}, {\"external-id-type\": \"doi\", \"external-id-value\": \"10.5282/o-bib/2018H4S220-236\", \"external-id-url\": null, \"external-id-relationship\": \"SELF\"}]}, \"work-summary\": [{\"put-code\": 52984176, \"created-date\": {\"value\": 1548167026831}, \"last-modified-date\": {\"value\": 1653678063597}, \"source\": {\"source-orcid\": null, \"source-client-id\": {\"uri\": \"https://orcid.org/client/APP-HCGH49OO61VH1II3\", \"path\": \"APP-HCGH49OO61VH1II3\", \"host\": \"orcid.org\"}, \"source-name\": {\"value\": \"BASE - Bielefeld Academic Search Engine\"}}, \"title\": {\"title\": {\"value\": \"FDM vernetzt und kooperativ ; Building RDM services through networking and cooperation\"}, \"subtitle\": null, \"translated-title\": null}, \"external-ids\": {\"external-id\": [{\"external-id-type\": \"source-work-id\", \"external-id-value\": \"BASE:4a2195b7d8237783a7ba1a220aa7de5f9e2dd7fda62cfc4f2c972967b8ea9427\", \"external-id-url\": {\"value\": \"https://www.base-search.net/Record/4a2195b7d8237783a7ba1a220aa7de5f9e2dd7fda62cfc4f2c972967b8ea9427\"}, \"external-id-relationship\": \"SELF\"}, {\"external-id-type\": \"doi\", \"external-id-value\": \"10.5282/o-bib/2018H4S220-236\", \"external-id-url\": null, \"external-id-relationship\": \"SELF\"}]}, \"type\": \"JOURNAL_ARTICLE\", \"publication-date\": {\"year\": {\"value\": \"2018\"}, \"month\": null, \"day\": null, \"media-type\": null}, \"visibility\": \"PUBLIC\", \"path\": \"/0000-0001-9964-1112/work/52984176\", \"display-index\": \"0\"}, {\"put-code\": 124657605, \"created-date\": {\"value\": 1671006997603}, \"last-modified-date\": {\"value\": 1671006997603}, \"source\": {\"source-orcid\": null, \"source-client-id\": {\"uri\": \"https://orcid.org/client/APP-XBXGKINCJSVELASV\", \"path\": \"APP-XBXGKINCJSVELASV\", \"host\": \"orcid.org\"}, \"source-name\": {\"value\": \"GND Network\"}}, \"title\": {\"title\": {\"value\": \"FDM vernetzt und kooperativ\"}, \"subtitle\": null, \"translated-title\": null}, \"external-ids\": {\"external-id\": [{\"external-id-type\": \"cgn\", \"external-id-value\": \"CBSOPAC:466171714\", \"external-id-url\": {\"value\": \"https://id.culturegraph.org/CBSOPAC:466171714\"}, \"external-id-relationship\": \"SELF\"}, {\"external-id-type\": \"doi\", \"external-id-value\": \"10.17170/kobra-20191024725\", \"external-id-url\": {\"value\": \"http://dx.doi.org/10.17170/kobra-20191024725\"}, \"external-id-relationship\": \"SELF\"}]}, \"type\": \"BOOK\", \"publication-date\": {\"year\": {\"value\": \"2019\"}, \"month\": null, \"day\": null, \"media-type\": null}, \"visibility\": \"PUBLIC\", \"path\": \"/0000-0001-9964-1112/work/124657605\", \"display-index\": \"0\"}, {\"put-code\": 124659626, \"created-date\": {\"value\": 1671009442574}, \"last-modified-date\": {\"value\": 1671009442574}, \"source\": {\"source-orcid\": {\"uri\": \"https://orcid.org/0000-0001-9964-1112\", \"path\": \"0000-0001-9964-1112\", \"host\": \"orcid.org\"}, \"source-client-id\": null, \"source-name\": {\"value\": \"Gerald Jagusch\"}}, \"title\": {\"title\": {\"value\": \"FDM vernetzt und kooperativ ; Building RDM services through networking and cooperation\"}, \"subtitle\": null, \"translated-title\": null}, \"external-ids\": {\"external-id\": [{\"external-id-type\": \"source-work-id\", \"external-id-value\": \"BASE:4a2195b7d8237783a7ba1a220aa7de5f9e2dd7fda62cfc4f2c972967b8ea9427\", \"external-id-url\": {\"value\": \"https://www.base-search.net/Record/4a2195b7d8237783a7ba1a220aa7de5f9e2dd7fda62cfc4f2c972967b8ea9427\"}, \"external-id-relationship\": \"SELF\"}, {\"external-id-type\": \"doi\", \"external-id-value\": \"10.5282/o-bib/2018H4S220-236\", \"external-id-url\": null, \"external-id-relationship\": \"SELF\"}, {\"external-id-type\": \"cgn\", \"external-id-value\": \"CBSOPAC:466171714\", \"external-id-url\": {\"value\": \"https://id.culturegraph.org/CBSOPAC:466171714\"}, \"external-id-relationship\": \"SELF\"}, {\"external-id-type\": \"doi\", \"external-id-value\": \"10.17170/kobra-20191024725\", \"external-id-url\": {\"value\": \"http://dx.doi.org/10.17170/kobra-20191024725\"}, \"external-id-relationship\": \"SELF\"}]}, \"type\": \"JOURNAL_ARTICLE\", \"publication-date\": {\"year\": {\"value\": \"2018\"}, \"month\": null, \"day\": null, \"media-type\": null}, \"visibility\": \"PUBLIC\", \"path\": \"/0000-0001-9964-1112/work/124659626\", \"display-index\": \"-1\"}]}, {\"last-modified-date\": {\"value\": 1671007090075}, \"external-ids\": {\"external-id\": [{\"external-id-type\": \"urn\", \"external-id-value\": \"urn:nbn:de:hebis:04-es2017-00085\", \"external-id-url\": {\"value\": \"https://nbn-resolving.org/urn:nbn:de:hebis:04-es2017-00085\"}, \"external-id-relationship\": \"SELF\"}, {\"external-id-type\": \"dnb\", \"external-id-value\": \"114864976X\", \"external-id-url\": {\"value\": \"https://d-nb.info/114864976X\"}, \"external-id-relationship\": \"SELF\"}, {\"external-id-type\": \"cgn\", \"external-id-value\": \"DNB:114864976X\", \"external-id-url\": {\"value\": \"https://id.culturegraph.org/DNB:114864976X\"}, \"external-id-relationship\": \"SELF\"}]}, \"work-summary\": [{\"put-code\": 75727116, \"created-date\": {\"value\": 1565618082182}, \"last-modified-date\": {\"value\": 1671007090075}, \"source\": {\"source-orcid\": {\"uri\": \"https://orcid.org/0000-0001-9964-1112\", \"path\": \"0000-0001-9964-1112\", \"host\": \"orcid.org\"}, \"source-client-id\": null, \"source-name\": {\"value\": \"Gerald Jagusch\"}}, \"title\": {\"title\": {\"value\": \"Hessische Forschungsdateninfrastrukturen HeFDI\"}, \"subtitle\": null, \"translated-title\": null}, \"external-ids\": {\"external-id\": [{\"external-id-type\": \"cgn\", \"external-id-value\": \"DNB:114864976X\", \"external-id-url\": {\"value\": \"https://id.culturegraph.org/DNB:114864976X\"}, \"external-id-relationship\": \"SELF\"}, {\"external-id-type\": \"dnb\", \"external-id-value\": \"114864976X\", \"external-id-url\": {\"value\": \"https://d-nb.info/114864976X\"}, \"external-id-relationship\": \"SELF\"}, {\"external-id-type\": \"urn\", \"external-id-value\": \"urn:nbn:de:hebis:04-es2017-00085\", \"external-id-url\": {\"value\": \"https://nbn-resolving.org/urn:nbn:de:hebis:04-es2017-00085\"}, \"external-id-relationship\": \"SELF\"}]}, \"type\": \"CONFERENCE_POSTER\", \"publication-date\": {\"year\": {\"value\": \"2017\"}, \"month\": null, \"day\": null, \"media-type\": null}, \"visibility\": \"PUBLIC\", \"path\": \"/0000-0001-9964-1112/work/75727116\", \"display-index\": \"1\"}, {\"put-code\": 60442717, \"created-date\": {\"value\": 1565594358947}, \"last-modified-date\": {\"value\": 1653779616975}, \"source\": {\"source-orcid\": null, \"source-client-id\": {\"uri\": \"https://orcid.org/client/APP-0JOXOPPRQ09Y9L3Q\", \"path\": \"APP-0JOXOPPRQ09Y9L3Q\", \"host\": \"orcid.org\"}, \"source-name\": {\"value\": \"Deutsche Nationalbibliothek (DNB)\"}}, \"title\": {\"title\": {\"value\": \"Hessische Forschungsdateninfrastrukturen HeFDI\"}, \"subtitle\": null, \"translated-title\": null}, \"external-ids\": {\"external-id\": [{\"external-id-type\": \"dnb\", \"external-id-value\": \"114864976X\", \"external-id-url\": {\"value\": \"https://d-nb.info/114864976X\"}, \"external-id-relationship\": \"SELF\"}, {\"external-id-type\": \"urn\", \"external-id-value\": \"urn:nbn:de:hebis:04-es2017-00085\", \"external-id-url\": {\"value\": \"https://nbn-resolving.org/urn:nbn:de:hebis:04-es2017-00085\"}, \"external-id-relationship\": \"SELF\"}]}, \"type\": \"BOOK\", \"publication-date\": {\"year\": {\"value\": \"2017\"}, \"month\": null, \"day\": null, \"media-type\": null}, \"visibility\": \"PUBLIC\", \"path\": \"/0000-0001-9964-1112/work/60442717\", \"display-index\": \"0\"}, {\"put-code\": 124657608, \"created-date\": {\"value\": 1671006997742}, \"last-modified-date\": {\"value\": 1671006997742}, \"source\": {\"source-orcid\": null, \"source-client-id\": {\"uri\": \"https://orcid.org/client/APP-XBXGKINCJSVELASV\", \"path\": \"APP-XBXGKINCJSVELASV\", \"host\": \"orcid.org\"}, \"source-name\": {\"value\": \"GND Network\"}}, \"title\": {\"title\": {\"value\": \"Hessische Forschungsdateninfrastrukturen HeFDI\"}, \"subtitle\": null, \"translated-title\": null}, \"external-ids\": {\"external-id\": [{\"external-id-type\": \"cgn\", \"external-id-value\": \"DNB:114864976X\", \"external-id-url\": {\"value\": \"https://id.culturegraph.org/DNB:114864976X\"}, \"external-id-relationship\": \"SELF\"}]}, \"type\": \"BOOK\", \"publication-date\": {\"year\": {\"value\": \"2017\"}, \"month\": null, \"day\": null, \"media-type\": null}, \"visibility\": \"PUBLIC\", \"path\": \"/0000-0001-9964-1112/work/124657608\", \"display-index\": \"0\"}]}, {\"last-modified-date\": {\"value\": 1475601429970}, \"external-ids\": {\"external-id\": [{\"external-id-type\": \"doi\", \"external-id-value\": \"10.5281/zenodo.153920\", \"external-id-url\": null, \"external-id-relationship\": \"SELF\"}]}, \"work-summary\": [{\"put-code\": 27172537, \"created-date\": {\"value\": 1475601429949}, \"last-modified-date\": {\"value\": 1475601429970}, \"source\": {\"source-orcid\": {\"uri\": \"https://orcid.org/0000-0001-9964-1112\", \"path\": \"0000-0001-9964-1112\", \"host\": \"orcid.org\"}, \"source-client-id\": null, \"source-name\": {\"value\": \"Gerald Jagusch\"}}, \"title\": {\"title\": {\"value\": \"Open Library Badge. Ein Anreizsystem f\\u00fcr mehr Offenheit in Bibliotheken\"}, \"subtitle\": null, \"translated-title\": null}, \"external-ids\": {\"external-id\": [{\"external-id-type\": \"doi\", \"external-id-value\": \"10.5281/zenodo.153920\", \"external-id-url\": null, \"external-id-relationship\": \"SELF\"}]}, \"type\": \"CONFERENCE_POSTER\", \"publication-date\": {\"year\": {\"value\": \"2016\"}, \"month\": {\"value\": \"09\"}, \"day\": null, \"media-type\": null}, \"visibility\": \"PUBLIC\", \"path\": \"/0000-0001-9964-1112/work/27172537\", \"display-index\": \"1\"}]}, {\"last-modified-date\": {\"value\": 1671006997885}, \"external-ids\": {\"external-id\": [{\"external-id-type\": \"cgn\", \"external-id-value\": \"DNB:1191897362\", \"external-id-url\": {\"value\": \"https://id.culturegraph.org/DNB:1191897362\"}, \"external-id-relationship\": \"SELF\"}]}, \"work-summary\": [{\"put-code\": 124657616, \"created-date\": {\"value\": 1671006997885}, \"last-modified-date\": {\"value\": 1671006997885}, \"source\": {\"source-orcid\": null, \"source-client-id\": {\"uri\": \"https://orcid.org/client/APP-XBXGKINCJSVELASV\", \"path\": \"APP-XBXGKINCJSVELASV\", \"host\": \"orcid.org\"}, \"source-name\": {\"value\": \"GND Network\"}}, \"title\": {\"title\": {\"value\": \"Interview zur Bedeutung von Open Access an der TU Darmstadt\"}, \"subtitle\": null, \"translated-title\": null}, \"external-ids\": {\"external-id\": [{\"external-id-type\": \"cgn\", \"external-id-value\": \"DNB:1191897362\", \"external-id-url\": {\"value\": \"https://id.culturegraph.org/DNB:1191897362\"}, \"external-id-relationship\": \"SELF\"}]}, \"type\": \"BOOK\", \"publication-date\": {\"year\": {\"value\": \"2016\"}, \"month\": null, \"day\": null, \"media-type\": null}, \"visibility\": \"PUBLIC\", \"path\": \"/0000-0001-9964-1112/work/124657616\", \"display-index\": \"0\"}]}, {\"last-modified-date\": {\"value\": 1671007090079}, \"external-ids\": {\"external-id\": [{\"external-id-type\": \"dnb\", \"external-id-value\": \"1117797252\", \"external-id-url\": {\"value\": \"https://d-nb.info/1117797252\"}, \"external-id-relationship\": \"SELF\"}, {\"external-id-type\": \"urn\", \"external-id-value\": \"urn:nbn:de:tuda-tuprints-57291\", \"external-id-url\": {\"value\": \"https://nbn-resolving.org/urn:nbn:de:tuda-tuprints-57291\"}, \"external-id-relationship\": \"SELF\"}, {\"external-id-type\": \"cgn\", \"external-id-value\": \"DNB:1117797252\", \"external-id-url\": {\"value\": \"https://id.culturegraph.org/DNB:1117797252\"}, \"external-id-relationship\": \"SELF\"}, {\"external-id-type\": \"dnb\", \"external-id-value\": \"1143125150\", \"external-id-url\": {\"value\": \"https://d-nb.info/1143125150\"}, \"external-id-relationship\": \"SELF\"}, {\"external-id-type\": \"source-work-id\", \"external-id-value\": \"BASE:e2011c6be04ee1a40e32060da1ec930f24abf5b4857ddac210156e643d6381cf\", \"external-id-url\": {\"value\": \"https://www.base-search.net/Record/e2011c6be04ee1a40e32060da1ec930f24abf5b4857ddac210156e643d6381cf\"}, \"external-id-relationship\": \"SELF\"}, {\"external-id-type\": \"urn\", \"external-id-value\": \"urn:nbn:de:tuda-tuprints-69120\", \"external-id-url\": {\"value\": \"https://nbn-resolving.org/urn:nbn:de:tuda-tuprints-69120\"}, \"external-id-relationship\": \"SELF\"}]}, \"work-summary\": [{\"put-code\": 33599509, \"created-date\": {\"value\": 1496742305491}, \"last-modified-date\": {\"value\": 1653502167065}, \"source\": {\"source-orcid\": null, \"source-client-id\": {\"uri\": \"https://orcid.org/client/APP-HCGH49OO61VH1II3\", \"path\": \"APP-HCGH49OO61VH1II3\", \"host\": \"orcid.org\"}, \"source-name\": {\"value\": \"BASE - Bielefeld Academic Search Engine\"}}, \"title\": {\"title\": {\"value\": \"Open Access an der TU Darmstadt \\u2013 Forschung und Lehrmaterialien besser sichtbar machen\"}, \"subtitle\": null, \"translated-title\": null}, \"external-ids\": {\"external-id\": [{\"external-id-type\": \"source-work-id\", \"external-id-value\": \"BASE:e2011c6be04ee1a40e32060da1ec930f24abf5b4857ddac210156e643d6381cf\", \"external-id-url\": {\"value\": \"https://www.base-search.net/Record/e2011c6be04ee1a40e32060da1ec930f24abf5b4857ddac210156e643d6381cf\"}, \"external-id-relationship\": \"SELF\"}]}, \"type\": \"LECTURE_SPEECH\", \"publication-date\": {\"year\": {\"value\": \"2016\"}, \"month\": null, \"day\": null, \"media-type\": null}, \"visibility\": \"PUBLIC\", \"path\": \"/0000-0001-9964-1112/work/33599509\", \"display-index\": \"0\"}, {\"put-code\": 60442718, \"created-date\": {\"value\": 1565594358948}, \"last-modified-date\": {\"value\": 1653779616981}, \"source\": {\"source-orcid\": null, \"source-client-id\": {\"uri\": \"https://orcid.org/client/APP-0JOXOPPRQ09Y9L3Q\", \"path\": \"APP-0JOXOPPRQ09Y9L3Q\", \"host\": \"orcid.org\"}, \"source-name\": {\"value\": \"Deutsche Nationalbibliothek (DNB)\"}}, \"title\": {\"title\": {\"value\": \"Open Access an der TU Darmstadt \\u2013 Forschung und Lehrmaterialien besser sichtbar machen\"}, \"subtitle\": null, \"translated-title\": null}, \"external-ids\": {\"external-id\": [{\"external-id-type\": \"dnb\", \"external-id-value\": \"1143125150\", \"external-id-url\": {\"value\": \"https://d-nb.info/1143125150\"}, \"external-id-relationship\": \"SELF\"}, {\"external-id-type\": \"urn\", \"external-id-value\": \"urn:nbn:de:tuda-tuprints-69120\", \"external-id-url\": {\"value\": \"https://nbn-resolving.org/urn:nbn:de:tuda-tuprints-69120\"}, \"external-id-relationship\": \"SELF\"}]}, \"type\": \"BOOK\", \"publication-date\": {\"year\": {\"value\": \"2017\"}, \"month\": null, \"day\": null, \"media-type\": null}, \"visibility\": \"PUBLIC\", \"path\": \"/0000-0001-9964-1112/work/60442718\", \"display-index\": \"0\"}, {\"put-code\": 60442719, \"created-date\": {\"value\": 1565594358948}, \"last-modified-date\": {\"value\": 1653779616986}, \"source\": {\"source-orcid\": null, \"source-client-id\": {\"uri\": \"https://orcid.org/client/APP-0JOXOPPRQ09Y9L3Q\", \"path\": \"APP-0JOXOPPRQ09Y9L3Q\", \"host\": \"orcid.org\"}, \"source-name\": {\"value\": \"Deutsche Nationalbibliothek (DNB)\"}}, \"title\": {\"title\": {\"value\": \"Open Access an der TU Darmstadt \\u2013 Forschung und Lehrmaterialien besser sichtbar machen\"}, \"subtitle\": null, \"translated-title\": null}, \"external-ids\": {\"external-id\": [{\"external-id-type\": \"dnb\", \"external-id-value\": \"1117797252\", \"external-id-url\": {\"value\": \"https://d-nb.info/1117797252\"}, \"external-id-relationship\": \"SELF\"}, {\"external-id-type\": \"urn\", \"external-id-value\": \"urn:nbn:de:tuda-tuprints-57291\", \"external-id-url\": {\"value\": \"https://nbn-resolving.org/urn:nbn:de:tuda-tuprints-57291\"}, \"external-id-relationship\": \"SELF\"}]}, \"type\": \"BOOK\", \"publication-date\": {\"year\": {\"value\": \"2016\"}, \"month\": null, \"day\": null, \"media-type\": null}, \"visibility\": \"PUBLIC\", \"path\": \"/0000-0001-9964-1112/work/60442719\", \"display-index\": \"0\"}, {\"put-code\": 124657615, \"created-date\": {\"value\": 1671006997876}, \"last-modified-date\": {\"value\": 1671006997876}, \"source\": {\"source-orcid\": null, \"source-client-id\": {\"uri\": \"https://orcid.org/client/APP-XBXGKINCJSVELASV\", \"path\": \"APP-XBXGKINCJSVELASV\", \"host\": \"orcid.org\"}, \"source-name\": {\"value\": \"GND Network\"}}, \"title\": {\"title\": {\"value\": \"Open Access an der TU Darmstadt \\u2013 Forschung und Lehrmaterialien besser sichtbar machen\"}, \"subtitle\": null, \"translated-title\": null}, \"external-ids\": {\"external-id\": [{\"external-id-type\": \"cgn\", \"external-id-value\": \"DNB:1117797252\", \"external-id-url\": {\"value\": \"https://id.culturegraph.org/DNB:1117797252\"}, \"external-id-relationship\": \"SELF\"}]}, \"type\": \"BOOK\", \"publication-date\": {\"year\": {\"value\": \"2016\"}, \"month\": null, \"day\": null, \"media-type\": null}, \"visibility\": \"PUBLIC\", \"path\": \"/0000-0001-9964-1112/work/124657615\", \"display-index\": \"0\"}, {\"put-code\": 60442768, \"created-date\": {\"value\": 1565594600336}, \"last-modified-date\": {\"value\": 1671007090079}, \"source\": {\"source-orcid\": {\"uri\": \"https://orcid.org/0000-0001-9964-1112\", \"path\": \"0000-0001-9964-1112\", \"host\": \"orcid.org\"}, \"source-client-id\": null, \"source-name\": {\"value\": \"Gerald Jagusch\"}}, \"title\": {\"title\": {\"value\": \"Open Access an der TU Darmstadt \\u2013 Forschung und Lehrmaterialien besser sichtbar machen\"}, \"subtitle\": null, \"translated-title\": null}, \"external-ids\": {\"external-id\": [{\"external-id-type\": \"cgn\", \"external-id-value\": \"DNB:1117797252\", \"external-id-url\": {\"value\": \"https://id.culturegraph.org/DNB:1117797252\"}, \"external-id-relationship\": \"SELF\"}, {\"external-id-type\": \"dnb\", \"external-id-value\": \"1143125150\", \"external-id-url\": {\"value\": \"https://d-nb.info/1143125150\"}, \"external-id-relationship\": \"SELF\"}, {\"external-id-type\": \"urn\", \"external-id-value\": \"urn:nbn:de:tuda-tuprints-69120\", \"external-id-url\": {\"value\": \"https://nbn-resolving.org/urn:nbn:de:tuda-tuprints-69120\"}, \"external-id-relationship\": \"SELF\"}, {\"external-id-type\": \"source-work-id\", \"external-id-value\": \"BASE:e2011c6be04ee1a40e32060da1ec930f24abf5b4857ddac210156e643d6381cf\", \"external-id-url\": {\"value\": \"https://www.base-search.net/Record/e2011c6be04ee1a40e32060da1ec930f24abf5b4857ddac210156e643d6381cf\"}, \"external-id-relationship\": \"SELF\"}, {\"external-id-type\": \"dnb\", \"external-id-value\": \"1117797252\", \"external-id-url\": {\"value\": \"https://d-nb.info/1117797252\"}, \"external-id-relationship\": \"SELF\"}, {\"external-id-type\": \"urn\", \"external-id-value\": \"urn:nbn:de:tuda-tuprints-57291\", \"external-id-url\": {\"value\": \"https://nbn-resolving.org/urn:nbn:de:tuda-tuprints-57291\"}, \"external-id-relationship\": \"SELF\"}]}, \"type\": \"BOOK\", \"publication-date\": {\"year\": {\"value\": \"2017\"}, \"month\": null, \"day\": null, \"media-type\": null}, \"visibility\": \"PUBLIC\", \"path\": \"/0000-0001-9964-1112/work/60442768\", \"display-index\": \"-1\"}]}, {\"last-modified-date\": {\"value\": 1671007090096}, \"external-ids\": {\"external-id\": [{\"external-id-type\": \"cgn\", \"external-id-value\": \"K10Plus:1522067523\", \"external-id-url\": {\"value\": \"https://id.culturegraph.org/K10Plus:1522067523\"}, \"external-id-relationship\": \"SELF\"}, {\"external-id-type\": \"isbn\", \"external-id-value\": \"978-3-662-48263-6\", \"external-id-url\": {\"value\": \"\"}, \"external-id-relationship\": \"SELF\"}, {\"external-id-type\": \"isbn\", \"external-id-value\": \"978-3-662-48264-3\", \"external-id-url\": null, \"external-id-relationship\": \"SELF\"}, {\"external-id-type\": \"cgn\", \"external-id-value\": \"K10Plus:83442388X\", \"external-id-url\": {\"value\": \"https://id.culturegraph.org/K10Plus:83442388X\"}, \"external-id-relationship\": \"SELF\"}, {\"external-id-type\": \"cgn\", \"external-id-value\": \"K10Plus:843648058\", \"external-id-url\": {\"value\": \"https://id.culturegraph.org/K10Plus:843648058\"}, \"external-id-relationship\": \"SELF\"}, {\"external-id-type\": \"isbn\", \"external-id-value\": \"3-662-48263-0\", \"external-id-url\": null, \"external-id-relationship\": \"SELF\"}, {\"external-id-type\": \"doi\", \"external-id-value\": \"10.1007/978-3-662-48264-3\", \"external-id-url\": null, \"external-id-relationship\": \"SELF\"}, {\"external-id-type\": \"cgn\", \"external-id-value\": \"DNB:1100719083\", \"external-id-url\": {\"value\": \"https://id.culturegraph.org/DNB:1100719083\"}, \"external-id-relationship\": \"SELF\"}, {\"external-id-type\": \"dnb\", \"external-id-value\": \"1102916579\", \"external-id-url\": {\"value\": \"https://d-nb.info/1102916579\"}, \"external-id-relationship\": \"SELF\"}, {\"external-id-type\": \"cgn\", \"external-id-value\": \"CBSOPAC:367587483\", \"external-id-url\": {\"value\": \"https://id.culturegraph.org/CBSOPAC:367587483\"}, \"external-id-relationship\": \"SELF\"}, {\"external-id-type\": \"cgn\", \"external-id-value\": \"lobid:HT018763109\", \"external-id-url\": {\"value\": \"https://id.culturegraph.org/lobid:HT018763109\"}, \"external-id-relationship\": \"SELF\"}, {\"external-id-type\": \"dnb\", \"external-id-value\": \"1075883628\", \"external-id-url\": {\"value\": \"https://d-nb.info/1075883628\"}, \"external-id-relationship\": \"SELF\"}, {\"external-id-type\": \"dnb\", \"external-id-value\": \"1100719083\", \"external-id-url\": {\"value\": \"https://d-nb.info/1100719083\"}, \"external-id-relationship\": \"SELF\"}, {\"external-id-type\": \"cgn\", \"external-id-value\": \"KOBV:b3kat_BV043196887\", \"external-id-url\": {\"value\": \"https://id.culturegraph.org/KOBV:b3kat_BV043196887\"}, \"external-id-relationship\": \"SELF\"}, {\"external-id-type\": \"urn\", \"external-id-value\": \"urn:nbn:de:1111-20160606152\", \"external-id-url\": {\"value\": \"https://nbn-resolving.org/urn:nbn:de:1111-20160606152\"}, \"external-id-relationship\": \"SELF\"}, {\"external-id-type\": \"cgn\", \"external-id-value\": \"DNB:1102916579\", \"external-id-url\": {\"value\": \"https://id.culturegraph.org/DNB:1102916579\"}, \"external-id-relationship\": \"SELF\"}, {\"external-id-type\": \"cgn\", \"external-id-value\": \"CBSOPAC:377808431\", \"external-id-url\": {\"value\": \"https://id.culturegraph.org/CBSOPAC:377808431\"}, \"external-id-relationship\": \"SELF\"}]}, \"work-summary\": [{\"put-code\": 22024976, \"created-date\": {\"value\": 1454170702110}, \"last-modified-date\": {\"value\": 1653425952374}, \"source\": {\"source-orcid\": null, \"source-client-id\": {\"uri\": \"https://orcid.org/client/0000-0002-3054-1567\", \"path\": \"0000-0002-3054-1567\", \"host\": \"orcid.org\"}, \"source-name\": {\"value\": \"Crossref Metadata Search\"}}, \"title\": {\"title\": {\"value\": \"Pfade durch die Theoretische Mechanik 1\"}, \"subtitle\": null, \"translated-title\": null}, \"external-ids\": {\"external-id\": [{\"external-id-type\": \"doi\", \"external-id-value\": \"10.1007/978-3-662-48264-3\", \"external-id-url\": null, \"external-id-relationship\": \"SELF\"}]}, \"type\": \"BOOK\", \"publication-date\": {\"year\": {\"value\": \"2016\"}, \"month\": null, \"day\": null, \"media-type\": null}, \"visibility\": \"PUBLIC\", \"path\": \"/0000-0001-9964-1112/work/22024976\", \"display-index\": \"0\"}, {\"put-code\": 60442721, \"created-date\": {\"value\": 1565594358948}, \"last-modified-date\": {\"value\": 1653779616999}, \"source\": {\"source-orcid\": null, \"source-client-id\": {\"uri\": \"https://orcid.org/client/APP-0JOXOPPRQ09Y9L3Q\", \"path\": \"APP-0JOXOPPRQ09Y9L3Q\", \"host\": \"orcid.org\"}, \"source-name\": {\"value\": \"Deutsche Nationalbibliothek (DNB)\"}}, \"title\": {\"title\": {\"value\": \"Pfade durch die Theoretische Mechanik 1\"}, \"subtitle\": null, \"translated-title\": null}, \"external-ids\": {\"external-id\": [{\"external-id-type\": \"dnb\", \"external-id-value\": \"1102916579\", \"external-id-url\": {\"value\": \"https://d-nb.info/1102916579\"}, \"external-id-relationship\": \"SELF\"}, {\"external-id-type\": \"urn\", \"external-id-value\": \"urn:nbn:de:1111-20160606152\", \"external-id-url\": {\"value\": \"https://nbn-resolving.org/urn:nbn:de:1111-20160606152\"}, \"external-id-relationship\": \"SELF\"}, {\"external-id-type\": \"doi\", \"external-id-value\": \"10.1007/978-3-662-48264-3\", \"external-id-url\": {\"value\": \"https://dx.doi.org/10.1007/978-3-662-48264-3\"}, \"external-id-relationship\": \"SELF\"}, {\"external-id-type\": \"isbn\", \"external-id-value\": \"978-3-662-48264-3\", \"external-id-url\": {\"value\": \"\"}, \"external-id-relationship\": \"SELF\"}]}, \"type\": \"BOOK\", \"publication-date\": {\"year\": {\"value\": \"2016\"}, \"month\": null, \"day\": null, \"media-type\": null}, \"visibility\": \"PUBLIC\", \"path\": \"/0000-0001-9964-1112/work/60442721\", \"display-index\": \"0\"}, {\"put-code\": 60442720, \"created-date\": {\"value\": 1565594358948}, \"last-modified-date\": {\"value\": 1653779616992}, \"source\": {\"source-orcid\": null, \"source-client-id\": {\"uri\": \"https://orcid.org/client/APP-0JOXOPPRQ09Y9L3Q\", \"path\": \"APP-0JOXOPPRQ09Y9L3Q\", \"host\": \"orcid.org\"}, \"source-name\": {\"value\": \"Deutsche Nationalbibliothek (DNB)\"}}, \"title\": {\"title\": {\"value\": \"Pfade durch die Theoretische Mechanik\"}, \"subtitle\": null, \"translated-title\": null}, \"external-ids\": {\"external-id\": [{\"external-id-type\": \"dnb\", \"external-id-value\": \"1100719083\", \"external-id-url\": {\"value\": \"https://d-nb.info/1100719083\"}, \"external-id-relationship\": \"SELF\"}]}, \"type\": \"BOOK\", \"publication-date\": {\"year\": {\"value\": \"2016\"}, \"month\": null, \"day\": null, \"media-type\": null}, \"visibility\": \"PUBLIC\", \"path\": \"/0000-0001-9964-1112/work/60442720\", \"display-index\": \"0\"}, {\"put-code\": 60442736, \"created-date\": {\"value\": 1565594472279}, \"last-modified-date\": {\"value\": 1565594472907}, \"source\": {\"source-orcid\": null, \"source-client-id\": {\"uri\": \"https://orcid.org/client/APP-0JOXOPPRQ09Y9L3Q\", \"path\": \"APP-0JOXOPPRQ09Y9L3Q\", \"host\": \"orcid.org\"}, \"source-name\": {\"value\": \"Deutsche Nationalbibliothek (DNB)\"}}, \"title\": {\"title\": {\"value\": \"Pfade durch die Theoretische Mechanik. 1. Die Newtonsche Mechanik und ihre mathematischen Grundlagen: anschaulich - axiomatisch - abstrakt\"}, \"subtitle\": null, \"translated-title\": null}, \"external-ids\": {\"external-id\": [{\"external-id-type\": \"dnb\", \"external-id-value\": \"1075883628\", \"external-id-url\": {\"value\": \"https://d-nb.info/1075883628\"}, \"external-id-relationship\": \"SELF\"}, {\"external-id-type\": \"isbn\", \"external-id-value\": \"978-3-662-48263-6\", \"external-id-url\": {\"value\": \"\"}, \"external-id-relationship\": \"SELF\"}]}, \"type\": \"BOOK\", \"publication-date\": {\"year\": {\"value\": \"2016\"}, \"month\": null, \"day\": null, \"media-type\": null}, \"visibility\": \"PUBLIC\", \"path\": \"/0000-0001-9964-1112/work/60442736\", \"display-index\": \"0\"}, {\"put-code\": 124657609, \"created-date\": {\"value\": 1671006997750}, \"last-modified-date\": {\"value\": 1671006997750}, \"source\": {\"source-orcid\": null, \"source-client-id\": {\"uri\": \"https://orcid.org/client/APP-XBXGKINCJSVELASV\", \"path\": \"APP-XBXGKINCJSVELASV\", \"host\": \"orcid.org\"}, \"source-name\": {\"value\": \"GND Network\"}}, \"title\": {\"title\": {\"value\": \"Die Newtonsche Mechanik und ihre mathematischen Grundlagen\"}, \"subtitle\": null, \"translated-title\": null}, \"external-ids\": {\"external-id\": [{\"external-id-type\": \"cgn\", \"external-id-value\": \"K10Plus:83442388X\", \"external-id-url\": {\"value\": \"https://id.culturegraph.org/K10Plus:83442388X\"}, \"external-id-relationship\": \"SELF\"}, {\"external-id-type\": \"isbn\", \"external-id-value\": \"3-662-48263-0\", \"external-id-url\": null, \"external-id-relationship\": \"SELF\"}, {\"external-id-type\": \"isbn\", \"external-id-value\": \"978-3-662-48263-6\", \"external-id-url\": null, \"external-id-relationship\": \"SELF\"}]}, \"type\": \"BOOK\", \"publication-date\": {\"year\": {\"value\": \"2016\"}, \"month\": null, \"day\": null, \"media-type\": null}, \"visibility\": \"PUBLIC\", \"path\": \"/0000-0001-9964-1112/work/124657609\", \"display-index\": \"0\"}, {\"put-code\": 124657610, \"created-date\": {\"value\": 1671006997759}, \"last-modified-date\": {\"value\": 1671006997759}, \"source\": {\"source-orcid\": null, \"source-client-id\": {\"uri\": \"https://orcid.org/client/APP-XBXGKINCJSVELASV\", \"path\": \"APP-XBXGKINCJSVELASV\", \"host\": \"orcid.org\"}, \"source-name\": {\"value\": \"GND Network\"}}, \"title\": {\"title\": {\"value\": \"Pfade durch die theoretische Mechanik\"}, \"subtitle\": null, \"translated-title\": null}, \"external-ids\": {\"external-id\": [{\"external-id-type\": \"cgn\", \"external-id-value\": \"K10Plus:843648058\", \"external-id-url\": {\"value\": \"https://id.culturegraph.org/K10Plus:843648058\"}, \"external-id-relationship\": \"SELF\"}]}, \"type\": \"BOOK\", \"publication-date\": {\"year\": {\"value\": \"2016\"}, \"month\": null, \"day\": null, \"media-type\": null}, \"visibility\": \"PUBLIC\", \"path\": \"/0000-0001-9964-1112/work/124657610\", \"display-index\": \"0\"}, {\"put-code\": 124657611, \"created-date\": {\"value\": 1671006997767}, \"last-modified-date\": {\"value\": 1671006997767}, \"source\": {\"source-orcid\": null, \"source-client-id\": {\"uri\": \"https://orcid.org/client/APP-XBXGKINCJSVELASV\", \"path\": \"APP-XBXGKINCJSVELASV\", \"host\": \"orcid.org\"}, \"source-name\": {\"value\": \"GND Network\"}}, \"title\": {\"title\": {\"value\": \"Pfade durch die Theoretische Mechanik\"}, \"subtitle\": null, \"translated-title\": null}, \"external-ids\": {\"external-id\": [{\"external-id-type\": \"cgn\", \"external-id-value\": \"K10Plus:1522067523\", \"external-id-url\": {\"value\": \"https://id.culturegraph.org/K10Plus:1522067523\"}, \"external-id-relationship\": \"SELF\"}]}, \"type\": \"BOOK\", \"publication-date\": {\"year\": {\"value\": \"2016\"}, \"month\": null, \"day\": null, \"media-type\": null}, \"visibility\": \"PUBLIC\", \"path\": \"/0000-0001-9964-1112/work/124657611\", \"display-index\": \"0\"}, {\"put-code\": 124657612, \"created-date\": {\"value\": 1671006997774}, \"last-modified-date\": {\"value\": 1671006997774}, \"source\": {\"source-orcid\": null, \"source-client-id\": {\"uri\": \"https://orcid.org/client/APP-XBXGKINCJSVELASV\", \"path\": \"APP-XBXGKINCJSVELASV\", \"host\": \"orcid.org\"}, \"source-name\": {\"value\": \"GND Network\"}}, \"title\": {\"title\": {\"value\": \"Pfade durch die Theoretische Mechanik\"}, \"subtitle\": null, \"translated-title\": null}, \"external-ids\": {\"external-id\": [{\"external-id-type\": \"cgn\", \"external-id-value\": \"lobid:HT018763109\", \"external-id-url\": {\"value\": \"https://id.culturegraph.org/lobid:HT018763109\"}, \"external-id-relationship\": \"SELF\"}]}, \"type\": \"BOOK\", \"publication-date\": {\"year\": {\"value\": \"2016\"}, \"month\": null, \"day\": null, \"media-type\": null}, \"visibility\": \"PUBLIC\", \"path\": \"/0000-0001-9964-1112/work/124657612\", \"display-index\": \"0\"}, {\"put-code\": 124657613, \"created-date\": {\"value\": 1671006997783}, \"last-modified-date\": {\"value\": 1671006997783}, \"source\": {\"source-orcid\": null, \"source-client-id\": {\"uri\": \"https://orcid.org/client/APP-XBXGKINCJSVELASV\", \"path\": \"APP-XBXGKINCJSVELASV\", \"host\": \"orcid.org\"}, \"source-name\": {\"value\": \"GND Network\"}}, \"title\": {\"title\": {\"value\": \"Pfade durch die Theoretische Mechanik\"}, \"subtitle\": null, \"translated-title\": null}, \"external-ids\": {\"external-id\": [{\"external-id-type\": \"cgn\", \"external-id-value\": \"DNB:1100719083\", \"external-id-url\": {\"value\": \"https://id.culturegraph.org/DNB:1100719083\"}, \"external-id-relationship\": \"SELF\"}]}, \"type\": \"BOOK\", \"publication-date\": {\"year\": {\"value\": \"2016\"}, \"month\": null, \"day\": null, \"media-type\": null}, \"visibility\": \"PUBLIC\", \"path\": \"/0000-0001-9964-1112/work/124657613\", \"display-index\": \"0\"}, {\"put-code\": 124657614, \"created-date\": {\"value\": 1671006997865}, \"last-modified-date\": {\"value\": 1671006997865}, \"source\": {\"source-orcid\": null, \"source-client-id\": {\"uri\": \"https://orcid.org/client/APP-XBXGKINCJSVELASV\", \"path\": \"APP-XBXGKINCJSVELASV\", \"host\": \"orcid.org\"}, \"source-name\": {\"value\": \"GND Network\"}}, \"title\": {\"title\": {\"value\": \"Pfade durch die Theoretische Mechanik 1\"}, \"subtitle\": null, \"translated-title\": null}, \"external-ids\": {\"external-id\": [{\"external-id-type\": \"cgn\", \"external-id-value\": \"DNB:1102916579\", \"external-id-url\": {\"value\": \"https://id.culturegraph.org/DNB:1102916579\"}, \"external-id-relationship\": \"SELF\"}, {\"external-id-type\": \"isbn\", \"external-id-value\": \"978-3-662-48264-3\", \"external-id-url\": null, \"external-id-relationship\": \"SELF\"}, {\"external-id-type\": \"doi\", \"external-id-value\": \"10.1007/978-3-662-48264-3\", \"external-id-url\": {\"value\": \"http://dx.doi.org/10.1007/978-3-662-48264-3\"}, \"external-id-relationship\": \"SELF\"}]}, \"type\": \"BOOK\", \"publication-date\": {\"year\": {\"value\": \"2016\"}, \"month\": null, \"day\": null, \"media-type\": null}, \"visibility\": \"PUBLIC\", \"path\": \"/0000-0001-9964-1112/work/124657614\", \"display-index\": \"0\"}, {\"put-code\": 124657617, \"created-date\": {\"value\": 1671006997895}, \"last-modified-date\": {\"value\": 1671006997895}, \"source\": {\"source-orcid\": null, \"source-client-id\": {\"uri\": \"https://orcid.org/client/APP-XBXGKINCJSVELASV\", \"path\": \"APP-XBXGKINCJSVELASV\", \"host\": \"orcid.org\"}, \"source-name\": {\"value\": \"GND Network\"}}, \"title\": {\"title\": {\"value\": \"Pfade durch die Theoretische Mechanik\"}, \"subtitle\": null, \"translated-title\": null}, \"external-ids\": {\"external-id\": [{\"external-id-type\": \"cgn\", \"external-id-value\": \"KOBV:b3kat_BV043196887\", \"external-id-url\": {\"value\": \"https://id.culturegraph.org/KOBV:b3kat_BV043196887\"}, \"external-id-relationship\": \"SELF\"}]}, \"type\": \"BOOK\", \"publication-date\": {\"year\": {\"value\": \"2016\"}, \"month\": null, \"day\": null, \"media-type\": null}, \"visibility\": \"PUBLIC\", \"path\": \"/0000-0001-9964-1112/work/124657617\", \"display-index\": \"0\"}, {\"put-code\": 124657618, \"created-date\": {\"value\": 1671006997906}, \"last-modified-date\": {\"value\": 1671006997906}, \"source\": {\"source-orcid\": null, \"source-client-id\": {\"uri\": \"https://orcid.org/client/APP-XBXGKINCJSVELASV\", \"path\": \"APP-XBXGKINCJSVELASV\", \"host\": \"orcid.org\"}, \"source-name\": {\"value\": \"GND Network\"}}, \"title\": {\"title\": {\"value\": \"Pfade durch die Theoretische Mechanik\"}, \"subtitle\": null, \"translated-title\": null}, \"external-ids\": {\"external-id\": [{\"external-id-type\": \"cgn\", \"external-id-value\": \"CBSOPAC:367587483\", \"external-id-url\": {\"value\": \"https://id.culturegraph.org/CBSOPAC:367587483\"}, \"external-id-relationship\": \"SELF\"}]}, \"type\": \"BOOK\", \"publication-date\": {\"year\": {\"value\": \"2016\"}, \"month\": null, \"day\": null, \"media-type\": null}, \"visibility\": \"PUBLIC\", \"path\": \"/0000-0001-9964-1112/work/124657618\", \"display-index\": \"0\"}, {\"put-code\": 124657619, \"created-date\": {\"value\": 1671006997914}, \"last-modified-date\": {\"value\": 1671006997914}, \"source\": {\"source-orcid\": null, \"source-client-id\": {\"uri\": \"https://orcid.org/client/APP-XBXGKINCJSVELASV\", \"path\": \"APP-XBXGKINCJSVELASV\", \"host\": \"orcid.org\"}, \"source-name\": {\"value\": \"GND Network\"}}, \"title\": {\"title\": {\"value\": \"Pfade durch die Theoretische Mechanik\"}, \"subtitle\": null, \"translated-title\": null}, \"external-ids\": {\"external-id\": [{\"external-id-type\": \"cgn\", \"external-id-value\": \"CBSOPAC:377808431\", \"external-id-url\": {\"value\": \"https://id.culturegraph.org/CBSOPAC:377808431\"}, \"external-id-relationship\": \"SELF\"}]}, \"type\": \"BOOK\", \"publication-date\": {\"year\": {\"value\": \"2016\"}, \"month\": null, \"day\": null, \"media-type\": null}, \"visibility\": \"PUBLIC\", \"path\": \"/0000-0001-9964-1112/work/124657619\", \"display-index\": \"0\"}, {\"put-code\": 60442777, \"created-date\": {\"value\": 1565594669507}, \"last-modified-date\": {\"value\": 1671007090096}, \"source\": {\"source-orcid\": {\"uri\": \"https://orcid.org/0000-0001-9964-1112\", \"path\": \"0000-0001-9964-1112\", \"host\": \"orcid.org\"}, \"source-client-id\": null, \"source-name\": {\"value\": \"Gerald Jagusch\"}}, \"title\": {\"title\": {\"value\": \"Pfade durch die Theoretische Mechanik 1\"}, \"subtitle\": null, \"translated-title\": null}, \"external-ids\": {\"external-id\": [{\"external-id-type\": \"doi\", \"external-id-value\": \"10.1007/978-3-662-48264-3\", \"external-id-url\": null, \"external-id-relationship\": \"SELF\"}, {\"external-id-type\": \"cgn\", \"external-id-value\": \"DNB:1102916579\", \"external-id-url\": {\"value\": \"https://id.culturegraph.org/DNB:1102916579\"}, \"external-id-relationship\": \"SELF\"}, {\"external-id-type\": \"isbn\", \"external-id-value\": \"978-3-662-48264-3\", \"external-id-url\": null, \"external-id-relationship\": \"SELF\"}, {\"external-id-type\": \"cgn\", \"external-id-value\": \"lobid:HT018763109\", \"external-id-url\": {\"value\": \"https://id.culturegraph.org/lobid:HT018763109\"}, \"external-id-relationship\": \"SELF\"}, {\"external-id-type\": \"dnb\", \"external-id-value\": \"1100719083\", \"external-id-url\": {\"value\": \"https://d-nb.info/1100719083\"}, \"external-id-relationship\": \"SELF\"}, {\"external-id-type\": \"dnb\", \"external-id-value\": \"1075883628\", \"external-id-url\": {\"value\": \"https://d-nb.info/1075883628\"}, \"external-id-relationship\": \"SELF\"}, {\"external-id-type\": \"isbn\", \"external-id-value\": \"978-3-662-48263-6\", \"external-id-url\": {\"value\": \"\"}, \"external-id-relationship\": \"SELF\"}, {\"external-id-type\": \"dnb\", \"external-id-value\": \"1102916579\", \"external-id-url\": {\"value\": \"https://d-nb.info/1102916579\"}, \"external-id-relationship\": \"SELF\"}, {\"external-id-type\": \"urn\", \"external-id-value\": \"urn:nbn:de:1111-20160606152\", \"external-id-url\": {\"value\": \"https://nbn-resolving.org/urn:nbn:de:1111-20160606152\"}, \"external-id-relationship\": \"SELF\"}, {\"external-id-type\": \"cgn\", \"external-id-value\": \"DNB:1100719083\", \"external-id-url\": {\"value\": \"https://id.culturegraph.org/DNB:1100719083\"}, \"external-id-relationship\": \"SELF\"}, {\"external-id-type\": \"cgn\", \"external-id-value\": \"K10Plus:843648058\", \"external-id-url\": {\"value\": \"https://id.culturegraph.org/K10Plus:843648058\"}, \"external-id-relationship\": \"SELF\"}, {\"external-id-type\": \"cgn\", \"external-id-value\": \"K10Plus:1522067523\", \"external-id-url\": {\"value\": \"https://id.culturegraph.org/K10Plus:1522067523\"}, \"external-id-relationship\": \"SELF\"}, {\"external-id-type\": \"cgn\", \"external-id-value\": \"K10Plus:83442388X\", \"external-id-url\": {\"value\": \"https://id.culturegraph.org/K10Plus:83442388X\"}, \"external-id-relationship\": \"SELF\"}, {\"external-id-type\": \"isbn\", \"external-id-value\": \"3-662-48263-0\", \"external-id-url\": null, \"external-id-relationship\": \"SELF\"}, {\"external-id-type\": \"cgn\", \"external-id-value\": \"CBSOPAC:367587483\", \"external-id-url\": {\"value\": \"https://id.culturegraph.org/CBSOPAC:367587483\"}, \"external-id-relationship\": \"SELF\"}, {\"external-id-type\": \"cgn\", \"external-id-value\": \"CBSOPAC:377808431\", \"external-id-url\": {\"value\": \"https://id.culturegraph.org/CBSOPAC:377808431\"}, \"external-id-relationship\": \"SELF\"}, {\"external-id-type\": \"cgn\", \"external-id-value\": \"KOBV:b3kat_BV043196887\", \"external-id-url\": {\"value\": \"https://id.culturegraph.org/KOBV:b3kat_BV043196887\"}, \"external-id-relationship\": \"SELF\"}]}, \"type\": \"BOOK\", \"publication-date\": {\"year\": {\"value\": \"2016\"}, \"month\": null, \"day\": null, \"media-type\": null}, \"visibility\": \"PUBLIC\", \"path\": \"/0000-0001-9964-1112/work/60442777\", \"display-index\": \"-1\"}]}, {\"last-modified-date\": {\"value\": 1671007090121}, \"external-ids\": {\"external-id\": [{\"external-id-type\": \"dnb\", \"external-id-value\": \"1112044329\", \"external-id-url\": {\"value\": \"https://d-nb.info/1112044329\"}, \"external-id-relationship\": \"SELF\"}, {\"external-id-type\": \"urn\", \"external-id-value\": \"urn:nbn:de:tuda-tuprints-50163\", \"external-id-url\": {\"value\": \"https://nbn-resolving.org/urn:nbn:de:tuda-tuprints-50163\"}, \"external-id-relationship\": \"SELF\"}, {\"external-id-type\": \"cgn\", \"external-id-value\": \"DNB:1112044329\", \"external-id-url\": {\"value\": \"https://id.culturegraph.org/DNB:1112044329\"}, \"external-id-relationship\": \"SELF\"}]}, \"work-summary\": [{\"put-code\": 25769337, \"created-date\": {\"value\": 1469889996863}, \"last-modified-date\": {\"value\": 1671007090121}, \"source\": {\"source-orcid\": {\"uri\": \"https://orcid.org/0000-0001-9964-1112\", \"path\": \"0000-0001-9964-1112\", \"host\": \"orcid.org\"}, \"source-client-id\": null, \"source-name\": {\"value\": \"Gerald Jagusch\"}}, \"title\": {\"title\": {\"value\": \"Bibliometrie: Das Leidener Manifest zu Forschungsmetriken\"}, \"subtitle\": null, \"translated-title\": null}, \"external-ids\": {\"external-id\": [{\"external-id-type\": \"dnb\", \"external-id-value\": \"1112044329\", \"external-id-url\": {\"value\": \"https://d-nb.info/1112044329\"}, \"external-id-relationship\": \"SELF\"}, {\"external-id-type\": \"urn\", \"external-id-value\": \"urn:nbn:de:tuda-tuprints-50163\", \"external-id-url\": {\"value\": \"https://nbn-resolving.org/urn:nbn:de:tuda-tuprints-50163\"}, \"external-id-relationship\": \"SELF\"}, {\"external-id-type\": \"cgn\", \"external-id-value\": \"DNB:1112044329\", \"external-id-url\": {\"value\": \"https://id.culturegraph.org/DNB:1112044329\"}, \"external-id-relationship\": \"SELF\"}]}, \"type\": \"TRANSLATION\", \"publication-date\": {\"year\": {\"value\": \"2015\"}, \"month\": null, \"day\": null, \"media-type\": null}, \"visibility\": \"PUBLIC\", \"path\": \"/0000-0001-9964-1112/work/25769337\", \"display-index\": \"1\"}, {\"put-code\": 60442722, \"created-date\": {\"value\": 1565594358948}, \"last-modified-date\": {\"value\": 1653779617005}, \"source\": {\"source-orcid\": null, \"source-client-id\": {\"uri\": \"https://orcid.org/client/APP-0JOXOPPRQ09Y9L3Q\", \"path\": \"APP-0JOXOPPRQ09Y9L3Q\", \"host\": \"orcid.org\"}, \"source-name\": {\"value\": \"Deutsche Nationalbibliothek (DNB)\"}}, \"title\": {\"title\": {\"value\": \"Bibliometrie: Das Leidener Manifest zu Forschungsmetriken\"}, \"subtitle\": null, \"translated-title\": null}, \"external-ids\": {\"external-id\": [{\"external-id-type\": \"dnb\", \"external-id-value\": \"1112044329\", \"external-id-url\": {\"value\": \"https://d-nb.info/1112044329\"}, \"external-id-relationship\": \"SELF\"}, {\"external-id-type\": \"urn\", \"external-id-value\": \"urn:nbn:de:tuda-tuprints-50163\", \"external-id-url\": {\"value\": \"https://nbn-resolving.org/urn:nbn:de:tuda-tuprints-50163\"}, \"external-id-relationship\": \"SELF\"}]}, \"type\": \"JOURNAL_ARTICLE\", \"publication-date\": {\"year\": {\"value\": \"2015\"}, \"month\": null, \"day\": null, \"media-type\": null}, \"visibility\": \"PUBLIC\", \"path\": \"/0000-0001-9964-1112/work/60442722\", \"display-index\": \"0\"}, {\"put-code\": 124657620, \"created-date\": {\"value\": 1671006997922}, \"last-modified-date\": {\"value\": 1671006997922}, \"source\": {\"source-orcid\": null, \"source-client-id\": {\"uri\": \"https://orcid.org/client/APP-XBXGKINCJSVELASV\", \"path\": \"APP-XBXGKINCJSVELASV\", \"host\": \"orcid.org\"}, \"source-name\": {\"value\": \"GND Network\"}}, \"title\": {\"title\": {\"value\": \"Bibliometrie: Das Leidener Manifest zu Forschungsmetriken\"}, \"subtitle\": null, \"translated-title\": null}, \"external-ids\": {\"external-id\": [{\"external-id-type\": \"cgn\", \"external-id-value\": \"DNB:1112044329\", \"external-id-url\": {\"value\": \"https://id.culturegraph.org/DNB:1112044329\"}, \"external-id-relationship\": \"SELF\"}]}, \"type\": \"BOOK\", \"publication-date\": {\"year\": {\"value\": \"2015\"}, \"month\": null, \"day\": null, \"media-type\": null}, \"visibility\": \"PUBLIC\", \"path\": \"/0000-0001-9964-1112/work/124657620\", \"display-index\": \"0\"}]}, {\"last-modified-date\": {\"value\": 1653502162468}, \"external-ids\": {\"external-id\": [{\"external-id-type\": \"source-work-id\", \"external-id-value\": \"BASE:3ba1e1f010a84aa93a8abd6ce87f383e0ca2baf08d006d1dadb9b99b99bdf83b\", \"external-id-url\": {\"value\": \"https://www.base-search.net/Record/3ba1e1f010a84aa93a8abd6ce87f383e0ca2baf08d006d1dadb9b99b99bdf83b\"}, \"external-id-relationship\": \"SELF\"}]}, \"work-summary\": [{\"put-code\": 75727195, \"created-date\": {\"value\": 1496757470845}, \"last-modified-date\": {\"value\": 1592315870847}, \"source\": {\"source-orcid\": {\"uri\": \"https://orcid.org/0000-0001-9964-1112\", \"path\": \"0000-0001-9964-1112\", \"host\": \"orcid.org\"}, \"source-client-id\": null, \"source-name\": {\"value\": \"Gerald Jagusch\"}}, \"title\": {\"title\": {\"value\": \"Ein institutionelles FDM-Angebot an Technischen Universit\\u00e4ten schaffen\"}, \"subtitle\": null, \"translated-title\": null}, \"external-ids\": {\"external-id\": [{\"external-id-type\": \"source-work-id\", \"external-id-value\": \"BASE:3ba1e1f010a84aa93a8abd6ce87f383e0ca2baf08d006d1dadb9b99b99bdf83b\", \"external-id-url\": {\"value\": \"https://www.base-search.net/Record/3ba1e1f010a84aa93a8abd6ce87f383e0ca2baf08d006d1dadb9b99b99bdf83b\"}, \"external-id-relationship\": \"SELF\"}]}, \"type\": \"CONFERENCE_PAPER\", \"publication-date\": {\"year\": {\"value\": \"2015\"}, \"month\": null, \"day\": null, \"media-type\": null}, \"visibility\": \"PUBLIC\", \"path\": \"/0000-0001-9964-1112/work/75727195\", \"display-index\": \"1\"}, {\"put-code\": 33599272, \"created-date\": {\"value\": 1496742111757}, \"last-modified-date\": {\"value\": 1653502162468}, \"source\": {\"source-orcid\": null, \"source-client-id\": {\"uri\": \"https://orcid.org/client/APP-HCGH49OO61VH1II3\", \"path\": \"APP-HCGH49OO61VH1II3\", \"host\": \"orcid.org\"}, \"source-name\": {\"value\": \"BASE - Bielefeld Academic Search Engine\"}}, \"title\": {\"title\": {\"value\": \"Ein institutionelles FDM-Angebot an Technischen Universit\\u00e4ten schaffen - Erfahrungen an der TU Darmstadt\"}, \"subtitle\": null, \"translated-title\": null}, \"external-ids\": {\"external-id\": [{\"external-id-type\": \"source-work-id\", \"external-id-value\": \"BASE:3ba1e1f010a84aa93a8abd6ce87f383e0ca2baf08d006d1dadb9b99b99bdf83b\", \"external-id-url\": {\"value\": \"https://www.base-search.net/Record/3ba1e1f010a84aa93a8abd6ce87f383e0ca2baf08d006d1dadb9b99b99bdf83b\"}, \"external-id-relationship\": \"SELF\"}]}, \"type\": \"CONFERENCE_PAPER\", \"publication-date\": {\"year\": {\"value\": \"2015\"}, \"month\": null, \"day\": null, \"media-type\": null}, \"visibility\": \"PUBLIC\", \"path\": \"/0000-0001-9964-1112/work/33599272\", \"display-index\": \"0\"}]}, {\"last-modified-date\": {\"value\": 1653502162500}, \"external-ids\": {\"external-id\": [{\"external-id-type\": \"source-work-id\", \"external-id-value\": \"BASE:265eaf8fc0c8eb0fdebab1b8b16105906751d35b5a84f16dafdaf1ef06bcfc5a\", \"external-id-url\": {\"value\": \"https://www.base-search.net/Record/265eaf8fc0c8eb0fdebab1b8b16105906751d35b5a84f16dafdaf1ef06bcfc5a\"}, \"external-id-relationship\": \"SELF\"}]}, \"work-summary\": [{\"put-code\": 33599279, \"created-date\": {\"value\": 1496742140068}, \"last-modified-date\": {\"value\": 1653502162500}, \"source\": {\"source-orcid\": null, \"source-client-id\": {\"uri\": \"https://orcid.org/client/APP-HCGH49OO61VH1II3\", \"path\": \"APP-HCGH49OO61VH1II3\", \"host\": \"orcid.org\"}, \"source-name\": {\"value\": \"BASE - Bielefeld Academic Search Engine\"}}, \"title\": {\"title\": {\"value\": \"Umgang mit Forschungsdaten - erste Schritte zur Bedarfserhebung und Leitlinienentwicklung\"}, \"subtitle\": null, \"translated-title\": null}, \"external-ids\": {\"external-id\": [{\"external-id-type\": \"source-work-id\", \"external-id-value\": \"BASE:265eaf8fc0c8eb0fdebab1b8b16105906751d35b5a84f16dafdaf1ef06bcfc5a\", \"external-id-url\": {\"value\": \"https://www.base-search.net/Record/265eaf8fc0c8eb0fdebab1b8b16105906751d35b5a84f16dafdaf1ef06bcfc5a\"}, \"external-id-relationship\": \"SELF\"}]}, \"type\": \"CONFERENCE_PAPER\", \"publication-date\": {\"year\": {\"value\": \"2015\"}, \"month\": null, \"day\": null, \"media-type\": null}, \"visibility\": \"PUBLIC\", \"path\": \"/0000-0001-9964-1112/work/33599279\", \"display-index\": \"0\"}]}, {\"last-modified-date\": {\"value\": 1653502167071}, \"external-ids\": {\"external-id\": [{\"external-id-type\": \"source-work-id\", \"external-id-value\": \"BASE:62960d9477e87107fc8ed9fc0d77ae3228ff881bd79acedc063c1b6718264b99\", \"external-id-url\": {\"value\": \"https://www.base-search.net/Record/62960d9477e87107fc8ed9fc0d77ae3228ff881bd79acedc063c1b6718264b99\"}, \"external-id-relationship\": \"SELF\"}]}, \"work-summary\": [{\"put-code\": 33599517, \"created-date\": {\"value\": 1496742324623}, \"last-modified-date\": {\"value\": 1653502167071}, \"source\": {\"source-orcid\": null, \"source-client-id\": {\"uri\": \"https://orcid.org/client/APP-HCGH49OO61VH1II3\", \"path\": \"APP-HCGH49OO61VH1II3\", \"host\": \"orcid.org\"}, \"source-name\": {\"value\": \"BASE - Bielefeld Academic Search Engine\"}}, \"title\": {\"title\": {\"value\": \"The Impact Factor of journals converting from subscription to open access\"}, \"subtitle\": null, \"translated-title\": null}, \"external-ids\": {\"external-id\": [{\"external-id-type\": \"source-work-id\", \"external-id-value\": \"BASE:62960d9477e87107fc8ed9fc0d77ae3228ff881bd79acedc063c1b6718264b99\", \"external-id-url\": {\"value\": \"https://www.base-search.net/Record/62960d9477e87107fc8ed9fc0d77ae3228ff881bd79acedc063c1b6718264b99\"}, \"external-id-relationship\": \"SELF\"}]}, \"type\": \"REPORT\", \"publication-date\": {\"year\": {\"value\": \"2014\"}, \"month\": null, \"day\": null, \"media-type\": null}, \"visibility\": \"PUBLIC\", \"path\": \"/0000-0001-9964-1112/work/33599517\", \"display-index\": \"0\"}]}, {\"last-modified-date\": {\"value\": 1671006997992}, \"external-ids\": {\"external-id\": [{\"external-id-type\": \"arxiv\", \"external-id-value\": \"http://arxiv.org/a/langhanke_g_1\", \"external-id-url\": null, \"external-id-relationship\": \"SELF\"}, {\"external-id-type\": \"eid\", \"external-id-value\": \"2-s2.0-84908045012\", \"external-id-url\": null, \"external-id-relationship\": \"SELF\"}, {\"external-id-type\": \"cgn\", \"external-id-value\": \"K10Plus:1526246198\", \"external-id-url\": {\"value\": \"https://id.culturegraph.org/K10Plus:1526246198\"}, \"external-id-relationship\": \"SELF\"}, {\"external-id-type\": \"doi\", \"external-id-value\": \"10.1103/PhysRevB.90.165107\", \"external-id-url\": null, \"external-id-relationship\": \"SELF\"}]}, \"work-summary\": [{\"put-code\": 9549983, \"created-date\": {\"value\": 1375642482903}, \"last-modified-date\": {\"value\": 1653331310442}, \"source\": {\"source-orcid\": {\"uri\": \"https://orcid.org/0000-0001-9964-1112\", \"path\": \"0000-0001-9964-1112\", \"host\": \"orcid.org\"}, \"source-client-id\": null, \"source-name\": {\"value\": \"Gerald Jagusch\"}}, \"title\": {\"title\": {\"value\": \"Full counting statistics of persistent current\"}, \"subtitle\": null, \"translated-title\": null}, \"external-ids\": {\"external-id\": [{\"external-id-type\": \"arxiv\", \"external-id-value\": \"http://arxiv.org/a/langhanke_g_1\", \"external-id-url\": null, \"external-id-relationship\": \"SELF\"}, {\"external-id-type\": \"doi\", \"external-id-value\": \"10.1103/PhysRevB.90.165107\", \"external-id-url\": null, \"external-id-relationship\": \"SELF\"}]}, \"type\": \"JOURNAL_ARTICLE\", \"publication-date\": {\"year\": {\"value\": \"2013\"}, \"month\": {\"value\": \"07\"}, \"day\": {\"value\": \"22\"}, \"media-type\": null}, \"visibility\": \"PUBLIC\", \"path\": \"/0000-0001-9964-1112/work/9549983\", \"display-index\": \"0\"}, {\"put-code\": 15601449, \"created-date\": {\"value\": 1425317810459}, \"last-modified-date\": {\"value\": 1448644820761}, \"source\": {\"source-orcid\": {\"uri\": \"https://orcid.org/0000-0001-9964-1112\", \"path\": \"0000-0001-9964-1112\", \"host\": \"orcid.org\"}, \"source-client-id\": null, \"source-name\": {\"value\": \"Gerald Jagusch\"}}, \"title\": {\"title\": {\"value\": \"Full counting statistics of persistent current\"}, \"subtitle\": null, \"translated-title\": null}, \"external-ids\": {\"external-id\": [{\"external-id-type\": \"doi\", \"external-id-value\": \"10.1103/PhysRevB.90.165107\", \"external-id-url\": null, \"external-id-relationship\": \"SELF\"}]}, \"type\": \"JOURNAL_ARTICLE\", \"publication-date\": {\"year\": {\"value\": \"2014\"}, \"month\": {\"value\": \"10\"}, \"day\": {\"value\": \"07\"}, \"media-type\": null}, \"visibility\": \"PUBLIC\", \"path\": \"/0000-0001-9964-1112/work/15601449\", \"display-index\": \"0\"}, {\"put-code\": 20567363, \"created-date\": {\"value\": 1448644820759}, \"last-modified-date\": {\"value\": 1653417596885}, \"source\": {\"source-orcid\": null, \"source-client-id\": {\"uri\": \"https://orcid.org/client/0000-0002-5982-8983\", \"path\": \"0000-0002-5982-8983\", \"host\": \"orcid.org\"}, \"source-name\": {\"value\": \"Scopus - Elsevier\"}}, \"title\": {\"title\": {\"value\": \"Full counting statistics of persistent current\"}, \"subtitle\": null, \"translated-title\": null}, \"external-ids\": {\"external-id\": [{\"external-id-type\": \"doi\", \"external-id-value\": \"10.1103/PhysRevB.90.165107\", \"external-id-url\": null, \"external-id-relationship\": \"SELF\"}, {\"external-id-type\": \"eid\", \"external-id-value\": \"2-s2.0-84908045012\", \"external-id-url\": null, \"external-id-relationship\": \"SELF\"}]}, \"type\": \"JOURNAL_ARTICLE\", \"publication-date\": {\"year\": {\"value\": \"2014\"}, \"month\": null, \"day\": null, \"media-type\": null}, \"visibility\": \"PUBLIC\", \"path\": \"/0000-0001-9964-1112/work/20567363\", \"display-index\": \"0\"}, {\"put-code\": 124657621, \"created-date\": {\"value\": 1671006997992}, \"last-modified-date\": {\"value\": 1671006997992}, \"source\": {\"source-orcid\": null, \"source-client-id\": {\"uri\": \"https://orcid.org/client/APP-XBXGKINCJSVELASV\", \"path\": \"APP-XBXGKINCJSVELASV\", \"host\": \"orcid.org\"}, \"source-name\": {\"value\": \"GND Network\"}}, \"title\": {\"title\": {\"value\": \"Full counting statistics of persistent current\"}, \"subtitle\": null, \"translated-title\": null}, \"external-ids\": {\"external-id\": [{\"external-id-type\": \"cgn\", \"external-id-value\": \"K10Plus:1526246198\", \"external-id-url\": {\"value\": \"https://id.culturegraph.org/K10Plus:1526246198\"}, \"external-id-relationship\": \"SELF\"}, {\"external-id-type\": \"doi\", \"external-id-value\": \"10.1103/PhysRevB.90.165107\", \"external-id-url\": {\"value\": \"http://dx.doi.org/10.1103/PhysRevB.90.165107\"}, \"external-id-relationship\": \"SELF\"}]}, \"type\": \"BOOK\", \"publication-date\": {\"year\": {\"value\": \"2014\"}, \"month\": null, \"day\": null, \"media-type\": null}, \"visibility\": \"PUBLIC\", \"path\": \"/0000-0001-9964-1112/work/124657621\", \"display-index\": \"0\"}]}], \"path\": \"/0000-0001-9964-1112/works\"}, \"path\": \"/0000-0001-9964-1112/activities\"}, \"path\": \"/0000-0001-9964-1112\"}',10),(10,'orcid','0000-0003-3836-2800','2023-06-21 08:13:48.454752','2023-06-21 08:13:48.454845','{\"orcid-identifier\": {\"uri\": \"https://orcid.org/0000-0003-3836-2800\", \"path\": \"0000-0003-3836-2800\", \"host\": \"orcid.org\"}, \"preferences\": {\"locale\": \"EN\"}, \"history\": {\"creation-method\": \"DIRECT\", \"completion-date\": null, \"submission-date\": {\"value\": 1618307001825}, \"last-modified-date\": {\"value\": 1687335227811}, \"claimed\": true, \"source\": null, \"deactivation-date\": null, \"verified-email\": true, \"verified-primary-email\": true}, \"person\": {\"last-modified-date\": {\"value\": 1669110529760}, \"name\": {\"created-date\": {\"value\": 1618307002065}, \"last-modified-date\": {\"value\": 1669196150400}, \"given-names\": {\"value\": \"David\"}, \"family-name\": {\"value\": \"Hecker\"}, \"credit-name\": {\"value\": \"Dr. David Hecker\"}, \"source\": null, \"visibility\": \"PUBLIC\", \"path\": \"0000-0003-3836-2800\"}, \"other-names\": {\"last-modified-date\": null, \"other-name\": [], \"path\": \"/0000-0003-3836-2800/other-names\"}, \"biography\": null, \"researcher-urls\": {\"last-modified-date\": null, \"researcher-url\": [], \"path\": \"/0000-0003-3836-2800/researcher-urls\"}, \"emails\": {\"last-modified-date\": null, \"email\": [], \"path\": \"/0000-0003-3836-2800/email\"}, \"addresses\": {\"last-modified-date\": {\"value\": 1618307265418}, \"address\": [{\"created-date\": {\"value\": 1618307265418}, \"last-modified-date\": {\"value\": 1618307265418}, \"source\": {\"source-orcid\": {\"uri\": \"https://orcid.org/0000-0003-3836-2800\", \"path\": \"0000-0003-3836-2800\", \"host\": \"orcid.org\"}, \"source-client-id\": null, \"source-name\": {\"value\": \"Dr. David Hecker\"}}, \"country\": {\"value\": \"DE\"}, \"visibility\": \"PUBLIC\", \"path\": \"/0000-0003-3836-2800/address/2049960\", \"put-code\": 2049960, \"display-index\": 1}], \"path\": \"/0000-0003-3836-2800/address\"}, \"keywords\": {\"last-modified-date\": {\"value\": 1669110529760}, \"keyword\": [{\"created-date\": {\"value\": 1648199407996}, \"last-modified-date\": {\"value\": 1669110529760}, \"source\": {\"source-orcid\": {\"uri\": \"https://orcid.org/0000-0003-3836-2800\", \"path\": \"0000-0003-3836-2800\", \"host\": \"orcid.org\"}, \"source-client-id\": null, \"source-name\": {\"value\": \"Dr. David Hecker\"}}, \"content\": \"research data management\", \"visibility\": \"PUBLIC\", \"path\": \"/0000-0003-3836-2800/keywords/2377811\", \"put-code\": 2377811, \"display-index\": 6}, {\"created-date\": {\"value\": 1618309812482}, \"last-modified-date\": {\"value\": 1669110529760}, \"source\": {\"source-orcid\": {\"uri\": \"https://orcid.org/0000-0003-3836-2800\", \"path\": \"0000-0003-3836-2800\", \"host\": \"orcid.org\"}, \"source-client-id\": null, \"source-name\": {\"value\": \"Dr. David Hecker\"}}, \"content\": \"data science\", \"visibility\": \"PUBLIC\", \"path\": \"/0000-0003-3836-2800/keywords/1916293\", \"put-code\": 1916293, \"display-index\": 5}, {\"created-date\": {\"value\": 1618309812484}, \"last-modified-date\": {\"value\": 1669110529760}, \"source\": {\"source-orcid\": {\"uri\": \"https://orcid.org/0000-0003-3836-2800\", \"path\": \"0000-0003-3836-2800\", \"host\": \"orcid.org\"}, \"source-client-id\": null, \"source-name\": {\"value\": \"Dr. David Hecker\"}}, \"content\": \"artificial intelligence\", \"visibility\": \"PUBLIC\", \"path\": \"/0000-0003-3836-2800/keywords/1916295\", \"put-code\": 1916295, \"display-index\": 4}, {\"created-date\": {\"value\": 1618309812479}, \"last-modified-date\": {\"value\": 1669110529760}, \"source\": {\"source-orcid\": {\"uri\": \"https://orcid.org/0000-0003-3836-2800\", \"path\": \"0000-0003-3836-2800\", \"host\": \"orcid.org\"}, \"source-client-id\": null, \"source-name\": {\"value\": \"Dr. David Hecker\"}}, \"content\": \"computational biology\", \"visibility\": \"PUBLIC\", \"path\": \"/0000-0003-3836-2800/keywords/1916291\", \"put-code\": 1916291, \"display-index\": 3}, {\"created-date\": {\"value\": 1618309812481}, \"last-modified-date\": {\"value\": 1669110529760}, \"source\": {\"source-orcid\": {\"uri\": \"https://orcid.org/0000-0003-3836-2800\", \"path\": \"0000-0003-3836-2800\", \"host\": \"orcid.org\"}, \"source-client-id\": null, \"source-name\": {\"value\": \"Dr. David Hecker\"}}, \"content\": \"bioinformatics\", \"visibility\": \"PUBLIC\", \"path\": \"/0000-0003-3836-2800/keywords/1916292\", \"put-code\": 1916292, \"display-index\": 2}, {\"created-date\": {\"value\": 1669110529747}, \"last-modified-date\": {\"value\": 1669110529747}, \"source\": {\"source-orcid\": {\"uri\": \"https://orcid.org/0000-0003-3836-2800\", \"path\": \"0000-0003-3836-2800\", \"host\": \"orcid.org\"}, \"source-client-id\": null, \"source-name\": {\"value\": \"Dr. David Hecker\"}}, \"content\": \"data management\", \"visibility\": \"PUBLIC\", \"path\": \"/0000-0003-3836-2800/keywords/2842437\", \"put-code\": 2842437, \"display-index\": 1}], \"path\": \"/0000-0003-3836-2800/keywords\"}, \"external-identifiers\": {\"last-modified-date\": {\"value\": 1648199198095}, \"external-identifier\": [{\"created-date\": {\"value\": 1648199198095}, \"last-modified-date\": {\"value\": 1648199198095}, \"source\": {\"source-orcid\": null, \"source-client-id\": {\"uri\": \"https://orcid.org/client/APP-0JOXOPPRQ09Y9L3Q\", \"path\": \"APP-0JOXOPPRQ09Y9L3Q\", \"host\": \"orcid.org\"}, \"source-name\": {\"value\": \"Deutsche Nationalbibliothek (DNB)\"}}, \"external-id-type\": \"GND\", \"external-id-value\": \"1105068714\", \"external-id-url\": {\"value\": \"https://d-nb.info/gnd/1105068714\"}, \"external-id-relationship\": \"SELF\", \"visibility\": \"PUBLIC\", \"path\": \"/0000-0003-3836-2800/external-identifiers/2409973\", \"put-code\": 2409973, \"display-index\": 0}], \"path\": \"/0000-0003-3836-2800/external-identifiers\"}, \"path\": \"/0000-0003-3836-2800/person\"}, \"activities-summary\": {\"last-modified-date\": {\"value\": 1679993486467}, \"educations\": {\"last-modified-date\": {\"value\": 1618307895658}, \"education-summary\": [{\"created-date\": {\"value\": 1618307895658}, \"last-modified-date\": {\"value\": 1618307895658}, \"source\": {\"source-orcid\": {\"uri\": \"https://orcid.org/0000-0003-3836-2800\", \"path\": \"0000-0003-3836-2800\", \"host\": \"orcid.org\"}, \"source-client-id\": null, \"source-name\": {\"value\": \"Dr. David Hecker\"}}, \"department-name\": \"Theoretical Biology\", \"role-title\": \"PhD\", \"start-date\": null, \"end-date\": {\"year\": {\"value\": \"2010\"}, \"month\": {\"value\": \"11\"}, \"day\": {\"value\": \"30\"}}, \"organization\": {\"name\": \"Rheinische Friedrich-Wilhelms-Universit\\u00e4t Bonn\", \"address\": {\"city\": \"Bonn\", \"region\": \"Nordrhein-Westfalen\", \"country\": \"DE\"}, \"disambiguated-organization\": {\"disambiguated-organization-identifier\": \"9374\", \"disambiguation-source\": \"RINGGOLD\"}}, \"visibility\": \"PUBLIC\", \"put-code\": 14531119, \"path\": \"/0000-0003-3836-2800/education/14531119\"}], \"path\": \"/0000-0003-3836-2800/educations\"}, \"employments\": {\"last-modified-date\": {\"value\": 1669196109662}, \"employment-summary\": [{\"created-date\": {\"value\": 1618307409617}, \"last-modified-date\": {\"value\": 1646396069376}, \"source\": {\"source-orcid\": {\"uri\": \"https://orcid.org/0000-0003-3836-2800\", \"path\": \"0000-0003-3836-2800\", \"host\": \"orcid.org\"}, \"source-client-id\": null, \"source-name\": {\"value\": \"Dr. David Hecker\"}}, \"department-name\": \"Research Data Management\", \"role-title\": \"Data Engineer\", \"start-date\": {\"year\": {\"value\": \"2021\"}, \"month\": {\"value\": \"04\"}, \"day\": {\"value\": \"01\"}}, \"end-date\": null, \"organization\": {\"name\": \"Deutsches Zentrum f\\u00fcr Luft- und Raumfahrt eV\", \"address\": {\"city\": \"K\\u00f6ln\", \"region\": \"Nordrhein-Westfalen\", \"country\": \"DE\"}, \"disambiguated-organization\": {\"disambiguated-organization-identifier\": \"14930\", \"disambiguation-source\": \"RINGGOLD\"}}, \"visibility\": \"PUBLIC\", \"put-code\": 14531053, \"path\": \"/0000-0003-3836-2800/employment/14531053\"}, {\"created-date\": {\"value\": 1669196109662}, \"last-modified-date\": {\"value\": 1669196109662}, \"source\": {\"source-orcid\": {\"uri\": \"https://orcid.org/0000-0003-3836-2800\", \"path\": \"0000-0003-3836-2800\", \"host\": \"orcid.org\"}, \"source-client-id\": null, \"source-name\": {\"value\": \"Dr. David Hecker\"}}, \"department-name\": null, \"role-title\": \"Bioinformatician\", \"start-date\": {\"year\": {\"value\": \"2020\"}, \"month\": {\"value\": \"11\"}, \"day\": {\"value\": \"01\"}}, \"end-date\": {\"year\": {\"value\": \"2021\"}, \"month\": {\"value\": \"03\"}, \"day\": {\"value\": \"31\"}}, \"organization\": {\"name\": \"Ark Biodiversity GmbH\", \"address\": {\"city\": \"Rheinbach\", \"region\": \"\", \"country\": \"DE\"}, \"disambiguated-organization\": null}, \"visibility\": \"PUBLIC\", \"put-code\": 19005233, \"path\": \"/0000-0003-3836-2800/employment/19005233\"}, {\"created-date\": {\"value\": 1669195984569}, \"last-modified-date\": {\"value\": 1669195984569}, \"source\": {\"source-orcid\": {\"uri\": \"https://orcid.org/0000-0003-3836-2800\", \"path\": \"0000-0003-3836-2800\", \"host\": \"orcid.org\"}, \"source-client-id\": null, \"source-name\": {\"value\": \"Dr. David Hecker\"}}, \"department-name\": \"Research&Development\", \"role-title\": \"Data Scientist\", \"start-date\": {\"year\": {\"value\": \"2019\"}, \"month\": {\"value\": \"03\"}, \"day\": {\"value\": \"01\"}}, \"end-date\": {\"year\": {\"value\": \"2020\"}, \"month\": {\"value\": \"10\"}, \"day\": {\"value\": \"31\"}}, \"organization\": {\"name\": \"Control Expert GmbH\", \"address\": {\"city\": \"Langenfeld\", \"region\": \"\", \"country\": \"DE\"}, \"disambiguated-organization\": null}, \"visibility\": \"PUBLIC\", \"put-code\": 19005218, \"path\": \"/0000-0003-3836-2800/employment/19005218\"}, {\"created-date\": {\"value\": 1618307782091}, \"last-modified-date\": {\"value\": 1618309515886}, \"source\": {\"source-orcid\": {\"uri\": \"https://orcid.org/0000-0003-3836-2800\", \"path\": \"0000-0003-3836-2800\", \"host\": \"orcid.org\"}, \"source-client-id\": null, \"source-name\": {\"value\": \"Dr. David Hecker\"}}, \"department-name\": \"Systems Pharmacology, Image and Data Analysis\", \"role-title\": \"Post-doc\", \"start-date\": {\"year\": {\"value\": \"2011\"}, \"month\": {\"value\": \"02\"}, \"day\": {\"value\": \"01\"}}, \"end-date\": {\"year\": {\"value\": \"2019\"}, \"month\": {\"value\": \"02\"}, \"day\": {\"value\": \"28\"}}, \"organization\": {\"name\": \"Deutsches Zentrum f\\u00fcr Neurodegenerative Erkrankungen eV\", \"address\": {\"city\": \"Bonn\", \"region\": \"Nordrhein-Westfalen\", \"country\": \"DE\"}, \"disambiguated-organization\": {\"disambiguated-organization-identifier\": \"172279\", \"disambiguation-source\": \"RINGGOLD\"}}, \"visibility\": \"PUBLIC\", \"put-code\": 14531100, \"path\": \"/0000-0003-3836-2800/employment/14531100\"}], \"path\": \"/0000-0003-3836-2800/employments\"}, \"fundings\": {\"last-modified-date\": null, \"group\": [], \"path\": \"/0000-0003-3836-2800/fundings\"}, \"peer-reviews\": {\"last-modified-date\": null, \"group\": [], \"path\": \"/0000-0003-3836-2800/peer-reviews\"}, \"works\": {\"last-modified-date\": {\"value\": 1679993486467}, \"group\": [{\"last-modified-date\": {\"value\": 1672478088702}, \"external-ids\": {\"external-id\": [{\"external-id-type\": \"doi\", \"external-id-value\": \"10.12688/openreseurope.15364.1\", \"external-id-url\": {\"value\": \"https://doi.org/10.12688/openreseurope.15364.1\"}, \"external-id-relationship\": \"SELF\"}]}, \"work-summary\": [{\"put-code\": 125599546, \"created-date\": {\"value\": 1672478088702}, \"last-modified-date\": {\"value\": 1672478088702}, \"source\": {\"source-orcid\": null, \"source-client-id\": {\"uri\": \"https://orcid.org/client/0000-0001-9884-1913\", \"path\": \"0000-0001-9884-1913\", \"host\": \"orcid.org\"}, \"source-name\": {\"value\": \"Crossref\"}}, \"title\": {\"title\": {\"value\": \"Community-driven governance of FAIRness assessment: an open issue, an open discussion\"}, \"subtitle\": null, \"translated-title\": null}, \"external-ids\": {\"external-id\": [{\"external-id-type\": \"doi\", \"external-id-value\": \"10.12688/openreseurope.15364.1\", \"external-id-url\": {\"value\": \"https://doi.org/10.12688/openreseurope.15364.1\"}, \"external-id-relationship\": \"SELF\"}]}, \"type\": \"JOURNAL_ARTICLE\", \"publication-date\": {\"year\": {\"value\": \"2022\"}, \"month\": {\"value\": \"12\"}, \"day\": {\"value\": \"23\"}, \"media-type\": null}, \"visibility\": \"PUBLIC\", \"path\": \"/0000-0003-3836-2800/work/125599546\", \"display-index\": \"0\"}]}, {\"last-modified-date\": {\"value\": 1679993486467}, \"external-ids\": {\"external-id\": [{\"external-id-type\": \"doi\", \"external-id-value\": \"10.5281/ZENODO.7463421\", \"external-id-url\": {\"value\": \"https://doi.org/10.5281/zenodo.7463421\"}, \"external-id-relationship\": \"SELF\"}]}, \"work-summary\": [{\"put-code\": 131730280, \"created-date\": {\"value\": 1679993486467}, \"last-modified-date\": {\"value\": 1679993486467}, \"source\": {\"source-orcid\": {\"uri\": \"https://orcid.org/0000-0003-3836-2800\", \"path\": \"0000-0003-3836-2800\", \"host\": \"orcid.org\"}, \"source-client-id\": null, \"source-name\": {\"value\": \"Dr. David Hecker\"}}, \"title\": {\"title\": {\"value\": \"FAIR Assessment Tools: Towards an \\\"Apples to Apples\\\" Comparisons\"}, \"subtitle\": null, \"translated-title\": null}, \"external-ids\": {\"external-id\": [{\"external-id-type\": \"doi\", \"external-id-value\": \"10.5281/ZENODO.7463421\", \"external-id-url\": {\"value\": \"https://doi.org/10.5281/zenodo.7463421\"}, \"external-id-relationship\": \"SELF\"}]}, \"type\": \"JOURNAL_ARTICLE\", \"publication-date\": {\"year\": {\"value\": \"2022\"}, \"month\": {\"value\": \"12\"}, \"day\": {\"value\": \"20\"}, \"media-type\": null}, \"visibility\": \"PUBLIC\", \"path\": \"/0000-0003-3836-2800/work/131730280\", \"display-index\": \"1\"}]}, {\"last-modified-date\": {\"value\": 1646396278666}, \"external-ids\": {\"external-id\": [{\"external-id-type\": \"doi\", \"external-id-value\": \"10.5281/ZENODO.6326065\", \"external-id-url\": {\"value\": \"https://doi.org/10.5281/zenodo.6326065\"}, \"external-id-relationship\": \"SELF\"}]}, \"work-summary\": [{\"put-code\": 109226711, \"created-date\": {\"value\": 1646396278666}, \"last-modified-date\": {\"value\": 1646396278666}, \"source\": {\"source-orcid\": {\"uri\": \"https://orcid.org/0000-0003-3836-2800\", \"path\": \"0000-0003-3836-2800\", \"host\": \"orcid.org\"}, \"source-client-id\": null, \"source-name\": {\"value\": \"Dr. David Hecker\"}}, \"title\": {\"title\": {\"value\": \"Pers\\u00f6nliches Datenmanagement\"}, \"subtitle\": null, \"translated-title\": null}, \"external-ids\": {\"external-id\": [{\"external-id-type\": \"doi\", \"external-id-value\": \"10.5281/ZENODO.6326065\", \"external-id-url\": {\"value\": \"https://doi.org/10.5281/zenodo.6326065\"}, \"external-id-relationship\": \"SELF\"}]}, \"type\": \"JOURNAL_ARTICLE\", \"publication-date\": {\"year\": {\"value\": \"2022\"}, \"month\": {\"value\": \"03\"}, \"day\": {\"value\": \"03\"}, \"media-type\": null}, \"visibility\": \"PUBLIC\", \"path\": \"/0000-0003-3836-2800/work/109226711\", \"display-index\": \"1\"}]}, {\"last-modified-date\": {\"value\": 1648199315122}, \"external-ids\": {\"external-id\": [{\"external-id-type\": \"doi\", \"external-id-value\": \"10.1007/978-1-4939-2627-5_21\", \"external-id-url\": {\"value\": \"https://doi.org/10.1007/978-1-4939-2627-5_21\"}, \"external-id-relationship\": \"SELF\"}]}, \"work-summary\": [{\"put-code\": 110359048, \"created-date\": {\"value\": 1648199315122}, \"last-modified-date\": {\"value\": 1648199315122}, \"source\": {\"source-orcid\": {\"uri\": \"https://orcid.org/0000-0003-3836-2800\", \"path\": \"0000-0003-3836-2800\", \"host\": \"orcid.org\"}, \"source-client-id\": null, \"source-name\": {\"value\": \"Dr. David Hecker\"}}, \"title\": {\"title\": {\"value\": \"Systems Biology Approaches to the Study of Biological Networks Underlying Alzheimer\\u2019s Disease: Role of miRNAs\"}, \"subtitle\": null, \"translated-title\": null}, \"external-ids\": {\"external-id\": [{\"external-id-type\": \"doi\", \"external-id-value\": \"10.1007/978-1-4939-2627-5_21\", \"external-id-url\": {\"value\": \"https://doi.org/10.1007/978-1-4939-2627-5_21\"}, \"external-id-relationship\": \"SELF\"}, {\"external-id-type\": \"isbn\", \"external-id-value\": \"9781493926268\", \"external-id-url\": {\"value\": \"https://www.worldcat.org/isbn/9781493926268\"}, \"external-id-relationship\": \"PART_OF\"}, {\"external-id-type\": \"isbn\", \"external-id-value\": \"9781493926275\", \"external-id-url\": {\"value\": \"https://www.worldcat.org/isbn/9781493926275\"}, \"external-id-relationship\": \"PART_OF\"}, {\"external-id-type\": \"issn\", \"external-id-value\": \"1064-3745\", \"external-id-url\": {\"value\": \"https://portal.issn.org/resource/ISSN/1064-3745\"}, \"external-id-relationship\": \"PART_OF\"}, {\"external-id-type\": \"issn\", \"external-id-value\": \"1940-6029\", \"external-id-url\": {\"value\": \"https://portal.issn.org/resource/ISSN/1940-6029\"}, \"external-id-relationship\": \"PART_OF\"}]}, \"type\": \"BOOK_CHAPTER\", \"publication-date\": {\"year\": {\"value\": \"2016\"}, \"month\": null, \"day\": null, \"media-type\": null}, \"visibility\": \"PUBLIC\", \"path\": \"/0000-0003-3836-2800/work/110359048\", \"display-index\": \"1\"}]}, {\"last-modified-date\": {\"value\": 1654211837358}, \"external-ids\": {\"external-id\": [{\"external-id-type\": \"urn\", \"external-id-value\": \"urn:nbn:de:hbz:5N-23705\", \"external-id-url\": {\"value\": \"https://nbn-resolving.org/urn:nbn:de:hbz:5N-23705\"}, \"external-id-relationship\": \"SELF\"}, {\"external-id-type\": \"dnb\", \"external-id-value\": \"1016155654\", \"external-id-url\": {\"value\": \"https://d-nb.info/1016155654\"}, \"external-id-relationship\": \"SELF\"}]}, \"work-summary\": [{\"put-code\": 110359017, \"created-date\": {\"value\": 1648199197185}, \"last-modified-date\": {\"value\": 1654211837358}, \"source\": {\"source-orcid\": null, \"source-client-id\": {\"uri\": \"https://orcid.org/client/APP-0JOXOPPRQ09Y9L3Q\", \"path\": \"APP-0JOXOPPRQ09Y9L3Q\", \"host\": \"orcid.org\"}, \"source-name\": {\"value\": \"Deutsche Nationalbibliothek (DNB)\"}}, \"title\": {\"title\": {\"value\": \"Migration of interneuronal precursor cells in the developing cerebellum of mice\"}, \"subtitle\": null, \"translated-title\": null}, \"external-ids\": {\"external-id\": [{\"external-id-type\": \"dnb\", \"external-id-value\": \"1016155654\", \"external-id-url\": {\"value\": \"https://d-nb.info/1016155654\"}, \"external-id-relationship\": \"SELF\"}, {\"external-id-type\": \"urn\", \"external-id-value\": \"urn:nbn:de:hbz:5N-23705\", \"external-id-url\": {\"value\": \"https://nbn-resolving.org/urn:nbn:de:hbz:5N-23705\"}, \"external-id-relationship\": \"SELF\"}]}, \"type\": \"DISSERTATION\", \"publication-date\": {\"year\": {\"value\": \"2010\"}, \"month\": null, \"day\": null, \"media-type\": null}, \"visibility\": \"PUBLIC\", \"path\": \"/0000-0003-3836-2800/work/110359017\", \"display-index\": \"0\"}]}, {\"last-modified-date\": {\"value\": 1622014510254}, \"external-ids\": {\"external-id\": [{\"external-id-type\": \"doi\", \"external-id-value\": \"10.1016/j.jneumeth.2008.04.010\", \"external-id-url\": {\"value\": \"https://doi.org/10.1016/j.jneumeth.2008.04.010\"}, \"external-id-relationship\": \"SELF\"}]}, \"work-summary\": [{\"put-code\": 94450426, \"created-date\": {\"value\": 1622014510254}, \"last-modified-date\": {\"value\": 1622014510254}, \"source\": {\"source-orcid\": {\"uri\": \"https://orcid.org/0000-0003-3836-2800\", \"path\": \"0000-0003-3836-2800\", \"host\": \"orcid.org\"}, \"source-client-id\": null, \"source-name\": {\"value\": \"Dr. David Hecker\"}}, \"title\": {\"title\": {\"value\": \"Image analysis of time-lapse movies\\u2014A precision control guided approach to correct motion artefacts\"}, \"subtitle\": null, \"translated-title\": null}, \"external-ids\": {\"external-id\": [{\"external-id-type\": \"doi\", \"external-id-value\": \"10.1016/j.jneumeth.2008.04.010\", \"external-id-url\": {\"value\": \"https://doi.org/10.1016/j.jneumeth.2008.04.010\"}, \"external-id-relationship\": \"SELF\"}, {\"external-id-type\": \"issn\", \"external-id-value\": \"0165-0270\", \"external-id-url\": {\"value\": \"https://portal.issn.org/resource/ISSN/0165-0270\"}, \"external-id-relationship\": \"PART_OF\"}]}, \"type\": \"JOURNAL_ARTICLE\", \"publication-date\": {\"year\": {\"value\": \"2008\"}, \"month\": {\"value\": \"07\"}, \"day\": null, \"media-type\": null}, \"visibility\": \"PUBLIC\", \"path\": \"/0000-0003-3836-2800/work/94450426\", \"display-index\": \"1\"}]}, {\"last-modified-date\": {\"value\": 1622015012139}, \"external-ids\": {\"external-id\": []}, \"work-summary\": [{\"put-code\": 94450682, \"created-date\": {\"value\": 1622015012139}, \"last-modified-date\": {\"value\": 1622015012139}, \"source\": {\"source-orcid\": {\"uri\": \"https://orcid.org/0000-0003-3836-2800\", \"path\": \"0000-0003-3836-2800\", \"host\": \"orcid.org\"}, \"source-client-id\": null, \"source-name\": {\"value\": \"Dr. David Hecker\"}}, \"title\": {\"title\": {\"value\": \"IDSN - Integrative Datensemantik f\\u00fcr die Neurodegenerative Forschung\"}, \"subtitle\": null, \"translated-title\": {\"value\": \"Integrative data semantics for neurodegenerative research\", \"language-code\": \"en\"}}, \"external-ids\": {\"external-id\": []}, \"type\": \"RESEARCH_TECHNIQUE\", \"publication-date\": null, \"visibility\": \"PUBLIC\", \"path\": \"/0000-0003-3836-2800/work/94450682\", \"display-index\": \"1\"}]}], \"path\": \"/0000-0003-3836-2800/works\"}, \"path\": \"/0000-0003-3836-2800/activities\"}, \"path\": \"/0000-0003-3836-2800\"}',11),(11,'orcid','0009-0009-9631-8307','2023-08-11 14:01:24.911779','2023-07-15 10:46:04.936325','{\"orcid-identifier\": {\"uri\": \"https://orcid.org/0009-0009-9631-8307\", \"path\": \"0009-0009-9631-8307\", \"host\": \"orcid.org\"}, \"preferences\": {\"locale\": \"EN\"}, \"history\": {\"creation-method\": \"MEMBER_REFERRED\", \"completion-date\": null, \"submission-date\": {\"value\": 1689417891496}, \"last-modified-date\": {\"value\": 1691762444990}, \"claimed\": true, \"source\": null, \"deactivation-date\": null, \"verified-email\": true, \"verified-primary-email\": true}, \"person\": {\"last-modified-date\": null, \"name\": {\"created-date\": {\"value\": 1689417891766}, \"last-modified-date\": {\"value\": 1689417891766}, \"given-names\": {\"value\": \"Grigory\"}, \"family-name\": null, \"credit-name\": null, \"source\": null, \"visibility\": \"PUBLIC\", \"path\": \"0009-0009-9631-8307\"}, \"other-names\": {\"last-modified-date\": null, \"other-name\": [], \"path\": \"/0009-0009-9631-8307/other-names\"}, \"biography\": null, \"researcher-urls\": {\"last-modified-date\": null, \"researcher-url\": [], \"path\": \"/0009-0009-9631-8307/researcher-urls\"}, \"emails\": {\"last-modified-date\": null, \"email\": [], \"path\": \"/0009-0009-9631-8307/email\"}, \"addresses\": {\"last-modified-date\": null, \"address\": [], \"path\": \"/0009-0009-9631-8307/address\"}, \"keywords\": {\"last-modified-date\": null, \"keyword\": [], \"path\": \"/0009-0009-9631-8307/keywords\"}, \"external-identifiers\": {\"last-modified-date\": null, \"external-identifier\": [], \"path\": \"/0009-0009-9631-8307/external-identifiers\"}, \"path\": \"/0009-0009-9631-8307/person\"}, \"activities-summary\": {\"last-modified-date\": null, \"educations\": {\"last-modified-date\": null, \"education-summary\": [], \"path\": \"/0009-0009-9631-8307/educations\"}, \"employments\": {\"last-modified-date\": null, \"employment-summary\": [], \"path\": \"/0009-0009-9631-8307/employments\"}, \"fundings\": {\"last-modified-date\": null, \"group\": [], \"path\": \"/0009-0009-9631-8307/fundings\"}, \"peer-reviews\": {\"last-modified-date\": null, \"group\": [], \"path\": \"/0009-0009-9631-8307/peer-reviews\"}, \"works\": {\"last-modified-date\": null, \"group\": [], \"path\": \"/0009-0009-9631-8307/works\"}, \"path\": \"/0009-0009-9631-8307/activities\"}, \"path\": \"/0009-0009-9631-8307\"}',12),(12,'orcid','0009-0000-0148-1668','2023-07-25 13:13:48.467505','2023-07-25 10:12:30.575758','{\"orcid-identifier\": {\"uri\": \"https://orcid.org/0009-0000-0148-1668\", \"path\": \"0009-0000-0148-1668\", \"host\": \"orcid.org\"}, \"preferences\": {\"locale\": \"EN\"}, \"history\": {\"creation-method\": \"MEMBER_REFERRED\", \"completion-date\": null, \"submission-date\": {\"value\": 1690279881896}, \"last-modified-date\": {\"value\": 1690290828046}, \"claimed\": true, \"source\": null, \"deactivation-date\": null, \"verified-email\": false, \"verified-primary-email\": false}, \"person\": {\"last-modified-date\": null, \"name\": {\"created-date\": {\"value\": 1690279882149}, \"last-modified-date\": {\"value\": 1690279882149}, \"given-names\": {\"value\": \"Mikael\"}, \"family-name\": {\"value\": \"Lovrin\"}, \"credit-name\": null, \"source\": null, \"visibility\": \"PUBLIC\", \"path\": \"0009-0000-0148-1668\"}, \"other-names\": {\"last-modified-date\": null, \"other-name\": [], \"path\": \"/0009-0000-0148-1668/other-names\"}, \"biography\": null, \"researcher-urls\": {\"last-modified-date\": null, \"researcher-url\": [], \"path\": \"/0009-0000-0148-1668/researcher-urls\"}, \"emails\": {\"last-modified-date\": null, \"email\": [], \"path\": \"/0009-0000-0148-1668/email\"}, \"addresses\": {\"last-modified-date\": null, \"address\": [], \"path\": \"/0009-0000-0148-1668/address\"}, \"keywords\": {\"last-modified-date\": null, \"keyword\": [], \"path\": \"/0009-0000-0148-1668/keywords\"}, \"external-identifiers\": {\"last-modified-date\": null, \"external-identifier\": [], \"path\": \"/0009-0000-0148-1668/external-identifiers\"}, \"path\": \"/0009-0000-0148-1668/person\"}, \"activities-summary\": {\"last-modified-date\": null, \"educations\": {\"last-modified-date\": null, \"education-summary\": [], \"path\": \"/0009-0000-0148-1668/educations\"}, \"employments\": {\"last-modified-date\": null, \"employment-summary\": [], \"path\": \"/0009-0000-0148-1668/employments\"}, \"fundings\": {\"last-modified-date\": null, \"group\": [], \"path\": \"/0009-0000-0148-1668/fundings\"}, \"peer-reviews\": {\"last-modified-date\": null, \"group\": [], \"path\": \"/0009-0000-0148-1668/peer-reviews\"}, \"works\": {\"last-modified-date\": null, \"group\": [], \"path\": \"/0009-0000-0148-1668/works\"}, \"path\": \"/0009-0000-0148-1668/activities\"}, \"path\": \"/0009-0000-0148-1668\"}',13),(13,'orcid','0000-0003-1909-4353','2023-08-22 12:19:56.240451','2023-08-22 12:19:56.240577','{\"orcid-identifier\": {\"uri\": \"https://orcid.org/0000-0003-1909-4353\", \"path\": \"0000-0003-1909-4353\", \"host\": \"orcid.org\"}, \"preferences\": {\"locale\": \"EN\"}, \"history\": {\"creation-method\": \"DIRECT\", \"completion-date\": null, \"submission-date\": {\"value\": 1524296049185}, \"last-modified-date\": {\"value\": 1692706795503}, \"claimed\": true, \"source\": null, \"deactivation-date\": null, \"verified-email\": true, \"verified-primary-email\": true}, \"person\": {\"last-modified-date\": null, \"name\": {\"created-date\": {\"value\": 1524296049185}, \"last-modified-date\": {\"value\": 1524296049446}, \"given-names\": {\"value\": \"J\\u00fcrgen\"}, \"family-name\": {\"value\": \"Windeck\"}, \"credit-name\": null, \"source\": null, \"visibility\": \"PUBLIC\", \"path\": \"0000-0003-1909-4353\"}, \"other-names\": {\"last-modified-date\": null, \"other-name\": [], \"path\": \"/0000-0003-1909-4353/other-names\"}, \"biography\": null, \"researcher-urls\": {\"last-modified-date\": null, \"researcher-url\": [], \"path\": \"/0000-0003-1909-4353/researcher-urls\"}, \"emails\": {\"last-modified-date\": null, \"email\": [], \"path\": \"/0000-0003-1909-4353/email\"}, \"addresses\": {\"last-modified-date\": null, \"address\": [], \"path\": \"/0000-0003-1909-4353/address\"}, \"keywords\": {\"last-modified-date\": null, \"keyword\": [], \"path\": \"/0000-0003-1909-4353/keywords\"}, \"external-identifiers\": {\"last-modified-date\": null, \"external-identifier\": [], \"path\": \"/0000-0003-1909-4353/external-identifiers\"}, \"path\": \"/0000-0003-1909-4353/person\"}, \"activities-summary\": {\"last-modified-date\": {\"value\": 1650187170516}, \"educations\": {\"last-modified-date\": null, \"education-summary\": [], \"path\": \"/0000-0003-1909-4353/educations\"}, \"employments\": {\"last-modified-date\": {\"value\": 1650187170516}, \"employment-summary\": [{\"created-date\": {\"value\": 1637315572262}, \"last-modified-date\": {\"value\": 1637315572262}, \"source\": {\"source-orcid\": {\"uri\": \"https://orcid.org/0000-0003-1909-4353\", \"path\": \"0000-0003-1909-4353\", \"host\": \"orcid.org\"}, \"source-client-id\": null, \"source-name\": {\"value\": \"J\\u00fcrgen Windeck\"}}, \"department-name\": null, \"role-title\": null, \"start-date\": {\"year\": {\"value\": \"2021\"}, \"month\": {\"value\": \"10\"}, \"day\": null}, \"end-date\": null, \"organization\": {\"name\": \"Technische Universitat Darmstadt\", \"address\": {\"city\": \"Darmstadt\", \"region\": \"Hessen\", \"country\": \"DE\"}, \"disambiguated-organization\": {\"disambiguated-organization-identifier\": \"26536\", \"disambiguation-source\": \"RINGGOLD\"}}, \"visibility\": \"PUBLIC\", \"put-code\": 16425543, \"path\": \"/0000-0003-1909-4353/employment/16425543\"}, {\"created-date\": {\"value\": 1524296189379}, \"last-modified-date\": {\"value\": 1650187170516}, \"source\": {\"source-orcid\": {\"uri\": \"https://orcid.org/0000-0003-1909-4353\", \"path\": \"0000-0003-1909-4353\", \"host\": \"orcid.org\"}, \"source-client-id\": null, \"source-name\": {\"value\": \"J\\u00fcrgen Windeck\"}}, \"department-name\": null, \"role-title\": null, \"start-date\": {\"year\": {\"value\": \"2018\"}, \"month\": {\"value\": \"01\"}, \"day\": null}, \"end-date\": {\"year\": {\"value\": \"2021\"}, \"month\": {\"value\": \"09\"}, \"day\": null}, \"organization\": {\"name\": \"Ruhr University Bochum\", \"address\": {\"city\": \"Bochum\", \"region\": \"Nordrhein-Westfalen\", \"country\": \"DE\"}, \"disambiguated-organization\": {\"disambiguated-organization-identifier\": \"grid.5570.7\", \"disambiguation-source\": \"GRID\"}}, \"visibility\": \"PUBLIC\", \"put-code\": 5718121, \"path\": \"/0000-0003-1909-4353/employment/5718121\"}], \"path\": \"/0000-0003-1909-4353/employments\"}, \"fundings\": {\"last-modified-date\": null, \"group\": [], \"path\": \"/0000-0003-1909-4353/fundings\"}, \"peer-reviews\": {\"last-modified-date\": null, \"group\": [], \"path\": \"/0000-0003-1909-4353/peer-reviews\"}, \"works\": {\"last-modified-date\": null, \"group\": [], \"path\": \"/0000-0003-1909-4353/works\"}, \"path\": \"/0000-0003-1909-4353/activities\"}, \"path\": \"/0000-0003-1909-4353\"}',14),(14,'orcid','0009-0001-6766-2792','2023-08-22 14:36:23.026438','2023-08-22 14:36:23.026466','{\"orcid-identifier\": {\"uri\": \"https://orcid.org/0009-0001-6766-2792\", \"path\": \"0009-0001-6766-2792\", \"host\": \"orcid.org\"}, \"preferences\": {\"locale\": \"EN\"}, \"history\": {\"creation-method\": \"DIRECT\", \"completion-date\": null, \"submission-date\": {\"value\": 1687771877196}, \"last-modified-date\": {\"value\": 1692714982288}, \"claimed\": true, \"source\": null, \"deactivation-date\": null, \"verified-email\": true, \"verified-primary-email\": true}, \"person\": {\"last-modified-date\": {\"value\": 1687789686723}, \"name\": {\"created-date\": {\"value\": 1687771877477}, \"last-modified-date\": {\"value\": 1687771877477}, \"given-names\": {\"value\": \"Nils\"}, \"family-name\": {\"value\": \"Becker\"}, \"credit-name\": null, \"source\": null, \"visibility\": \"PUBLIC\", \"path\": \"0009-0001-6766-2792\"}, \"other-names\": {\"last-modified-date\": null, \"other-name\": [], \"path\": \"/0009-0001-6766-2792/other-names\"}, \"biography\": null, \"researcher-urls\": {\"last-modified-date\": {\"value\": 1687789318857}, \"researcher-url\": [{\"created-date\": {\"value\": 1687789318857}, \"last-modified-date\": {\"value\": 1687789318857}, \"source\": {\"source-orcid\": null, \"source-client-id\": {\"uri\": \"https://orcid.org/client/APP-BZI1IODNFH41HUA0\", \"path\": \"APP-BZI1IODNFH41HUA0\", \"host\": \"orcid.org\"}, \"source-name\": {\"value\": \"FIS TU Dresden\"}}, \"url-name\": \"Technische Universit\\u00e4t Dresden profile page\", \"url\": {\"value\": \"https://fis.tu-dresden.de/portal/en/researchers/nils-becker(ea5716c4-1a2c-4ad4-9871-e3a0f3dc3f35).html\"}, \"visibility\": \"PUBLIC\", \"path\": \"/0009-0001-6766-2792/researcher-urls/3948052\", \"put-code\": 3948052, \"display-index\": 0}], \"path\": \"/0009-0001-6766-2792/researcher-urls\"}, \"emails\": {\"last-modified-date\": null, \"email\": [], \"path\": \"/0009-0001-6766-2792/email\"}, \"addresses\": {\"last-modified-date\": null, \"address\": [], \"path\": \"/0009-0001-6766-2792/address\"}, \"keywords\": {\"last-modified-date\": null, \"keyword\": [], \"path\": \"/0009-0001-6766-2792/keywords\"}, \"external-identifiers\": {\"last-modified-date\": {\"value\": 1687789686723}, \"external-identifier\": [{\"created-date\": {\"value\": 1687789319230}, \"last-modified-date\": {\"value\": 1687789686723}, \"source\": {\"source-orcid\": null, \"source-client-id\": {\"uri\": \"https://orcid.org/client/APP-BZI1IODNFH41HUA0\", \"path\": \"APP-BZI1IODNFH41HUA0\", \"host\": \"orcid.org\"}, \"source-name\": {\"value\": \"FIS TU Dresden\"}}, \"external-id-type\": \"Scopus author ID\", \"external-id-value\": \"55309226900\", \"external-id-url\": {\"value\": \"http://www.scopus.com/authid/detail.url?authorId=55309226900\"}, \"external-id-relationship\": \"SELF\", \"visibility\": \"PUBLIC\", \"path\": \"/0009-0001-6766-2792/external-identifiers/3108398\", \"put-code\": 3108398, \"display-index\": 1}], \"path\": \"/0009-0001-6766-2792/external-identifiers\"}, \"path\": \"/0009-0001-6766-2792/person\"}, \"activities-summary\": {\"last-modified-date\": {\"value\": 1687789520056}, \"educations\": {\"last-modified-date\": null, \"education-summary\": [], \"path\": \"/0009-0001-6766-2792/educations\"}, \"employments\": {\"last-modified-date\": {\"value\": 1687789321961}, \"employment-summary\": [{\"created-date\": {\"value\": 1687789321961}, \"last-modified-date\": {\"value\": 1687789321961}, \"source\": {\"source-orcid\": null, \"source-client-id\": {\"uri\": \"https://orcid.org/client/APP-BZI1IODNFH41HUA0\", \"path\": \"APP-BZI1IODNFH41HUA0\", \"host\": \"orcid.org\"}, \"source-name\": {\"value\": \"FIS TU Dresden\"}}, \"department-name\": \"Chair of Machine Elements\", \"role-title\": \"Current\", \"start-date\": {\"year\": {\"value\": \"2019\"}, \"month\": {\"value\": \"09\"}, \"day\": {\"value\": \"01\"}}, \"end-date\": null, \"organization\": {\"name\": \"Technische Universit\\u00e4t Dresden\", \"address\": {\"city\": \"N/A\", \"region\": \"\", \"country\": \"DE\"}, \"disambiguated-organization\": null}, \"visibility\": \"PUBLIC\", \"put-code\": 20641120, \"path\": \"/0009-0001-6766-2792/employment/20641120\"}], \"path\": \"/0009-0001-6766-2792/employments\"}, \"fundings\": {\"last-modified-date\": null, \"group\": [], \"path\": \"/0009-0001-6766-2792/fundings\"}, \"peer-reviews\": {\"last-modified-date\": null, \"group\": [], \"path\": \"/0009-0001-6766-2792/peer-reviews\"}, \"works\": {\"last-modified-date\": {\"value\": 1687789520056}, \"group\": [{\"last-modified-date\": {\"value\": 1687789323126}, \"external-ids\": {\"external-id\": [{\"external-id-type\": \"source-work-id\", \"external-id-value\": \"261c7f8e-e1c8-4c8e-b271-0045be79327f\", \"external-id-url\": null, \"external-id-relationship\": \"SELF\"}]}, \"work-summary\": [{\"put-code\": 137557152, \"created-date\": {\"value\": 1687789323126}, \"last-modified-date\": {\"value\": 1687789323126}, \"source\": {\"source-orcid\": null, \"source-client-id\": {\"uri\": \"https://orcid.org/client/APP-BZI1IODNFH41HUA0\", \"path\": \"APP-BZI1IODNFH41HUA0\", \"host\": \"orcid.org\"}, \"source-name\": {\"value\": \"FIS TU Dresden\"}}, \"title\": {\"title\": {\"value\": \"Berechnung der Streuung statischer Festigkeitskennwerte f\\u00fcr verg\\u00fctete Bauteile\"}, \"subtitle\": null, \"translated-title\": null}, \"external-ids\": {\"external-id\": [{\"external-id-type\": \"source-work-id\", \"external-id-value\": \"261c7f8e-e1c8-4c8e-b271-0045be79327f\", \"external-id-url\": null, \"external-id-relationship\": \"SELF\"}, {\"external-id-type\": \"isbn\", \"external-id-value\": \"978-3-96548-136-7\", \"external-id-url\": null, \"external-id-relationship\": \"PART_OF\"}, {\"external-id-type\": \"isbn\", \"external-id-value\": \"978-3-96548-135-0\", \"external-id-url\": null, \"external-id-relationship\": \"PART_OF\"}]}, \"type\": \"CONFERENCE_PAPER\", \"publication-date\": {\"year\": {\"value\": \"2022\"}, \"month\": {\"value\": \"04\"}, \"day\": {\"value\": \"27\"}, \"media-type\": null}, \"visibility\": \"PUBLIC\", \"path\": \"/0009-0001-6766-2792/work/137557152\", \"display-index\": \"0\"}]}, {\"last-modified-date\": {\"value\": 1687789520056}, \"external-ids\": {\"external-id\": [{\"external-id-type\": \"eid\", \"external-id-value\": \"2-s2.0-85129563418\", \"external-id-url\": null, \"external-id-relationship\": \"SELF\"}, {\"external-id-type\": \"doi\", \"external-id-value\": \"10.1016/j.prostr.2022.02.005\", \"external-id-url\": null, \"external-id-relationship\": \"SELF\"}, {\"external-id-type\": \"source-work-id\", \"external-id-value\": \"62fcece3-4542-41ba-a427-43532cd77ba9\", \"external-id-url\": null, \"external-id-relationship\": \"SELF\"}]}, \"work-summary\": [{\"put-code\": 137557154, \"created-date\": {\"value\": 1687789323474}, \"last-modified-date\": {\"value\": 1687789323474}, \"source\": {\"source-orcid\": null, \"source-client-id\": {\"uri\": \"https://orcid.org/client/APP-BZI1IODNFH41HUA0\", \"path\": \"APP-BZI1IODNFH41HUA0\", \"host\": \"orcid.org\"}, \"source-name\": {\"value\": \"FIS TU Dresden\"}}, \"title\": {\"title\": {\"value\": \"Probabilistic Method to Estimate the Scatter of the Fatigue Strength of Shafts in the HCF Region\"}, \"subtitle\": null, \"translated-title\": null}, \"external-ids\": {\"external-id\": [{\"external-id-type\": \"source-work-id\", \"external-id-value\": \"62fcece3-4542-41ba-a427-43532cd77ba9\", \"external-id-url\": null, \"external-id-relationship\": \"SELF\"}, {\"external-id-type\": \"eid\", \"external-id-value\": \"2-s2.0-85129563418\", \"external-id-url\": null, \"external-id-relationship\": \"SELF\"}, {\"external-id-type\": \"doi\", \"external-id-value\": \"10.1016/j.prostr.2022.02.005\", \"external-id-url\": null, \"external-id-relationship\": \"SELF\"}]}, \"type\": \"CONFERENCE_PAPER\", \"publication-date\": {\"year\": {\"value\": \"2022\"}, \"month\": {\"value\": \"02\"}, \"day\": {\"value\": \"22\"}, \"media-type\": null}, \"visibility\": \"PUBLIC\", \"path\": \"/0009-0001-6766-2792/work/137557154\", \"display-index\": \"0\"}, {\"put-code\": 137557292, \"created-date\": {\"value\": 1687789520056}, \"last-modified-date\": {\"value\": 1687789520056}, \"source\": {\"source-orcid\": null, \"source-client-id\": {\"uri\": \"https://orcid.org/client/0000-0002-5982-8983\", \"path\": \"0000-0002-5982-8983\", \"host\": \"orcid.org\"}, \"source-name\": {\"value\": \"Scopus - Elsevier\"}}, \"title\": {\"title\": {\"value\": \"Probabilistic method to estimate the scatter of the fatigue strength of shafts in the HCF region\"}, \"subtitle\": null, \"translated-title\": null}, \"external-ids\": {\"external-id\": [{\"external-id-type\": \"doi\", \"external-id-value\": \"10.1016/j.prostr.2022.02.005\", \"external-id-url\": null, \"external-id-relationship\": \"SELF\"}, {\"external-id-type\": \"eid\", \"external-id-value\": \"2-s2.0-85129563418\", \"external-id-url\": null, \"external-id-relationship\": \"SELF\"}, {\"external-id-type\": \"issn\", \"external-id-value\": \"24523216\", \"external-id-url\": null, \"external-id-relationship\": \"PART_OF\"}]}, \"type\": \"CONFERENCE_PAPER\", \"publication-date\": {\"year\": {\"value\": \"2021\"}, \"month\": null, \"day\": null, \"media-type\": null}, \"visibility\": \"PUBLIC\", \"path\": \"/0009-0001-6766-2792/work/137557292\", \"display-index\": \"0\"}]}, {\"last-modified-date\": {\"value\": 1687789323963}, \"external-ids\": {\"external-id\": [{\"external-id-type\": \"doi\", \"external-id-value\": \"10.51202/9783181024089-31\", \"external-id-url\": null, \"external-id-relationship\": \"SELF\"}, {\"external-id-type\": \"source-work-id\", \"external-id-value\": \"086325cb-09b9-4186-8178-ab86c8611363\", \"external-id-url\": null, \"external-id-relationship\": \"SELF\"}]}, \"work-summary\": [{\"put-code\": 137557155, \"created-date\": {\"value\": 1687789323963}, \"last-modified-date\": {\"value\": 1687789323963}, \"source\": {\"source-orcid\": null, \"source-client-id\": {\"uri\": \"https://orcid.org/client/APP-BZI1IODNFH41HUA0\", \"path\": \"APP-BZI1IODNFH41HUA0\", \"host\": \"orcid.org\"}, \"source-name\": {\"value\": \"FIS TU Dresden\"}}, \"title\": {\"title\": {\"value\": \"Die Streuung der Langzeitfestigkeit von Wellen und deren Einflussgr\\u00f6\\u00dfen\"}, \"subtitle\": null, \"translated-title\": null}, \"external-ids\": {\"external-id\": [{\"external-id-type\": \"source-work-id\", \"external-id-value\": \"086325cb-09b9-4186-8178-ab86c8611363\", \"external-id-url\": null, \"external-id-relationship\": \"SELF\"}, {\"external-id-type\": \"doi\", \"external-id-value\": \"10.51202/9783181024089-31\", \"external-id-url\": null, \"external-id-relationship\": \"SELF\"}]}, \"type\": \"CONFERENCE_PAPER\", \"publication-date\": {\"year\": {\"value\": \"2022\"}, \"month\": null, \"day\": null, \"media-type\": null}, \"visibility\": \"PUBLIC\", \"path\": \"/0009-0001-6766-2792/work/137557155\", \"display-index\": \"0\"}]}], \"path\": \"/0009-0001-6766-2792/works\"}, \"path\": \"/0009-0001-6766-2792/activities\"}, \"path\": \"/0009-0001-6766-2792\"}',15),(15,'orcid','0000-0002-1167-0339','2023-08-23 16:37:37.617831','2023-08-23 16:37:37.617874','{\"orcid-identifier\": {\"uri\": \"https://orcid.org/0000-0002-1167-0339\", \"path\": \"0000-0002-1167-0339\", \"host\": \"orcid.org\"}, \"preferences\": {\"locale\": \"EN\"}, \"history\": {\"creation-method\": \"DIRECT\", \"completion-date\": null, \"submission-date\": {\"value\": 1458037559810}, \"last-modified-date\": {\"value\": 1692808656918}, \"claimed\": true, \"source\": null, \"deactivation-date\": null, \"verified-email\": true, \"verified-primary-email\": true}, \"person\": {\"last-modified-date\": null, \"name\": {\"created-date\": {\"value\": 1460757202789}, \"last-modified-date\": {\"value\": 1460757202789}, \"given-names\": {\"value\": \"J\\u00fcrgen\"}, \"family-name\": {\"value\": \"Rohrwild\"}, \"credit-name\": null, \"source\": null, \"visibility\": \"PUBLIC\", \"path\": \"0000-0002-1167-0339\"}, \"other-names\": {\"last-modified-date\": null, \"other-name\": [], \"path\": \"/0000-0002-1167-0339/other-names\"}, \"biography\": null, \"researcher-urls\": {\"last-modified-date\": null, \"researcher-url\": [], \"path\": \"/0000-0002-1167-0339/researcher-urls\"}, \"emails\": {\"last-modified-date\": null, \"email\": [], \"path\": \"/0000-0002-1167-0339/email\"}, \"addresses\": {\"last-modified-date\": null, \"address\": [], \"path\": \"/0000-0002-1167-0339/address\"}, \"keywords\": {\"last-modified-date\": null, \"keyword\": [], \"path\": \"/0000-0002-1167-0339/keywords\"}, \"external-identifiers\": {\"last-modified-date\": null, \"external-identifier\": [], \"path\": \"/0000-0002-1167-0339/external-identifiers\"}, \"path\": \"/0000-0002-1167-0339/person\"}, \"activities-summary\": {\"last-modified-date\": {\"value\": 1677607640993}, \"educations\": {\"last-modified-date\": null, \"education-summary\": [], \"path\": \"/0000-0002-1167-0339/educations\"}, \"employments\": {\"last-modified-date\": {\"value\": 1576034719654}, \"employment-summary\": [{\"created-date\": {\"value\": 1557481474766}, \"last-modified-date\": {\"value\": 1557481722611}, \"source\": {\"source-orcid\": {\"uri\": \"https://orcid.org/0000-0002-1167-0339\", \"path\": \"0000-0002-1167-0339\", \"host\": \"orcid.org\"}, \"source-client-id\": null, \"source-name\": {\"value\": \"J\\u00fcrgen Rohrwild\"}}, \"department-name\": null, \"role-title\": null, \"start-date\": {\"year\": {\"value\": \"2017\"}, \"month\": {\"value\": \"10\"}, \"day\": {\"value\": \"01\"}}, \"end-date\": null, \"organization\": {\"name\": \"Friedrich-Alexander-Universit\\u00e4t Erlangen-N\\u00fcrnberg\", \"address\": {\"city\": \"Erlangen\", \"region\": \"Bayern\", \"country\": \"DE\"}, \"disambiguated-organization\": {\"disambiguated-organization-identifier\": \"9171\", \"disambiguation-source\": \"RINGGOLD\"}}, \"visibility\": \"PUBLIC\", \"put-code\": 7859171, \"path\": \"/0000-0002-1167-0339/employment/7859171\"}, {\"created-date\": {\"value\": 1557481548980}, \"last-modified-date\": {\"value\": 1575384251289}, \"source\": {\"source-orcid\": {\"uri\": \"https://orcid.org/0000-0002-1167-0339\", \"path\": \"0000-0002-1167-0339\", \"host\": \"orcid.org\"}, \"source-client-id\": null, \"source-name\": {\"value\": \"J\\u00fcrgen Rohrwild\"}}, \"department-name\": null, \"role-title\": null, \"start-date\": {\"year\": {\"value\": \"2015\"}, \"month\": {\"value\": \"10\"}, \"day\": {\"value\": \"01\"}}, \"end-date\": {\"year\": {\"value\": \"2017\"}, \"month\": {\"value\": \"09\"}, \"day\": {\"value\": \"29\"}}, \"organization\": {\"name\": \"Bavarian State Library\", \"address\": {\"city\": \"Munich\", \"region\": \"\", \"country\": \"DE\"}, \"disambiguated-organization\": {\"disambiguated-organization-identifier\": \"grid.432478.e\", \"disambiguation-source\": \"GRID\"}}, \"visibility\": \"PUBLIC\", \"put-code\": 7859180, \"path\": \"/0000-0002-1167-0339/employment/7859180\"}, {\"created-date\": {\"value\": 1557481596593}, \"last-modified-date\": {\"value\": 1575384252239}, \"source\": {\"source-orcid\": {\"uri\": \"https://orcid.org/0000-0002-1167-0339\", \"path\": \"0000-0002-1167-0339\", \"host\": \"orcid.org\"}, \"source-client-id\": null, \"source-name\": {\"value\": \"J\\u00fcrgen Rohrwild\"}}, \"department-name\": \"Physics\", \"role-title\": null, \"start-date\": {\"year\": {\"value\": \"2013\"}, \"month\": {\"value\": \"10\"}, \"day\": {\"value\": \"01\"}}, \"end-date\": {\"year\": {\"value\": \"2015\"}, \"month\": {\"value\": \"09\"}, \"day\": {\"value\": \"30\"}}, \"organization\": {\"name\": \"University of Oxford\", \"address\": {\"city\": \"Oxford\", \"region\": \"Oxfordshire\", \"country\": \"GB\"}, \"disambiguated-organization\": {\"disambiguated-organization-identifier\": \"6396\", \"disambiguation-source\": \"RINGGOLD\"}}, \"visibility\": \"PUBLIC\", \"put-code\": 7859188, \"path\": \"/0000-0002-1167-0339/employment/7859188\"}, {\"created-date\": {\"value\": 1557481642587}, \"last-modified-date\": {\"value\": 1576034719654}, \"source\": {\"source-orcid\": {\"uri\": \"https://orcid.org/0000-0002-1167-0339\", \"path\": \"0000-0002-1167-0339\", \"host\": \"orcid.org\"}, \"source-client-id\": null, \"source-name\": {\"value\": \"J\\u00fcrgen Rohrwild\"}}, \"department-name\": \"Physics\", \"role-title\": null, \"start-date\": {\"year\": {\"value\": \"2012\"}, \"month\": {\"value\": \"10\"}, \"day\": {\"value\": \"01\"}}, \"end-date\": {\"year\": {\"value\": \"2013\"}, \"month\": {\"value\": \"09\"}, \"day\": {\"value\": \"30\"}}, \"organization\": {\"name\": \"Technical University Munich\", \"address\": {\"city\": \"Munich\", \"region\": \"\", \"country\": \"DE\"}, \"disambiguated-organization\": {\"disambiguated-organization-identifier\": \"grid.6936.a\", \"disambiguation-source\": \"GRID\"}}, \"visibility\": \"PUBLIC\", \"put-code\": 7859192, \"path\": \"/0000-0002-1167-0339/employment/7859192\"}, {\"created-date\": {\"value\": 1557481676996}, \"last-modified-date\": {\"value\": 1575384253880}, \"source\": {\"source-orcid\": {\"uri\": \"https://orcid.org/0000-0002-1167-0339\", \"path\": \"0000-0002-1167-0339\", \"host\": \"orcid.org\"}, \"source-client-id\": null, \"source-name\": {\"value\": \"J\\u00fcrgen Rohrwild\"}}, \"department-name\": \"Physics\", \"role-title\": null, \"start-date\": {\"year\": {\"value\": \"2009\"}, \"month\": {\"value\": \"10\"}, \"day\": {\"value\": \"01\"}}, \"end-date\": {\"year\": {\"value\": \"2012\"}, \"month\": {\"value\": \"09\"}, \"day\": {\"value\": \"30\"}}, \"organization\": {\"name\": \"Rheinisch Westf\\u00e4lische Technische Hochschule Aachen RWTH Aachen Fakult\\u00e4t f\\u00fcr Mathematik Informatik und Naturwissenschaften\", \"address\": {\"city\": \"Aachen\", \"region\": \"Nordrhein-Westfalen\", \"country\": \"DE\"}, \"disambiguated-organization\": {\"disambiguated-organization-identifier\": \"98891\", \"disambiguation-source\": \"RINGGOLD\"}}, \"visibility\": \"PUBLIC\", \"put-code\": 7859199, \"path\": \"/0000-0002-1167-0339/employment/7859199\"}, {\"created-date\": {\"value\": 1557481718064}, \"last-modified-date\": {\"value\": 1575384254578}, \"source\": {\"source-orcid\": {\"uri\": \"https://orcid.org/0000-0002-1167-0339\", \"path\": \"0000-0002-1167-0339\", \"host\": \"orcid.org\"}, \"source-client-id\": null, \"source-name\": {\"value\": \"J\\u00fcrgen Rohrwild\"}}, \"department-name\": \"Physics\", \"role-title\": null, \"start-date\": {\"year\": {\"value\": \"2006\"}, \"month\": {\"value\": \"09\"}, \"day\": {\"value\": \"01\"}}, \"end-date\": {\"year\": {\"value\": \"2009\"}, \"month\": {\"value\": \"08\"}, \"day\": {\"value\": \"31\"}}, \"organization\": {\"name\": \"University of Regensburg\", \"address\": {\"city\": \"Regensburg\", \"region\": \"Bayern\", \"country\": \"DE\"}, \"disambiguated-organization\": {\"disambiguated-organization-identifier\": \"grid.7727.5\", \"disambiguation-source\": \"GRID\"}}, \"visibility\": \"PUBLIC\", \"put-code\": 7859206, \"path\": \"/0000-0002-1167-0339/employment/7859206\"}], \"path\": \"/0000-0002-1167-0339/employments\"}, \"fundings\": {\"last-modified-date\": null, \"group\": [], \"path\": \"/0000-0002-1167-0339/fundings\"}, \"peer-reviews\": {\"last-modified-date\": null, \"group\": [], \"path\": \"/0000-0002-1167-0339/peer-reviews\"}, \"works\": {\"last-modified-date\": {\"value\": 1677607640993}, \"group\": [{\"last-modified-date\": {\"value\": 1677607640993}, \"external-ids\": {\"external-id\": [{\"external-id-type\": \"doi\", \"external-id-value\": \"10.1515/abitech-2023-0004\", \"external-id-url\": {\"value\": \"https://doi.org/10.1515/abitech-2023-0004\"}, \"external-id-relationship\": \"SELF\"}]}, \"work-summary\": [{\"put-code\": 129887053, \"created-date\": {\"value\": 1677607640993}, \"last-modified-date\": {\"value\": 1677607640993}, \"source\": {\"source-orcid\": null, \"source-client-id\": {\"uri\": \"https://orcid.org/client/0000-0001-9884-1913\", \"path\": \"0000-0001-9884-1913\", \"host\": \"orcid.org\"}, \"source-name\": {\"value\": \"Crossref\"}}, \"title\": {\"title\": {\"value\": \"Bewegungsf\\u00f6rderung im Bibliothekskontext\\u00a0\\u2013 anhand des Fallbeispiels der Universit\\u00e4tsbibliothek Erlangen-N\\u00fcrnberg\"}, \"subtitle\": null, \"translated-title\": null}, \"external-ids\": {\"external-id\": [{\"external-id-type\": \"doi\", \"external-id-value\": \"10.1515/abitech-2023-0004\", \"external-id-url\": {\"value\": \"https://doi.org/10.1515/abitech-2023-0004\"}, \"external-id-relationship\": \"SELF\"}]}, \"type\": \"JOURNAL_ARTICLE\", \"publication-date\": {\"year\": {\"value\": \"2023\"}, \"month\": {\"value\": \"02\"}, \"day\": {\"value\": \"23\"}, \"media-type\": null}, \"visibility\": \"PUBLIC\", \"path\": \"/0000-0002-1167-0339/work/129887053\", \"display-index\": \"0\"}]}, {\"last-modified-date\": {\"value\": 1557481815175}, \"external-ids\": {\"external-id\": [{\"external-id-type\": \"doi\", \"external-id-value\": \"10.5281/zenodo.2645935\", \"external-id-url\": {\"value\": \"https://doi.org/10.5281/zenodo.2645935\"}, \"external-id-relationship\": \"SELF\"}]}, \"work-summary\": [{\"put-code\": 57279523, \"created-date\": {\"value\": 1557481815175}, \"last-modified-date\": {\"value\": 1557481815175}, \"source\": {\"source-orcid\": {\"uri\": \"https://orcid.org/0000-0002-1167-0339\", \"path\": \"0000-0002-1167-0339\", \"host\": \"orcid.org\"}, \"source-client-id\": null, \"source-name\": {\"value\": \"J\\u00fcrgen Rohrwild\"}}, \"title\": {\"title\": {\"value\": \"eHumanities \\u2013 interdisziplin\\u00e4r: Zwischenbericht des Modellprojektes zum Forschungsdatenmanagement in den digitalen Geistes- und Sozialwissenschaften\"}, \"subtitle\": null, \"translated-title\": null}, \"external-ids\": {\"external-id\": [{\"external-id-type\": \"doi\", \"external-id-value\": \"10.5281/zenodo.2645935\", \"external-id-url\": {\"value\": \"https://doi.org/10.5281/zenodo.2645935\"}, \"external-id-relationship\": \"SELF\"}]}, \"type\": \"REPORT\", \"publication-date\": {\"year\": {\"value\": \"2019\"}, \"month\": {\"value\": \"04\"}, \"day\": {\"value\": \"30\"}, \"media-type\": null}, \"visibility\": \"PUBLIC\", \"path\": \"/0000-0002-1167-0339/work/57279523\", \"display-index\": \"1\"}]}, {\"last-modified-date\": {\"value\": 1508517306394}, \"external-ids\": {\"external-id\": [{\"external-id-type\": \"arxiv\", \"external-id-value\": \"1509.04643\", \"external-id-url\": null, \"external-id-relationship\": \"SELF\"}, {\"external-id-type\": \"doi\", \"external-id-value\": \"10.1016/j.nuclphysb.2015.11.014\", \"external-id-url\": null, \"external-id-relationship\": \"SELF\"}]}, \"work-summary\": [{\"put-code\": 37866433, \"created-date\": {\"value\": 1508517306394}, \"last-modified-date\": {\"value\": 1508517306394}, \"source\": {\"source-orcid\": {\"uri\": \"https://orcid.org/0000-0002-1167-0339\", \"path\": \"0000-0002-1167-0339\", \"host\": \"orcid.org\"}, \"source-client-id\": null, \"source-name\": {\"value\": \"J\\u00fcrgen Rohrwild\"}}, \"title\": {\"title\": {\"value\": \"$\\\\bar B\\\\to X_s \\u03b3$ with a warped bulk Higgs\"}, \"subtitle\": null, \"translated-title\": null}, \"external-ids\": {\"external-id\": [{\"external-id-type\": \"doi\", \"external-id-value\": \"10.1016/j.nuclphysb.2015.11.014\", \"external-id-url\": null, \"external-id-relationship\": \"SELF\"}, {\"external-id-type\": \"arxiv\", \"external-id-value\": \"1509.04643\", \"external-id-url\": null, \"external-id-relationship\": \"SELF\"}]}, \"type\": \"JOURNAL_ARTICLE\", \"publication-date\": {\"year\": {\"value\": \"2016\"}, \"month\": null, \"day\": null, \"media-type\": null}, \"visibility\": \"PUBLIC\", \"path\": \"/0000-0002-1167-0339/work/37866433\", \"display-index\": \"1\"}]}, {\"last-modified-date\": {\"value\": 1508517306609}, \"external-ids\": {\"external-id\": [{\"external-id-type\": \"arxiv\", \"external-id-value\": \"1508.01705\", \"external-id-url\": null, \"external-id-relationship\": \"SELF\"}, {\"external-id-type\": \"doi\", \"external-id-value\": \"10.1016/j.nuclphysb.2016.02.037\", \"external-id-url\": null, \"external-id-relationship\": \"SELF\"}]}, \"work-summary\": [{\"put-code\": 37866438, \"created-date\": {\"value\": 1508517306609}, \"last-modified-date\": {\"value\": 1508517306609}, \"source\": {\"source-orcid\": {\"uri\": \"https://orcid.org/0000-0002-1167-0339\", \"path\": \"0000-0002-1167-0339\", \"host\": \"orcid.org\"}, \"source-client-id\": null, \"source-name\": {\"value\": \"J\\u00fcrgen Rohrwild\"}}, \"title\": {\"title\": {\"value\": \"Lepton flavour violation in RS models with a brane- or\\r\\n                        nearly brane-localized Higgs\"}, \"subtitle\": null, \"translated-title\": null}, \"external-ids\": {\"external-id\": [{\"external-id-type\": \"doi\", \"external-id-value\": \"10.1016/j.nuclphysb.2016.02.037\", \"external-id-url\": null, \"external-id-relationship\": \"SELF\"}, {\"external-id-type\": \"arxiv\", \"external-id-value\": \"1508.01705\", \"external-id-url\": null, \"external-id-relationship\": \"SELF\"}]}, \"type\": \"JOURNAL_ARTICLE\", \"publication-date\": {\"year\": {\"value\": \"2016\"}, \"month\": null, \"day\": null, \"media-type\": null}, \"visibility\": \"PUBLIC\", \"path\": \"/0000-0002-1167-0339/work/37866438\", \"display-index\": \"1\"}]}, {\"last-modified-date\": {\"value\": 1508517306191}, \"external-ids\": {\"external-id\": [{\"external-id-type\": \"doi\", \"external-id-value\": \"10.1088/0954-3899/41/10/105005\", \"external-id-url\": null, \"external-id-relationship\": \"SELF\"}, {\"external-id-type\": \"arxiv\", \"external-id-value\": \"1405.5385\", \"external-id-url\": null, \"external-id-relationship\": \"SELF\"}]}, \"work-summary\": [{\"put-code\": 37866428, \"created-date\": {\"value\": 1508517306191}, \"last-modified-date\": {\"value\": 1508517306191}, \"source\": {\"source-orcid\": {\"uri\": \"https://orcid.org/0000-0002-1167-0339\", \"path\": \"0000-0002-1167-0339\", \"host\": \"orcid.org\"}, \"source-client-id\": null, \"source-name\": {\"value\": \"J\\u00fcrgen Rohrwild\"}}, \"title\": {\"title\": {\"value\": \"(g-2)$_\\u03bc$ in the custodially protected RS model\"}, \"subtitle\": null, \"translated-title\": null}, \"external-ids\": {\"external-id\": [{\"external-id-type\": \"doi\", \"external-id-value\": \"10.1088/0954-3899/41/10/105005\", \"external-id-url\": null, \"external-id-relationship\": \"SELF\"}, {\"external-id-type\": \"arxiv\", \"external-id-value\": \"1405.5385\", \"external-id-url\": null, \"external-id-relationship\": \"SELF\"}]}, \"type\": \"JOURNAL_ARTICLE\", \"publication-date\": {\"year\": {\"value\": \"2014\"}, \"month\": null, \"day\": null, \"media-type\": null}, \"visibility\": \"PUBLIC\", \"path\": \"/0000-0002-1167-0339/work/37866428\", \"display-index\": \"1\"}]}, {\"last-modified-date\": {\"value\": 1508517306060}, \"external-ids\": {\"external-id\": [{\"external-id-type\": \"arxiv\", \"external-id-value\": \"1404.7157\", \"external-id-url\": null, \"external-id-relationship\": \"SELF\"}, {\"external-id-type\": \"doi\", \"external-id-value\": \"10.1142/S0217751X14440114\", \"external-id-url\": null, \"external-id-relationship\": \"SELF\"}]}, \"work-summary\": [{\"put-code\": 37866425, \"created-date\": {\"value\": 1508517306060}, \"last-modified-date\": {\"value\": 1508517306060}, \"source\": {\"source-orcid\": {\"uri\": \"https://orcid.org/0000-0002-1167-0339\", \"path\": \"0000-0002-1167-0339\", \"host\": \"orcid.org\"}, \"source-client-id\": null, \"source-name\": {\"value\": \"J\\u00fcrgen Rohrwild\"}}, \"title\": {\"title\": {\"value\": \"Muon anomalous magnetic moment and penguin loops in\\r\\n                        warped extra dimensions\"}, \"subtitle\": null, \"translated-title\": null}, \"external-ids\": {\"external-id\": [{\"external-id-type\": \"doi\", \"external-id-value\": \"10.1142/S0217751X14440114\", \"external-id-url\": null, \"external-id-relationship\": \"SELF\"}, {\"external-id-type\": \"arxiv\", \"external-id-value\": \"1404.7157\", \"external-id-url\": null, \"external-id-relationship\": \"SELF\"}]}, \"type\": \"JOURNAL_ARTICLE\", \"publication-date\": {\"year\": {\"value\": \"2014\"}, \"month\": null, \"day\": null, \"media-type\": null}, \"visibility\": \"PUBLIC\", \"path\": \"/0000-0002-1167-0339/work/37866425\", \"display-index\": \"1\"}]}, {\"last-modified-date\": {\"value\": 1508517306024}, \"external-ids\": {\"external-id\": [{\"external-id-type\": \"doi\", \"external-id-value\": \"10.1007/JHEP08(2013)010\", \"external-id-url\": null, \"external-id-relationship\": \"SELF\"}, {\"external-id-type\": \"arxiv\", \"external-id-value\": \"1209.5897\", \"external-id-url\": null, \"external-id-relationship\": \"SELF\"}]}, \"work-summary\": [{\"put-code\": 37866424, \"created-date\": {\"value\": 1508517306024}, \"last-modified-date\": {\"value\": 1508517306024}, \"source\": {\"source-orcid\": {\"uri\": \"https://orcid.org/0000-0002-1167-0339\", \"path\": \"0000-0002-1167-0339\", \"host\": \"orcid.org\"}, \"source-client-id\": null, \"source-name\": {\"value\": \"J\\u00fcrgen Rohrwild\"}}, \"title\": {\"title\": {\"value\": \"The muon anomalous magnetic moment in the\\r\\n                        Randall-Sundrum model\"}, \"subtitle\": null, \"translated-title\": null}, \"external-ids\": {\"external-id\": [{\"external-id-type\": \"doi\", \"external-id-value\": \"10.1007/JHEP08(2013)010\", \"external-id-url\": null, \"external-id-relationship\": \"SELF\"}, {\"external-id-type\": \"arxiv\", \"external-id-value\": \"1209.5897\", \"external-id-url\": null, \"external-id-relationship\": \"SELF\"}]}, \"type\": \"JOURNAL_ARTICLE\", \"publication-date\": {\"year\": {\"value\": \"2013\"}, \"month\": null, \"day\": null, \"media-type\": null}, \"visibility\": \"PUBLIC\", \"path\": \"/0000-0002-1167-0339/work/37866424\", \"display-index\": \"1\"}]}, {\"last-modified-date\": {\"value\": 1508517306777}, \"external-ids\": {\"external-id\": [{\"external-id-type\": \"arxiv\", \"external-id-value\": \"1105.3434\", \"external-id-url\": null, \"external-id-relationship\": \"SELF\"}, {\"external-id-type\": \"doi\", \"external-id-value\": \"10.1140/epjc/s10052-012-2007-0\", \"external-id-url\": null, \"external-id-relationship\": \"SELF\"}]}, \"work-summary\": [{\"put-code\": 37866442, \"created-date\": {\"value\": 1508517306777}, \"last-modified-date\": {\"value\": 1508517306777}, \"source\": {\"source-orcid\": {\"uri\": \"https://orcid.org/0000-0002-1167-0339\", \"path\": \"0000-0002-1167-0339\", \"host\": \"orcid.org\"}, \"source-client-id\": null, \"source-name\": {\"value\": \"J\\u00fcrgen Rohrwild\"}}, \"title\": {\"title\": {\"value\": \"Electroweak Precision Observables within a Fourth\\r\\n                        Generation Model with General Flavour Structure\"}, \"subtitle\": null, \"translated-title\": null}, \"external-ids\": {\"external-id\": [{\"external-id-type\": \"doi\", \"external-id-value\": \"10.1140/epjc/s10052-012-2007-0\", \"external-id-url\": null, \"external-id-relationship\": \"SELF\"}, {\"external-id-type\": \"arxiv\", \"external-id-value\": \"1105.3434\", \"external-id-url\": null, \"external-id-relationship\": \"SELF\"}]}, \"type\": \"JOURNAL_ARTICLE\", \"publication-date\": {\"year\": {\"value\": \"2012\"}, \"month\": null, \"day\": null, \"media-type\": null}, \"visibility\": \"PUBLIC\", \"path\": \"/0000-0002-1167-0339/work/37866442\", \"display-index\": \"1\"}]}, {\"last-modified-date\": {\"value\": 1508517305667}, \"external-ids\": {\"external-id\": [{\"external-id-type\": \"arxiv\", \"external-id-value\": \"1110.3228\", \"external-id-url\": null, \"external-id-relationship\": \"SELF\"}, {\"external-id-type\": \"doi\", \"external-id-value\": \"10.1140/epjc/s10052-011-1818-8\", \"external-id-url\": null, \"external-id-relationship\": \"SELF\"}]}, \"work-summary\": [{\"put-code\": 37866423, \"created-date\": {\"value\": 1508517305667}, \"last-modified-date\": {\"value\": 1508517305667}, \"source\": {\"source-orcid\": {\"uri\": \"https://orcid.org/0000-0002-1167-0339\", \"path\": \"0000-0002-1167-0339\", \"host\": \"orcid.org\"}, \"source-client-id\": null, \"source-name\": {\"value\": \"J\\u00fcrgen Rohrwild\"}}, \"title\": {\"title\": {\"value\": \"B meson distribution amplitude from B --> \\u03b3 l \\u03bd\"}, \"subtitle\": null, \"translated-title\": null}, \"external-ids\": {\"external-id\": [{\"external-id-type\": \"doi\", \"external-id-value\": \"10.1140/epjc/s10052-011-1818-8\", \"external-id-url\": null, \"external-id-relationship\": \"SELF\"}, {\"external-id-type\": \"arxiv\", \"external-id-value\": \"1110.3228\", \"external-id-url\": null, \"external-id-relationship\": \"SELF\"}]}, \"type\": \"JOURNAL_ARTICLE\", \"publication-date\": {\"year\": {\"value\": \"2011\"}, \"month\": null, \"day\": null, \"media-type\": null}, \"visibility\": \"PUBLIC\", \"path\": \"/0000-0002-1167-0339/work/37866423\", \"display-index\": \"1\"}]}, {\"last-modified-date\": {\"value\": 1508517306443}, \"external-ids\": {\"external-id\": [{\"external-id-type\": \"arxiv\", \"external-id-value\": \"1101.3280\", \"external-id-url\": null, \"external-id-relationship\": \"SELF\"}]}, \"work-summary\": [{\"put-code\": 37866434, \"created-date\": {\"value\": 1508517306443}, \"last-modified-date\": {\"value\": 1508517306443}, \"source\": {\"source-orcid\": {\"uri\": \"https://orcid.org/0000-0002-1167-0339\", \"path\": \"0000-0002-1167-0339\", \"host\": \"orcid.org\"}, \"source-client-id\": null, \"source-name\": {\"value\": \"J\\u00fcrgen Rohrwild\"}}, \"title\": {\"title\": {\"value\": \"On the Status of $V_td$, $V_ts$ and $V_tb$\"}, \"subtitle\": null, \"translated-title\": null}, \"external-ids\": {\"external-id\": [{\"external-id-type\": \"arxiv\", \"external-id-value\": \"1101.3280\", \"external-id-url\": null, \"external-id-relationship\": \"SELF\"}]}, \"type\": \"CONFERENCE_PAPER\", \"publication-date\": {\"year\": {\"value\": \"2011\"}, \"month\": null, \"day\": null, \"media-type\": null}, \"visibility\": \"PUBLIC\", \"path\": \"/0000-0002-1167-0339/work/37866434\", \"display-index\": \"1\"}]}, {\"last-modified-date\": {\"value\": 1508517306311}, \"external-ids\": {\"external-id\": [{\"external-id-type\": \"doi\", \"external-id-value\": \"10.1007/JHEP03(2010)009\", \"external-id-url\": null, \"external-id-relationship\": \"SELF\"}, {\"external-id-type\": \"arxiv\", \"external-id-value\": \"1002.4794\", \"external-id-url\": null, \"external-id-relationship\": \"SELF\"}]}, \"work-summary\": [{\"put-code\": 37866431, \"created-date\": {\"value\": 1508517306311}, \"last-modified-date\": {\"value\": 1508517306311}, \"source\": {\"source-orcid\": {\"uri\": \"https://orcid.org/0000-0002-1167-0339\", \"path\": \"0000-0002-1167-0339\", \"host\": \"orcid.org\"}, \"source-client-id\": null, \"source-name\": {\"value\": \"J\\u00fcrgen Rohrwild\"}}, \"title\": {\"title\": {\"value\": \"How Large Can the SM Contribution to CP Violation in\\r\\n                        $D^0-\\\\bar D^0$ Mixing Be?\"}, \"subtitle\": null, \"translated-title\": null}, \"external-ids\": {\"external-id\": [{\"external-id-type\": \"doi\", \"external-id-value\": \"10.1007/JHEP03(2010)009\", \"external-id-url\": null, \"external-id-relationship\": \"SELF\"}, {\"external-id-type\": \"arxiv\", \"external-id-value\": \"1002.4794\", \"external-id-url\": null, \"external-id-relationship\": \"SELF\"}]}, \"type\": \"JOURNAL_ARTICLE\", \"publication-date\": {\"year\": {\"value\": \"2010\"}, \"month\": null, \"day\": null, \"media-type\": null}, \"visibility\": \"PUBLIC\", \"path\": \"/0000-0002-1167-0339/work/37866431\", \"display-index\": \"1\"}]}, {\"last-modified-date\": {\"value\": 1508517306229}, \"external-ids\": {\"external-id\": [{\"external-id-type\": \"doi\", \"external-id-value\": \"10.1103/PhysRevD.82.095006\", \"external-id-url\": null, \"external-id-relationship\": \"SELF\"}, {\"external-id-type\": \"arxiv\", \"external-id-value\": \"1005.3505\", \"external-id-url\": null, \"external-id-relationship\": \"SELF\"}]}, \"work-summary\": [{\"put-code\": 37866429, \"created-date\": {\"value\": 1508517306229}, \"last-modified-date\": {\"value\": 1508517306229}, \"source\": {\"source-orcid\": {\"uri\": \"https://orcid.org/0000-0002-1167-0339\", \"path\": \"0000-0002-1167-0339\", \"host\": \"orcid.org\"}, \"source-client-id\": null, \"source-name\": {\"value\": \"J\\u00fcrgen Rohrwild\"}}, \"title\": {\"title\": {\"value\": \"Less space for a new family of fermions\"}, \"subtitle\": null, \"translated-title\": null}, \"external-ids\": {\"external-id\": [{\"external-id-type\": \"doi\", \"external-id-value\": \"10.1103/PhysRevD.82.095006\", \"external-id-url\": null, \"external-id-relationship\": \"SELF\"}, {\"external-id-type\": \"arxiv\", \"external-id-value\": \"1005.3505\", \"external-id-url\": null, \"external-id-relationship\": \"SELF\"}]}, \"type\": \"JOURNAL_ARTICLE\", \"publication-date\": {\"year\": {\"value\": \"2010\"}, \"month\": null, \"day\": null, \"media-type\": null}, \"visibility\": \"PUBLIC\", \"path\": \"/0000-0002-1167-0339/work/37866429\", \"display-index\": \"1\"}]}, {\"last-modified-date\": {\"value\": 1508517306274}, \"external-ids\": {\"external-id\": [{\"external-id-type\": \"arxiv\", \"external-id-value\": \"0908.1684\", \"external-id-url\": null, \"external-id-relationship\": \"SELF\"}, {\"external-id-type\": \"doi\", \"external-id-value\": \"10.1016/j.nuclphysb.2009.10.005\", \"external-id-url\": null, \"external-id-relationship\": \"SELF\"}]}, \"work-summary\": [{\"put-code\": 37866430, \"created-date\": {\"value\": 1508517306274}, \"last-modified-date\": {\"value\": 1508517306274}, \"source\": {\"source-orcid\": {\"uri\": \"https://orcid.org/0000-0002-1167-0339\", \"path\": \"0000-0002-1167-0339\", \"host\": \"orcid.org\"}, \"source-client-id\": null, \"source-name\": {\"value\": \"J\\u00fcrgen Rohrwild\"}}, \"title\": {\"title\": {\"value\": \"Renormalization of Twist-Four Operators in QCD\"}, \"subtitle\": null, \"translated-title\": null}, \"external-ids\": {\"external-id\": [{\"external-id-type\": \"doi\", \"external-id-value\": \"10.1016/j.nuclphysb.2009.10.005\", \"external-id-url\": null, \"external-id-relationship\": \"SELF\"}, {\"external-id-type\": \"arxiv\", \"external-id-value\": \"0908.1684\", \"external-id-url\": null, \"external-id-relationship\": \"SELF\"}]}, \"type\": \"JOURNAL_ARTICLE\", \"publication-date\": {\"year\": {\"value\": \"2010\"}, \"month\": null, \"day\": null, \"media-type\": null}, \"visibility\": \"PUBLIC\", \"path\": \"/0000-0002-1167-0339/work/37866430\", \"display-index\": \"1\"}]}, {\"last-modified-date\": {\"value\": 1508517306143}, \"external-ids\": {\"external-id\": []}, \"work-summary\": [{\"put-code\": 37866427, \"created-date\": {\"value\": 1508517306143}, \"last-modified-date\": {\"value\": 1508517306143}, \"source\": {\"source-orcid\": {\"uri\": \"https://orcid.org/0000-0002-1167-0339\", \"path\": \"0000-0002-1167-0339\", \"host\": \"orcid.org\"}, \"source-client-id\": null, \"source-name\": {\"value\": \"J\\u00fcrgen Rohrwild\"}}, \"title\": {\"title\": {\"value\": \"Renormalization of non-quasipartonic operators in QCD\"}, \"subtitle\": null, \"translated-title\": null}, \"external-ids\": {\"external-id\": []}, \"type\": \"JOURNAL_ARTICLE\", \"publication-date\": {\"year\": {\"value\": \"2010\"}, \"month\": null, \"day\": null, \"media-type\": null}, \"visibility\": \"PUBLIC\", \"path\": \"/0000-0002-1167-0339/work/37866427\", \"display-index\": \"1\"}]}, {\"last-modified-date\": {\"value\": 1508517306562}, \"external-ids\": {\"external-id\": [{\"external-id-type\": \"doi\", \"external-id-value\": \"10.1016/j.nuclphysb.2008.08.012\", \"external-id-url\": null, \"external-id-relationship\": \"SELF\"}, {\"external-id-type\": \"arxiv\", \"external-id-value\": \"0806.2531\", \"external-id-url\": null, \"external-id-relationship\": \"SELF\"}]}, \"work-summary\": [{\"put-code\": 37866437, \"created-date\": {\"value\": 1508517306562}, \"last-modified-date\": {\"value\": 1508517306562}, \"source\": {\"source-orcid\": {\"uri\": \"https://orcid.org/0000-0002-1167-0339\", \"path\": \"0000-0002-1167-0339\", \"host\": \"orcid.org\"}, \"source-client-id\": null, \"source-name\": {\"value\": \"J\\u00fcrgen Rohrwild\"}}, \"title\": {\"title\": {\"value\": \"Baryon Operators of Higher Twist in QCD and Nucleon\\r\\n                        Distribution Amplitudes\"}, \"subtitle\": null, \"translated-title\": null}, \"external-ids\": {\"external-id\": [{\"external-id-type\": \"doi\", \"external-id-value\": \"10.1016/j.nuclphysb.2008.08.012\", \"external-id-url\": null, \"external-id-relationship\": \"SELF\"}, {\"external-id-type\": \"arxiv\", \"external-id-value\": \"0806.2531\", \"external-id-url\": null, \"external-id-relationship\": \"SELF\"}]}, \"type\": \"JOURNAL_ARTICLE\", \"publication-date\": {\"year\": {\"value\": \"2009\"}, \"month\": null, \"day\": null, \"media-type\": null}, \"visibility\": \"PUBLIC\", \"path\": \"/0000-0002-1167-0339/work/37866437\", \"display-index\": \"1\"}]}, {\"last-modified-date\": {\"value\": 1508517306727}, \"external-ids\": {\"external-id\": [{\"external-id-type\": \"arxiv\", \"external-id-value\": \"0904.3971\", \"external-id-url\": null, \"external-id-relationship\": \"SELF\"}]}, \"work-summary\": [{\"put-code\": 37866441, \"created-date\": {\"value\": 1508517306727}, \"last-modified-date\": {\"value\": 1508517306727}, \"source\": {\"source-orcid\": {\"uri\": \"https://orcid.org/0000-0002-1167-0339\", \"path\": \"0000-0002-1167-0339\", \"host\": \"orcid.org\"}, \"source-client-id\": null, \"source-name\": {\"value\": \"J\\u00fcrgen Rohrwild\"}}, \"title\": {\"title\": {\"value\": \"D - anti-D mixing in the framework of the HQE\\r\\n                        revisited\"}, \"subtitle\": null, \"translated-title\": null}, \"external-ids\": {\"external-id\": [{\"external-id-type\": \"arxiv\", \"external-id-value\": \"0904.3971\", \"external-id-url\": null, \"external-id-relationship\": \"SELF\"}]}, \"type\": \"JOURNAL_ARTICLE\", \"publication-date\": {\"year\": {\"value\": \"2009\"}, \"month\": null, \"day\": null, \"media-type\": null}, \"visibility\": \"PUBLIC\", \"path\": \"/0000-0002-1167-0339/work/37866441\", \"display-index\": \"1\"}]}, {\"last-modified-date\": {\"value\": 1508517306645}, \"external-ids\": {\"external-id\": [{\"external-id-type\": \"arxiv\", \"external-id-value\": \"0902.3087\", \"external-id-url\": null, \"external-id-relationship\": \"SELF\"}, {\"external-id-type\": \"doi\", \"external-id-value\": \"10.1103/PhysRevLett.103.072001\", \"external-id-url\": null, \"external-id-relationship\": \"SELF\"}]}, \"work-summary\": [{\"put-code\": 37866439, \"created-date\": {\"value\": 1508517306645}, \"last-modified-date\": {\"value\": 1508517306645}, \"source\": {\"source-orcid\": {\"uri\": \"https://orcid.org/0000-0002-1167-0339\", \"path\": \"0000-0002-1167-0339\", \"host\": \"orcid.org\"}, \"source-client-id\": null, \"source-name\": {\"value\": \"J\\u00fcrgen Rohrwild\"}}, \"title\": {\"title\": {\"value\": \"Electroproduction of the N*(1535) resonance at large\\r\\n                        momentum transfer\"}, \"subtitle\": null, \"translated-title\": null}, \"external-ids\": {\"external-id\": [{\"external-id-type\": \"doi\", \"external-id-value\": \"10.1103/PhysRevLett.103.072001\", \"external-id-url\": null, \"external-id-relationship\": \"SELF\"}, {\"external-id-type\": \"arxiv\", \"external-id-value\": \"0902.3087\", \"external-id-url\": null, \"external-id-relationship\": \"SELF\"}]}, \"type\": \"JOURNAL_ARTICLE\", \"publication-date\": {\"year\": {\"value\": \"2009\"}, \"month\": null, \"day\": null, \"media-type\": null}, \"visibility\": \"PUBLIC\", \"path\": \"/0000-0002-1167-0339/work/37866439\", \"display-index\": \"1\"}]}, {\"last-modified-date\": {\"value\": 1508517306527}, \"external-ids\": {\"external-id\": [{\"external-id-type\": \"doi\", \"external-id-value\": \"10.1103/PhysRevD.79.113006\", \"external-id-url\": null, \"external-id-relationship\": \"SELF\"}, {\"external-id-type\": \"arxiv\", \"external-id-value\": \"0902.4883\", \"external-id-url\": null, \"external-id-relationship\": \"SELF\"}]}, \"work-summary\": [{\"put-code\": 37866436, \"created-date\": {\"value\": 1508517306527}, \"last-modified-date\": {\"value\": 1508517306527}, \"source\": {\"source-orcid\": {\"uri\": \"https://orcid.org/0000-0002-1167-0339\", \"path\": \"0000-0002-1167-0339\", \"host\": \"orcid.org\"}, \"source-client-id\": null, \"source-name\": {\"value\": \"J\\u00fcrgen Rohrwild\"}}, \"title\": {\"title\": {\"value\": \"How much space is left for a new family of fermions?\"}, \"subtitle\": null, \"translated-title\": null}, \"external-ids\": {\"external-id\": [{\"external-id-type\": \"doi\", \"external-id-value\": \"10.1103/PhysRevD.79.113006\", \"external-id-url\": null, \"external-id-relationship\": \"SELF\"}, {\"external-id-type\": \"arxiv\", \"external-id-value\": \"0902.4883\", \"external-id-url\": null, \"external-id-relationship\": \"SELF\"}]}, \"type\": \"JOURNAL_ARTICLE\", \"publication-date\": {\"year\": {\"value\": \"2009\"}, \"month\": null, \"day\": null, \"media-type\": null}, \"visibility\": \"PUBLIC\", \"path\": \"/0000-0002-1167-0339/work/37866436\", \"display-index\": \"1\"}]}, {\"last-modified-date\": {\"value\": 1508517306114}, \"external-ids\": {\"external-id\": []}, \"work-summary\": [{\"put-code\": 37866426, \"created-date\": {\"value\": 1508517306114}, \"last-modified-date\": {\"value\": 1508517306114}, \"source\": {\"source-orcid\": {\"uri\": \"https://orcid.org/0000-0002-1167-0339\", \"path\": \"0000-0002-1167-0339\", \"host\": \"orcid.org\"}, \"source-client-id\": null, \"source-name\": {\"value\": \"J\\u00fcrgen Rohrwild\"}}, \"title\": {\"title\": {\"value\": \"Renormalization and applications of baryon distribution amplitudes in QCD\"}, \"subtitle\": null, \"translated-title\": null}, \"external-ids\": {\"external-id\": []}, \"type\": \"OTHER\", \"publication-date\": {\"year\": {\"value\": \"2009\"}, \"month\": null, \"day\": null, \"media-type\": null}, \"visibility\": \"PUBLIC\", \"path\": \"/0000-0002-1167-0339/work/37866426\", \"display-index\": \"1\"}]}, {\"last-modified-date\": {\"value\": 1508517306478}, \"external-ids\": {\"external-id\": [{\"external-id-type\": \"arxiv\", \"external-id-value\": \"0708.1405\", \"external-id-url\": null, \"external-id-relationship\": \"SELF\"}, {\"external-id-type\": \"doi\", \"external-id-value\": \"10.1088/1126-6708/2007/09/073\", \"external-id-url\": null, \"external-id-relationship\": \"SELF\"}]}, \"work-summary\": [{\"put-code\": 37866435, \"created-date\": {\"value\": 1508517306478}, \"last-modified-date\": {\"value\": 1508517306478}, \"source\": {\"source-orcid\": {\"uri\": \"https://orcid.org/0000-0002-1167-0339\", \"path\": \"0000-0002-1167-0339\", \"host\": \"orcid.org\"}, \"source-client-id\": null, \"source-name\": {\"value\": \"J\\u00fcrgen Rohrwild\"}}, \"title\": {\"title\": {\"value\": \"Determination of the magnetic susceptibility of the\\r\\n                        quark condensate using radiative heavy meson decays\"}, \"subtitle\": null, \"translated-title\": null}, \"external-ids\": {\"external-id\": [{\"external-id-type\": \"doi\", \"external-id-value\": \"10.1088/1126-6708/2007/09/073\", \"external-id-url\": null, \"external-id-relationship\": \"SELF\"}, {\"external-id-type\": \"arxiv\", \"external-id-value\": \"0708.1405\", \"external-id-url\": null, \"external-id-relationship\": \"SELF\"}]}, \"type\": \"JOURNAL_ARTICLE\", \"publication-date\": {\"year\": {\"value\": \"2007\"}, \"month\": null, \"day\": null, \"media-type\": null}, \"visibility\": \"PUBLIC\", \"path\": \"/0000-0002-1167-0339/work/37866435\", \"display-index\": \"1\"}]}, {\"last-modified-date\": {\"value\": 1508517306359}, \"external-ids\": {\"external-id\": [{\"external-id-type\": \"doi\", \"external-id-value\": \"10.1103/PhysRevD.75.074025\", \"external-id-url\": null, \"external-id-relationship\": \"SELF\"}, {\"external-id-type\": \"arxiv\", \"external-id-value\": \"hep-ph/0701085\", \"external-id-url\": null, \"external-id-relationship\": \"SELF\"}]}, \"work-summary\": [{\"put-code\": 37866432, \"created-date\": {\"value\": 1508517306359}, \"last-modified-date\": {\"value\": 1508517306359}, \"source\": {\"source-orcid\": {\"uri\": \"https://orcid.org/0000-0002-1167-0339\", \"path\": \"0000-0002-1167-0339\", \"host\": \"orcid.org\"}, \"source-client-id\": null, \"source-name\": {\"value\": \"J\\u00fcrgen Rohrwild\"}}, \"title\": {\"title\": {\"value\": \"Light-cone sum rules for the N gamma Delta transitions\\r\\n                        for real photons\"}, \"subtitle\": null, \"translated-title\": null}, \"external-ids\": {\"external-id\": [{\"external-id-type\": \"doi\", \"external-id-value\": \"10.1103/PhysRevD.75.074025\", \"external-id-url\": null, \"external-id-relationship\": \"SELF\"}, {\"external-id-type\": \"arxiv\", \"external-id-value\": \"hep-ph/0701085\", \"external-id-url\": null, \"external-id-relationship\": \"SELF\"}]}, \"type\": \"JOURNAL_ARTICLE\", \"publication-date\": {\"year\": {\"value\": \"2007\"}, \"month\": null, \"day\": null, \"media-type\": null}, \"visibility\": \"PUBLIC\", \"path\": \"/0000-0002-1167-0339/work/37866432\", \"display-index\": \"1\"}]}, {\"last-modified-date\": {\"value\": 1508517306691}, \"external-ids\": {\"external-id\": [{\"external-id-type\": \"doi\", \"external-id-value\": \"10.1142/_0037\", \"external-id-url\": null, \"external-id-relationship\": \"SELF\"}, {\"external-id-type\": \"arxiv\", \"external-id-value\": \"0709.0836\", \"external-id-url\": null, \"external-id-relationship\": \"SELF\"}]}, \"work-summary\": [{\"put-code\": 37866440, \"created-date\": {\"value\": 1508517306691}, \"last-modified-date\": {\"value\": 1508517306691}, \"source\": {\"source-orcid\": {\"uri\": \"https://orcid.org/0000-0002-1167-0339\", \"path\": \"0000-0002-1167-0339\", \"host\": \"orcid.org\"}, \"source-client-id\": null, \"source-name\": {\"value\": \"J\\u00fcrgen Rohrwild\"}}, \"title\": {\"title\": {\"value\": \"Light-cone sum rules for the form-factors of the N gamma\\r\\n                        Delta transition at Q**2=0\"}, \"subtitle\": null, \"translated-title\": null}, \"external-ids\": {\"external-id\": [{\"external-id-type\": \"doi\", \"external-id-value\": \"10.1142/_0037\", \"external-id-url\": null, \"external-id-relationship\": \"SELF\"}, {\"external-id-type\": \"arxiv\", \"external-id-value\": \"0709.0836\", \"external-id-url\": null, \"external-id-relationship\": \"SELF\"}]}, \"type\": \"CONFERENCE_PAPER\", \"publication-date\": {\"year\": {\"value\": \"2007\"}, \"month\": null, \"day\": null, \"media-type\": null}, \"visibility\": \"PUBLIC\", \"path\": \"/0000-0002-1167-0339/work/37866440\", \"display-index\": \"1\"}]}], \"path\": \"/0000-0002-1167-0339/works\"}, \"path\": \"/0000-0002-1167-0339/activities\"}, \"path\": \"/0000-0002-1167-0339\"}',16),(16,'orcid','0000-0002-6819-9031','2023-11-02 12:03:47.600389','2023-08-29 14:26:56.441088','{\"orcid-identifier\": {\"uri\": \"https://orcid.org/0000-0002-6819-9031\", \"path\": \"0000-0002-6819-9031\", \"host\": \"orcid.org\"}, \"preferences\": {\"locale\": \"EN\"}, \"history\": {\"creation-method\": \"MEMBER_REFERRED\", \"completion-date\": null, \"submission-date\": {\"value\": 1600866233623}, \"last-modified-date\": {\"value\": 1698926627010}, \"claimed\": true, \"source\": null, \"deactivation-date\": null, \"verified-email\": true, \"verified-primary-email\": true}, \"person\": {\"last-modified-date\": null, \"name\": {\"created-date\": {\"value\": 1600866233860}, \"last-modified-date\": {\"value\": 1600866233860}, \"given-names\": {\"value\": \"Steffen\"}, \"family-name\": {\"value\": \"Hillemacher\"}, \"credit-name\": null, \"source\": null, \"visibility\": \"PUBLIC\", \"path\": \"0000-0002-6819-9031\"}, \"other-names\": {\"last-modified-date\": null, \"other-name\": [], \"path\": \"/0000-0002-6819-9031/other-names\"}, \"biography\": null, \"researcher-urls\": {\"last-modified-date\": null, \"researcher-url\": [], \"path\": \"/0000-0002-6819-9031/researcher-urls\"}, \"emails\": {\"last-modified-date\": null, \"email\": [], \"path\": \"/0000-0002-6819-9031/email\"}, \"addresses\": {\"last-modified-date\": null, \"address\": [], \"path\": \"/0000-0002-6819-9031/address\"}, \"keywords\": {\"last-modified-date\": null, \"keyword\": [], \"path\": \"/0000-0002-6819-9031/keywords\"}, \"external-identifiers\": {\"last-modified-date\": null, \"external-identifier\": [], \"path\": \"/0000-0002-6819-9031/external-identifiers\"}, \"path\": \"/0000-0002-6819-9031/person\"}, \"activities-summary\": {\"last-modified-date\": {\"value\": 1653964488221}, \"educations\": {\"last-modified-date\": null, \"education-summary\": [], \"path\": \"/0000-0002-6819-9031/educations\"}, \"employments\": {\"last-modified-date\": {\"value\": 1600866245270}, \"employment-summary\": [{\"created-date\": {\"value\": 1600866245270}, \"last-modified-date\": {\"value\": 1600866245270}, \"source\": {\"source-orcid\": null, \"source-client-id\": {\"uri\": \"https://orcid.org/client/APP-L1679EFH65VELYNI\", \"path\": \"APP-L1679EFH65VELYNI\", \"host\": \"orcid.org\"}, \"source-name\": {\"value\": \"RWTH Aachen University\"}}, \"department-name\": null, \"role-title\": null, \"start-date\": null, \"end-date\": null, \"organization\": {\"name\": \"RWTH Aachen University\", \"address\": {\"city\": \"Aachen\", \"region\": \"Nordrhein-Westfalen\", \"country\": \"DE\"}, \"disambiguated-organization\": {\"disambiguated-organization-identifier\": \"9165\", \"disambiguation-source\": \"RINGGOLD\"}}, \"visibility\": \"PUBLIC\", \"put-code\": 12768584, \"path\": \"/0000-0002-6819-9031/employment/12768584\"}], \"path\": \"/0000-0002-6819-9031/employments\"}, \"fundings\": {\"last-modified-date\": null, \"group\": [], \"path\": \"/0000-0002-6819-9031/fundings\"}, \"peer-reviews\": {\"last-modified-date\": null, \"group\": [], \"path\": \"/0000-0002-6819-9031/peer-reviews\"}, \"works\": {\"last-modified-date\": {\"value\": 1653964488221}, \"group\": [{\"last-modified-date\": {\"value\": 1653964488187}, \"external-ids\": {\"external-id\": [{\"external-id-type\": \"wosuid\", \"external-id-value\": \"WOS:000459864300009\", \"external-id-url\": null, \"external-id-relationship\": \"SELF\"}, {\"external-id-type\": \"doi\", \"external-id-value\": \"10.1002/spe.2650\", \"external-id-url\": null, \"external-id-relationship\": \"SELF\"}, {\"external-id-type\": \"source-work-id\", \"external-id-value\": \"RWTH-2019-00944\", \"external-id-url\": {\"value\": \"https://publications.rwth-aachen.de/record/754033\"}, \"external-id-relationship\": \"SELF\"}, {\"external-id-type\": \"eid\", \"external-id-value\": \"2-s2.0-85055705898\", \"external-id-url\": null, \"external-id-relationship\": \"SELF\"}]}, \"work-summary\": [{\"put-code\": 80789193, \"created-date\": {\"value\": 1600866277714}, \"last-modified-date\": {\"value\": 1653964488187}, \"source\": {\"source-orcid\": null, \"source-client-id\": {\"uri\": \"https://orcid.org/client/APP-L1679EFH65VELYNI\", \"path\": \"APP-L1679EFH65VELYNI\", \"host\": \"orcid.org\"}, \"source-name\": {\"value\": \"RWTH Aachen University\"}}, \"title\": {\"title\": {\"value\": \"SMArDT modeling for automotive software testing\"}, \"subtitle\": null, \"translated-title\": null}, \"external-ids\": {\"external-id\": [{\"external-id-type\": \"source-work-id\", \"external-id-value\": \"RWTH-2019-00944\", \"external-id-url\": {\"value\": \"https://publications.rwth-aachen.de/record/754033\"}, \"external-id-relationship\": \"SELF\"}, {\"external-id-type\": \"issn\", \"external-id-value\": \"0038-0644\", \"external-id-url\": null, \"external-id-relationship\": \"PART_OF\"}, {\"external-id-type\": \"doi\", \"external-id-value\": \"10.1002/spe.2650\", \"external-id-url\": null, \"external-id-relationship\": \"SELF\"}, {\"external-id-type\": \"wosuid\", \"external-id-value\": \"WOS:000459864300009\", \"external-id-url\": null, \"external-id-relationship\": \"SELF\"}, {\"external-id-type\": \"eid\", \"external-id-value\": \"2-s2.0-85055705898\", \"external-id-url\": null, \"external-id-relationship\": \"SELF\"}]}, \"type\": \"JOURNAL_ARTICLE\", \"publication-date\": {\"year\": {\"value\": \"2019\"}, \"month\": null, \"day\": null, \"media-type\": null}, \"visibility\": \"PUBLIC\", \"path\": \"/0000-0002-6819-9031/work/80789193\", \"display-index\": \"0\"}]}, {\"last-modified-date\": {\"value\": 1653964488200}, \"external-ids\": {\"external-id\": [{\"external-id-type\": \"source-work-id\", \"external-id-value\": \"RWTH-2019-00560\", \"external-id-url\": {\"value\": \"https://publications.rwth-aachen.de/record/753370\"}, \"external-id-relationship\": \"SELF\"}, {\"external-id-type\": \"isbn\", \"external-id-value\": \"978-1-4503-5659-6\", \"external-id-url\": null, \"external-id-relationship\": \"SELF\"}, {\"external-id-type\": \"doi\", \"external-id-value\": \"10.1145/3183519.3183533\", \"external-id-url\": null, \"external-id-relationship\": \"SELF\"}, {\"external-id-type\": \"eid\", \"external-id-value\": \"2-s2.0-85049663589\", \"external-id-url\": null, \"external-id-relationship\": \"SELF\"}]}, \"work-summary\": [{\"put-code\": 80789195, \"created-date\": {\"value\": 1600866281587}, \"last-modified-date\": {\"value\": 1653964488200}, \"source\": {\"source-orcid\": null, \"source-client-id\": {\"uri\": \"https://orcid.org/client/APP-L1679EFH65VELYNI\", \"path\": \"APP-L1679EFH65VELYNI\", \"host\": \"orcid.org\"}, \"source-name\": {\"value\": \"RWTH Aachen University\"}}, \"title\": {\"title\": {\"value\": \"Improving Model-based Testing in Automotive Software Engineering\"}, \"subtitle\": null, \"translated-title\": null}, \"external-ids\": {\"external-id\": [{\"external-id-type\": \"source-work-id\", \"external-id-value\": \"RWTH-2019-00560\", \"external-id-url\": {\"value\": \"https://publications.rwth-aachen.de/record/753370\"}, \"external-id-relationship\": \"SELF\"}, {\"external-id-type\": \"doi\", \"external-id-value\": \"10.1145/3183519.3183533\", \"external-id-url\": null, \"external-id-relationship\": \"SELF\"}, {\"external-id-type\": \"isbn\", \"external-id-value\": \"978-1-4503-5659-6\", \"external-id-url\": null, \"external-id-relationship\": \"SELF\"}, {\"external-id-type\": \"eid\", \"external-id-value\": \"2-s2.0-85049663589\", \"external-id-url\": null, \"external-id-relationship\": \"SELF\"}]}, \"type\": \"CONFERENCE_PAPER\", \"publication-date\": {\"year\": {\"value\": \"2018\"}, \"month\": null, \"day\": null, \"media-type\": null}, \"visibility\": \"PUBLIC\", \"path\": \"/0000-0002-6819-9031/work/80789195\", \"display-index\": \"0\"}]}, {\"last-modified-date\": {\"value\": 1653964488221}, \"external-ids\": {\"external-id\": [{\"external-id-type\": \"eid\", \"external-id-value\": \"2-s2.0-85052024078\", \"external-id-url\": null, \"external-id-relationship\": \"SELF\"}, {\"external-id-type\": \"source-work-id\", \"external-id-value\": \"RWTH-2018-220612\", \"external-id-url\": {\"value\": \"https://publications.rwth-aachen.de/record/713947\"}, \"external-id-relationship\": \"SELF\"}, {\"external-id-type\": \"isbn\", \"external-id-value\": \"978-989-758-283-7\", \"external-id-url\": null, \"external-id-relationship\": \"SELF\"}, {\"external-id-type\": \"doi\", \"external-id-value\": \"10.5220/0006603701630178\", \"external-id-url\": null, \"external-id-relationship\": \"SELF\"}]}, \"work-summary\": [{\"put-code\": 80789201, \"created-date\": {\"value\": 1600866286261}, \"last-modified-date\": {\"value\": 1653964488221}, \"source\": {\"source-orcid\": null, \"source-client-id\": {\"uri\": \"https://orcid.org/client/APP-L1679EFH65VELYNI\", \"path\": \"APP-L1679EFH65VELYNI\", \"host\": \"orcid.org\"}, \"source-name\": {\"value\": \"RWTH Aachen University\"}}, \"title\": {\"title\": {\"value\": \"Model-Based Development of Self-Adaptive Autonomous Vehicles using the SMARDT Methodology\"}, \"subtitle\": null, \"translated-title\": null}, \"external-ids\": {\"external-id\": [{\"external-id-type\": \"source-work-id\", \"external-id-value\": \"RWTH-2018-220612\", \"external-id-url\": {\"value\": \"https://publications.rwth-aachen.de/record/713947\"}, \"external-id-relationship\": \"SELF\"}, {\"external-id-type\": \"doi\", \"external-id-value\": \"10.5220/0006603701630178\", \"external-id-url\": null, \"external-id-relationship\": \"SELF\"}, {\"external-id-type\": \"isbn\", \"external-id-value\": \"978-989-758-283-7\", \"external-id-url\": null, \"external-id-relationship\": \"SELF\"}, {\"external-id-type\": \"eid\", \"external-id-value\": \"2-s2.0-85052024078\", \"external-id-url\": null, \"external-id-relationship\": \"SELF\"}]}, \"type\": \"CONFERENCE_PAPER\", \"publication-date\": {\"year\": {\"value\": \"2018\"}, \"month\": null, \"day\": null, \"media-type\": null}, \"visibility\": \"PUBLIC\", \"path\": \"/0000-0002-6819-9031/work/80789201\", \"display-index\": \"0\"}]}, {\"last-modified-date\": {\"value\": 1653964488213}, \"external-ids\": {\"external-id\": [{\"external-id-type\": \"source-work-id\", \"external-id-value\": \"RWTH-2018-231827\", \"external-id-url\": {\"value\": \"https://publications.rwth-aachen.de/record/752036\"}, \"external-id-relationship\": \"SELF\"}, {\"external-id-type\": \"isbn\", \"external-id-value\": \"978-1-5386-7382-9\", \"external-id-url\": null, \"external-id-relationship\": \"SELF\"}, {\"external-id-type\": \"wosuid\", \"external-id-value\": \"WOS:000450238900023\", \"external-id-url\": null, \"external-id-relationship\": \"SELF\"}, {\"external-id-type\": \"eid\", \"external-id-value\": \"2-s2.0-85057189091\", \"external-id-url\": null, \"external-id-relationship\": \"SELF\"}, {\"external-id-type\": \"doi\", \"external-id-value\": \"10.1109/SEAA.2018.00032\", \"external-id-url\": null, \"external-id-relationship\": \"SELF\"}]}, \"work-summary\": [{\"put-code\": 80789197, \"created-date\": {\"value\": 1600866281805}, \"last-modified-date\": {\"value\": 1653964488213}, \"source\": {\"source-orcid\": null, \"source-client-id\": {\"uri\": \"https://orcid.org/client/APP-L1679EFH65VELYNI\", \"path\": \"APP-L1679EFH65VELYNI\", \"host\": \"orcid.org\"}, \"source-name\": {\"value\": \"RWTH Aachen University\"}}, \"title\": {\"title\": {\"value\": \"Model-Based Testing of Software-Based System Functions\"}, \"subtitle\": null, \"translated-title\": null}, \"external-ids\": {\"external-id\": [{\"external-id-type\": \"source-work-id\", \"external-id-value\": \"RWTH-2018-231827\", \"external-id-url\": {\"value\": \"https://publications.rwth-aachen.de/record/752036\"}, \"external-id-relationship\": \"SELF\"}, {\"external-id-type\": \"isbn\", \"external-id-value\": \"978-1-5386-7382-9\", \"external-id-url\": null, \"external-id-relationship\": \"SELF\"}, {\"external-id-type\": \"issn\", \"external-id-value\": \"1089-6503\", \"external-id-url\": null, \"external-id-relationship\": \"PART_OF\"}, {\"external-id-type\": \"wosuid\", \"external-id-value\": \"WOS:000450238900023\", \"external-id-url\": null, \"external-id-relationship\": \"SELF\"}, {\"external-id-type\": \"doi\", \"external-id-value\": \"10.1109/SEAA.2018.00032\", \"external-id-url\": null, \"external-id-relationship\": \"SELF\"}, {\"external-id-type\": \"eid\", \"external-id-value\": \"2-s2.0-85057189091\", \"external-id-url\": null, \"external-id-relationship\": \"SELF\"}]}, \"type\": \"CONFERENCE_PAPER\", \"publication-date\": {\"year\": {\"value\": \"2018\"}, \"month\": null, \"day\": null, \"media-type\": null}, \"visibility\": \"PUBLIC\", \"path\": \"/0000-0002-6819-9031/work/80789197\", \"display-index\": \"0\"}]}, {\"last-modified-date\": {\"value\": 1653964488206}, \"external-ids\": {\"external-id\": [{\"external-id-type\": \"source-work-id\", \"external-id-value\": \"RWTH-2019-00476\", \"external-id-url\": {\"value\": \"https://publications.rwth-aachen.de/record/753236\"}, \"external-id-relationship\": \"SELF\"}]}, \"work-summary\": [{\"put-code\": 80789196, \"created-date\": {\"value\": 1600866281790}, \"last-modified-date\": {\"value\": 1653964488206}, \"source\": {\"source-orcid\": null, \"source-client-id\": {\"uri\": \"https://orcid.org/client/APP-L1679EFH65VELYNI\", \"path\": \"APP-L1679EFH65VELYNI\", \"host\": \"orcid.org\"}, \"source-name\": {\"value\": \"RWTH Aachen University\"}}, \"title\": {\"title\": {\"value\": \"Shepherding Model Evolution in Model-Driven Development\"}, \"subtitle\": null, \"translated-title\": null}, \"external-ids\": {\"external-id\": [{\"external-id-type\": \"source-work-id\", \"external-id-value\": \"RWTH-2019-00476\", \"external-id-url\": {\"value\": \"https://publications.rwth-aachen.de/record/753236\"}, \"external-id-relationship\": \"SELF\"}, {\"external-id-type\": \"issn\", \"external-id-value\": \"1613-0073\", \"external-id-url\": null, \"external-id-relationship\": \"PART_OF\"}]}, \"type\": \"CONFERENCE_PAPER\", \"publication-date\": {\"year\": {\"value\": \"2018\"}, \"month\": null, \"day\": null, \"media-type\": null}, \"visibility\": \"PUBLIC\", \"path\": \"/0000-0002-6819-9031/work/80789196\", \"display-index\": \"0\"}]}, {\"last-modified-date\": {\"value\": 1653964488194}, \"external-ids\": {\"external-id\": [{\"external-id-type\": \"source-work-id\", \"external-id-value\": \"RWTH-2019-00315\", \"external-id-url\": {\"value\": \"https://publications.rwth-aachen.de/record/752978\"}, \"external-id-relationship\": \"SELF\"}, {\"external-id-type\": \"isbn\", \"external-id-value\": \"3-8440-5678-5\", \"external-id-url\": null, \"external-id-relationship\": \"SELF\"}]}, \"work-summary\": [{\"put-code\": 80789194, \"created-date\": {\"value\": 1600866281458}, \"last-modified-date\": {\"value\": 1653964488194}, \"source\": {\"source-orcid\": null, \"source-client-id\": {\"uri\": \"https://orcid.org/client/APP-L1679EFH65VELYNI\", \"path\": \"APP-L1679EFH65VELYNI\", \"host\": \"orcid.org\"}, \"source-name\": {\"value\": \"RWTH Aachen University\"}}, \"title\": {\"title\": {\"value\": \"Towards a Sustainable Artifact Model : Artifacts in Generator-Based Model-Driven Projects\"}, \"subtitle\": null, \"translated-title\": null}, \"external-ids\": {\"external-id\": [{\"external-id-type\": \"source-work-id\", \"external-id-value\": \"RWTH-2019-00315\", \"external-id-url\": {\"value\": \"https://publications.rwth-aachen.de/record/752978\"}, \"external-id-relationship\": \"SELF\"}, {\"external-id-type\": \"isbn\", \"external-id-value\": \"3-8440-5678-5\", \"external-id-url\": null, \"external-id-relationship\": \"SELF\"}, {\"external-id-type\": \"issn\", \"external-id-value\": \"1869-9170\", \"external-id-url\": null, \"external-id-relationship\": \"PART_OF\"}]}, \"type\": \"BOOK\", \"publication-date\": {\"year\": {\"value\": \"2017\"}, \"month\": null, \"day\": null, \"media-type\": null}, \"visibility\": \"PUBLIC\", \"path\": \"/0000-0002-6819-9031/work/80789194\", \"display-index\": \"0\"}]}], \"path\": \"/0000-0002-6819-9031/works\"}, \"path\": \"/0000-0002-6819-9031/activities\"}, \"path\": \"/0000-0002-6819-9031\"}',17),(17,'orcid','0000-0001-5975-0031','2023-09-07 12:54:21.438871','2023-09-07 12:54:21.438956','{\"orcid-identifier\": {\"uri\": \"https://orcid.org/0000-0001-5975-0031\", \"path\": \"0000-0001-5975-0031\", \"host\": \"orcid.org\"}, \"preferences\": {\"locale\": \"EN\"}, \"history\": {\"creation-method\": \"MEMBER_REFERRED\", \"completion-date\": null, \"submission-date\": {\"value\": 1633343875314}, \"last-modified-date\": {\"value\": 1694091260613}, \"claimed\": true, \"source\": null, \"deactivation-date\": null, \"verified-email\": true, \"verified-primary-email\": true}, \"person\": {\"last-modified-date\": null, \"name\": {\"created-date\": {\"value\": 1633343875594}, \"last-modified-date\": {\"value\": 1661514139323}, \"given-names\": {\"value\": \"Soo-Yon\"}, \"family-name\": {\"value\": \"Kim\"}, \"credit-name\": null, \"source\": null, \"visibility\": \"PUBLIC\", \"path\": \"0000-0001-5975-0031\"}, \"other-names\": {\"last-modified-date\": null, \"other-name\": [], \"path\": \"/0000-0001-5975-0031/other-names\"}, \"biography\": null, \"researcher-urls\": {\"last-modified-date\": null, \"researcher-url\": [], \"path\": \"/0000-0001-5975-0031/researcher-urls\"}, \"emails\": {\"last-modified-date\": null, \"email\": [], \"path\": \"/0000-0001-5975-0031/email\"}, \"addresses\": {\"last-modified-date\": null, \"address\": [], \"path\": \"/0000-0001-5975-0031/address\"}, \"keywords\": {\"last-modified-date\": null, \"keyword\": [], \"path\": \"/0000-0001-5975-0031/keywords\"}, \"external-identifiers\": {\"last-modified-date\": null, \"external-identifier\": [], \"path\": \"/0000-0001-5975-0031/external-identifiers\"}, \"path\": \"/0000-0001-5975-0031/person\"}, \"activities-summary\": {\"last-modified-date\": {\"value\": 1686145403863}, \"educations\": {\"last-modified-date\": null, \"education-summary\": [], \"path\": \"/0000-0001-5975-0031/educations\"}, \"employments\": {\"last-modified-date\": {\"value\": 1661514100839}, \"employment-summary\": [{\"created-date\": {\"value\": 1661514049626}, \"last-modified-date\": {\"value\": 1661514100839}, \"source\": {\"source-orcid\": {\"uri\": \"https://orcid.org/0000-0001-5975-0031\", \"path\": \"0000-0001-5975-0031\", \"host\": \"orcid.org\"}, \"source-client-id\": null, \"source-name\": {\"value\": \"Soo-Yon Kim\"}}, \"department-name\": null, \"role-title\": null, \"start-date\": {\"year\": {\"value\": \"2021\"}, \"month\": {\"value\": \"09\"}, \"day\": null}, \"end-date\": null, \"organization\": {\"name\": \"Information Systems and Databases (DBIS), RWTH Aachen University\", \"address\": {\"city\": \"Aachen\", \"region\": \"\", \"country\": \"DE\"}, \"disambiguated-organization\": null}, \"visibility\": \"PUBLIC\", \"put-code\": 18342201, \"path\": \"/0000-0001-5975-0031/employment/18342201\"}], \"path\": \"/0000-0001-5975-0031/employments\"}, \"fundings\": {\"last-modified-date\": null, \"group\": [], \"path\": \"/0000-0001-5975-0031/fundings\"}, \"peer-reviews\": {\"last-modified-date\": null, \"group\": [], \"path\": \"/0000-0001-5975-0031/peer-reviews\"}, \"works\": {\"last-modified-date\": {\"value\": 1686145403863}, \"group\": [{\"last-modified-date\": {\"value\": 1686145403863}, \"external-ids\": {\"external-id\": [{\"external-id-type\": \"doi\", \"external-id-value\": \"10.1007/978-3-030-98062-7_15-1\", \"external-id-url\": {\"value\": \"https://doi.org/10.1007/978-3-030-98062-7_15-1\"}, \"external-id-relationship\": \"SELF\"}]}, \"work-summary\": [{\"put-code\": 136488852, \"created-date\": {\"value\": 1686145395580}, \"last-modified-date\": {\"value\": 1686145403863}, \"source\": {\"source-orcid\": {\"uri\": \"https://orcid.org/0000-0001-5975-0031\", \"path\": \"0000-0001-5975-0031\", \"host\": \"orcid.org\"}, \"source-client-id\": null, \"source-name\": {\"value\": \"Soo-Yon Kim\"}}, \"title\": {\"title\": {\"value\": \"Managing Growing Uncertainties in Long-Term Production Management\"}, \"subtitle\": null, \"translated-title\": null}, \"external-ids\": {\"external-id\": [{\"external-id-type\": \"doi\", \"external-id-value\": \"10.1007/978-3-030-98062-7_15-1\", \"external-id-url\": {\"value\": \"https://doi.org/10.1007/978-3-030-98062-7_15-1\"}, \"external-id-relationship\": \"SELF\"}, {\"external-id-type\": \"isbn\", \"external-id-value\": \"9783030980627\", \"external-id-url\": {\"value\": \"https://www.worldcat.org/isbn/9783030980627\"}, \"external-id-relationship\": \"PART_OF\"}, {\"external-id-type\": \"isbn\", \"external-id-value\": \"9783030980627\", \"external-id-url\": {\"value\": \"https://www.worldcat.org/isbn/9783030980627\"}, \"external-id-relationship\": \"PART_OF\"}, {\"external-id-type\": \"issn\", \"external-id-value\": \"2731-4995\", \"external-id-url\": {\"value\": \"https://portal.issn.org/resource/ISSN/2731-4995\"}, \"external-id-relationship\": \"PART_OF\"}, {\"external-id-type\": \"issn\", \"external-id-value\": \"2731-5185\", \"external-id-url\": {\"value\": \"https://portal.issn.org/resource/ISSN/2731-5185\"}, \"external-id-relationship\": \"PART_OF\"}]}, \"type\": \"BOOK_CHAPTER\", \"publication-date\": {\"year\": {\"value\": \"2023\"}, \"month\": null, \"day\": null, \"media-type\": null}, \"visibility\": \"PUBLIC\", \"path\": \"/0000-0001-5975-0031/work/136488852\", \"display-index\": \"1\"}]}, {\"last-modified-date\": {\"value\": 1674042502980}, \"external-ids\": {\"external-id\": [{\"external-id-type\": \"doi\", \"external-id-value\": \"10.1515/zwf-2022-1167\", \"external-id-url\": {\"value\": \"https://doi.org/10.1515/zwf-2022-1167\"}, \"external-id-relationship\": \"SELF\"}]}, \"work-summary\": [{\"put-code\": 126798325, \"created-date\": {\"value\": 1674042462575}, \"last-modified-date\": {\"value\": 1674042502980}, \"source\": {\"source-orcid\": {\"uri\": \"https://orcid.org/0000-0001-5975-0031\", \"path\": \"0000-0001-5975-0031\", \"host\": \"orcid.org\"}, \"source-client-id\": null, \"source-name\": {\"value\": \"Soo-Yon Kim\"}}, \"title\": {\"title\": {\"value\": \"Unternehmens\\u00fcbergreifendes Datenqualit\\u00e4tsmanagement\"}, \"subtitle\": null, \"translated-title\": null}, \"external-ids\": {\"external-id\": [{\"external-id-type\": \"doi\", \"external-id-value\": \"10.1515/zwf-2022-1167\", \"external-id-url\": {\"value\": \"https://doi.org/10.1515/zwf-2022-1167\"}, \"external-id-relationship\": \"SELF\"}, {\"external-id-type\": \"issn\", \"external-id-value\": \"2511-0896\", \"external-id-url\": {\"value\": \"https://portal.issn.org/resource/ISSN/2511-0896\"}, \"external-id-relationship\": \"PART_OF\"}, {\"external-id-type\": \"issn\", \"external-id-value\": \"0947-0085\", \"external-id-url\": {\"value\": \"https://portal.issn.org/resource/ISSN/0947-0085\"}, \"external-id-relationship\": \"PART_OF\"}]}, \"type\": \"JOURNAL_ARTICLE\", \"publication-date\": {\"year\": {\"value\": \"2022\"}, \"month\": {\"value\": \"12\"}, \"day\": {\"value\": \"30\"}, \"media-type\": null}, \"visibility\": \"PUBLIC\", \"path\": \"/0000-0001-5975-0031/work/126798325\", \"display-index\": \"1\"}]}, {\"last-modified-date\": {\"value\": 1669888327087}, \"external-ids\": {\"external-id\": [{\"external-id-type\": \"doi\", \"external-id-value\": \"10.5281/ZENODO.7362038\", \"external-id-url\": {\"value\": \"https://doi.org/10.5281/zenodo.7362038\"}, \"external-id-relationship\": \"SELF\"}]}, \"work-summary\": [{\"put-code\": 123907497, \"created-date\": {\"value\": 1669887926756}, \"last-modified-date\": {\"value\": 1669888327087}, \"source\": {\"source-orcid\": {\"uri\": \"https://orcid.org/0000-0001-5975-0031\", \"path\": \"0000-0001-5975-0031\", \"host\": \"orcid.org\"}, \"source-client-id\": null, \"source-name\": {\"value\": \"Soo-Yon Kim\"}}, \"title\": {\"title\": {\"value\": \"NFDI4Ing Conference 2022 - Conference Contributions\"}, \"subtitle\": null, \"translated-title\": null}, \"external-ids\": {\"external-id\": [{\"external-id-type\": \"doi\", \"external-id-value\": \"10.5281/ZENODO.7362038\", \"external-id-url\": {\"value\": \"https://doi.org/10.5281/zenodo.7362038\"}, \"external-id-relationship\": \"SELF\"}]}, \"type\": \"OTHER\", \"publication-date\": {\"year\": {\"value\": \"2022\"}, \"month\": {\"value\": \"10\"}, \"day\": {\"value\": \"27\"}, \"media-type\": null}, \"visibility\": \"PUBLIC\", \"path\": \"/0000-0001-5975-0031/work/123907497\", \"display-index\": \"1\"}]}, {\"last-modified-date\": {\"value\": 1661513940228}, \"external-ids\": {\"external-id\": [{\"external-id-type\": \"doi\", \"external-id-value\": \"10.5281/ZENODO.6346778\", \"external-id-url\": {\"value\": \"https://doi.org/10.5281/ZENODO.6346778\"}, \"external-id-relationship\": \"SELF\"}]}, \"work-summary\": [{\"put-code\": 117914656, \"created-date\": {\"value\": 1661513927576}, \"last-modified-date\": {\"value\": 1661513940228}, \"source\": {\"source-orcid\": {\"uri\": \"https://orcid.org/0000-0001-5975-0031\", \"path\": \"0000-0001-5975-0031\", \"host\": \"orcid.org\"}, \"source-client-id\": null, \"source-name\": {\"value\": \"Soo-Yon Kim\"}}, \"title\": {\"title\": {\"value\": \"NFDI4Ing CC-41 Community Meeting 2022: Stand und Ausblick des FDMs in Maschinenbau und Produktionstechnik\"}, \"subtitle\": null, \"translated-title\": null}, \"external-ids\": {\"external-id\": [{\"external-id-type\": \"doi\", \"external-id-value\": \"10.5281/ZENODO.6346778\", \"external-id-url\": {\"value\": \"https://doi.org/10.5281/ZENODO.6346778\"}, \"external-id-relationship\": \"SELF\"}]}, \"type\": \"OTHER\", \"publication-date\": {\"year\": {\"value\": \"2022\"}, \"month\": {\"value\": \"03\"}, \"day\": {\"value\": \"03\"}, \"media-type\": null}, \"visibility\": \"PUBLIC\", \"path\": \"/0000-0001-5975-0031/work/117914656\", \"display-index\": \"1\"}]}], \"path\": \"/0000-0001-5975-0031/works\"}, \"path\": \"/0000-0001-5975-0031/activities\"}, \"path\": \"/0000-0001-5975-0031\"}',18),(18,'orcid','0009-0001-9779-565X','2024-01-08 10:27:42.788003','2023-10-18 09:50:06.030284','{\"orcid-identifier\": {\"uri\": \"https://orcid.org/0009-0001-9779-565X\", \"path\": \"0009-0001-9779-565X\", \"host\": \"orcid.org\"}, \"preferences\": {\"locale\": \"EN\"}, \"history\": {\"creation-method\": \"MEMBER_REFERRED\", \"completion-date\": null, \"submission-date\": {\"value\": 1697622527908}, \"last-modified-date\": {\"value\": 1704709662148}, \"claimed\": true, \"source\": null, \"deactivation-date\": null, \"verified-email\": true, \"verified-primary-email\": true}, \"person\": {\"last-modified-date\": null, \"name\": {\"created-date\": {\"value\": 1697622528175}, \"last-modified-date\": {\"value\": 1697622528175}, \"given-names\": {\"value\": \"Shubham Soumit\"}, \"family-name\": {\"value\": \"Das\"}, \"credit-name\": null, \"source\": null, \"visibility\": \"PUBLIC\", \"path\": \"0009-0001-9779-565X\"}, \"other-names\": {\"last-modified-date\": null, \"other-name\": [], \"path\": \"/0009-0001-9779-565X/other-names\"}, \"biography\": null, \"researcher-urls\": {\"last-modified-date\": null, \"researcher-url\": [], \"path\": \"/0009-0001-9779-565X/researcher-urls\"}, \"emails\": {\"last-modified-date\": null, \"email\": [], \"path\": \"/0009-0001-9779-565X/email\"}, \"addresses\": {\"last-modified-date\": null, \"address\": [], \"path\": \"/0009-0001-9779-565X/address\"}, \"keywords\": {\"last-modified-date\": null, \"keyword\": [], \"path\": \"/0009-0001-9779-565X/keywords\"}, \"external-identifiers\": {\"last-modified-date\": null, \"external-identifier\": [], \"path\": \"/0009-0001-9779-565X/external-identifiers\"}, \"path\": \"/0009-0001-9779-565X/person\"}, \"activities-summary\": {\"last-modified-date\": null, \"educations\": {\"last-modified-date\": null, \"education-summary\": [], \"path\": \"/0009-0001-9779-565X/educations\"}, \"employments\": {\"last-modified-date\": null, \"employment-summary\": [], \"path\": \"/0009-0001-9779-565X/employments\"}, \"fundings\": {\"last-modified-date\": null, \"group\": [], \"path\": \"/0009-0001-9779-565X/fundings\"}, \"peer-reviews\": {\"last-modified-date\": null, \"group\": [], \"path\": \"/0009-0001-9779-565X/peer-reviews\"}, \"works\": {\"last-modified-date\": null, \"group\": [], \"path\": \"/0009-0001-9779-565X/works\"}, \"path\": \"/0009-0001-9779-565X/activities\"}, \"path\": \"/0009-0001-9779-565X\"}',19),(19,'orcid','0009-0002-7124-4566','2024-01-04 11:45:23.729011','2024-01-04 10:35:15.096889','{\"orcid-identifier\": {\"uri\": \"https://orcid.org/0009-0002-7124-4566\", \"path\": \"0009-0002-7124-4566\", \"host\": \"orcid.org\"}, \"preferences\": {\"locale\": \"EN\"}, \"history\": {\"creation-method\": \"DIRECT\", \"completion-date\": null, \"submission-date\": {\"value\": 1704364466845}, \"last-modified-date\": {\"value\": 1704368717436}, \"claimed\": true, \"source\": null, \"deactivation-date\": null, \"verified-email\": false, \"verified-primary-email\": false}, \"person\": {\"last-modified-date\": null, \"name\": {\"created-date\": {\"value\": 1704364467144}, \"last-modified-date\": {\"value\": 1704364467144}, \"given-names\": {\"value\": \"test\"}, \"family-name\": null, \"credit-name\": null, \"source\": null, \"visibility\": \"PUBLIC\", \"path\": \"0009-0002-7124-4566\"}, \"other-names\": {\"last-modified-date\": null, \"other-name\": [], \"path\": \"/0009-0002-7124-4566/other-names\"}, \"biography\": null, \"researcher-urls\": {\"last-modified-date\": null, \"researcher-url\": [], \"path\": \"/0009-0002-7124-4566/researcher-urls\"}, \"emails\": {\"last-modified-date\": null, \"email\": [], \"path\": \"/0009-0002-7124-4566/email\"}, \"addresses\": {\"last-modified-date\": null, \"address\": [], \"path\": \"/0009-0002-7124-4566/address\"}, \"keywords\": {\"last-modified-date\": null, \"keyword\": [], \"path\": \"/0009-0002-7124-4566/keywords\"}, \"external-identifiers\": {\"last-modified-date\": null, \"external-identifier\": [], \"path\": \"/0009-0002-7124-4566/external-identifiers\"}, \"path\": \"/0009-0002-7124-4566/person\"}, \"activities-summary\": {\"last-modified-date\": null, \"educations\": {\"last-modified-date\": null, \"education-summary\": [], \"path\": \"/0009-0002-7124-4566/educations\"}, \"employments\": {\"last-modified-date\": null, \"employment-summary\": [], \"path\": \"/0009-0002-7124-4566/employments\"}, \"fundings\": {\"last-modified-date\": null, \"group\": [], \"path\": \"/0009-0002-7124-4566/fundings\"}, \"peer-reviews\": {\"last-modified-date\": null, \"group\": [], \"path\": \"/0009-0002-7124-4566/peer-reviews\"}, \"works\": {\"last-modified-date\": null, \"group\": [], \"path\": \"/0009-0002-7124-4566/works\"}, \"path\": \"/0009-0002-7124-4566/activities\"}, \"path\": \"/0009-0002-7124-4566\"}',20),(20,'orcid','0009-0009-5553-8848','2024-01-04 11:33:54.879893','2024-01-04 11:32:35.064649','{\"orcid-identifier\": {\"uri\": \"https://orcid.org/0009-0009-5553-8848\", \"path\": \"0009-0009-5553-8848\", \"host\": \"orcid.org\"}, \"preferences\": {\"locale\": \"EN\"}, \"history\": {\"creation-method\": \"DIRECT\", \"completion-date\": null, \"submission-date\": {\"value\": 1704367931983}, \"last-modified-date\": {\"value\": 1704368028614}, \"claimed\": true, \"source\": null, \"deactivation-date\": null, \"verified-email\": false, \"verified-primary-email\": false}, \"person\": {\"last-modified-date\": null, \"name\": {\"created-date\": {\"value\": 1704367932241}, \"last-modified-date\": {\"value\": 1704367932241}, \"given-names\": {\"value\": \"johandohan\"}, \"family-name\": null, \"credit-name\": null, \"source\": null, \"visibility\": \"PUBLIC\", \"path\": \"0009-0009-5553-8848\"}, \"other-names\": {\"last-modified-date\": null, \"other-name\": [], \"path\": \"/0009-0009-5553-8848/other-names\"}, \"biography\": null, \"researcher-urls\": {\"last-modified-date\": null, \"researcher-url\": [], \"path\": \"/0009-0009-5553-8848/researcher-urls\"}, \"emails\": {\"last-modified-date\": null, \"email\": [], \"path\": \"/0009-0009-5553-8848/email\"}, \"addresses\": {\"last-modified-date\": null, \"address\": [], \"path\": \"/0009-0009-5553-8848/address\"}, \"keywords\": {\"last-modified-date\": null, \"keyword\": [], \"path\": \"/0009-0009-5553-8848/keywords\"}, \"external-identifiers\": {\"last-modified-date\": null, \"external-identifier\": [], \"path\": \"/0009-0009-5553-8848/external-identifiers\"}, \"path\": \"/0009-0009-5553-8848/person\"}, \"activities-summary\": {\"last-modified-date\": null, \"educations\": {\"last-modified-date\": null, \"education-summary\": [], \"path\": \"/0009-0009-5553-8848/educations\"}, \"employments\": {\"last-modified-date\": null, \"employment-summary\": [], \"path\": \"/0009-0009-5553-8848/employments\"}, \"fundings\": {\"last-modified-date\": null, \"group\": [], \"path\": \"/0009-0009-5553-8848/fundings\"}, \"peer-reviews\": {\"last-modified-date\": null, \"group\": [], \"path\": \"/0009-0009-5553-8848/peer-reviews\"}, \"works\": {\"last-modified-date\": null, \"group\": [], \"path\": \"/0009-0009-5553-8848/works\"}, \"path\": \"/0009-0009-5553-8848/activities\"}, \"path\": \"/0009-0009-5553-8848\"}',21),(21,'orcid','0009-0006-2692-2638','2024-01-04 14:12:31.665308','2024-01-04 14:08:59.114424','{\"orcid-identifier\": {\"uri\": \"https://orcid.org/0009-0006-2692-2638\", \"path\": \"0009-0006-2692-2638\", \"host\": \"orcid.org\"}, \"preferences\": {\"locale\": \"EN\"}, \"history\": {\"creation-method\": \"MEMBER_REFERRED\", \"completion-date\": null, \"submission-date\": {\"value\": 1704377325160}, \"last-modified-date\": {\"value\": 1704377545619}, \"claimed\": true, \"source\": null, \"deactivation-date\": null, \"verified-email\": false, \"verified-primary-email\": false}, \"person\": {\"last-modified-date\": null, \"name\": {\"created-date\": {\"value\": 1704377325416}, \"last-modified-date\": {\"value\": 1704377325416}, \"given-names\": {\"value\": \"tobiasm\\u00fcller1\"}, \"family-name\": null, \"credit-name\": null, \"source\": null, \"visibility\": \"PUBLIC\", \"path\": \"0009-0006-2692-2638\"}, \"other-names\": {\"last-modified-date\": null, \"other-name\": [], \"path\": \"/0009-0006-2692-2638/other-names\"}, \"biography\": null, \"researcher-urls\": {\"last-modified-date\": null, \"researcher-url\": [], \"path\": \"/0009-0006-2692-2638/researcher-urls\"}, \"emails\": {\"last-modified-date\": null, \"email\": [], \"path\": \"/0009-0006-2692-2638/email\"}, \"addresses\": {\"last-modified-date\": null, \"address\": [], \"path\": \"/0009-0006-2692-2638/address\"}, \"keywords\": {\"last-modified-date\": null, \"keyword\": [], \"path\": \"/0009-0006-2692-2638/keywords\"}, \"external-identifiers\": {\"last-modified-date\": null, \"external-identifier\": [], \"path\": \"/0009-0006-2692-2638/external-identifiers\"}, \"path\": \"/0009-0006-2692-2638/person\"}, \"activities-summary\": {\"last-modified-date\": null, \"educations\": {\"last-modified-date\": null, \"education-summary\": [], \"path\": \"/0009-0006-2692-2638/educations\"}, \"employments\": {\"last-modified-date\": null, \"employment-summary\": [], \"path\": \"/0009-0006-2692-2638/employments\"}, \"fundings\": {\"last-modified-date\": null, \"group\": [], \"path\": \"/0009-0006-2692-2638/fundings\"}, \"peer-reviews\": {\"last-modified-date\": null, \"group\": [], \"path\": \"/0009-0006-2692-2638/peer-reviews\"}, \"works\": {\"last-modified-date\": null, \"group\": [], \"path\": \"/0009-0006-2692-2638/works\"}, \"path\": \"/0009-0006-2692-2638/activities\"}, \"path\": \"/0009-0006-2692-2638\"}',22),(22,'orcid','0009-0000-6982-1294','2024-01-29 14:05:53.252076','2024-01-29 13:56:34.820655','{\"orcid-identifier\": {\"uri\": \"https://orcid.org/0009-0000-6982-1294\", \"path\": \"0009-0000-6982-1294\", \"host\": \"orcid.org\"}, \"preferences\": {\"locale\": \"EN\"}, \"history\": {\"creation-method\": \"DIRECT\", \"completion-date\": null, \"submission-date\": {\"value\": 1685972333734}, \"last-modified-date\": {\"value\": 1706537152599}, \"claimed\": true, \"source\": null, \"deactivation-date\": null, \"verified-email\": true, \"verified-primary-email\": true}, \"person\": {\"last-modified-date\": null, \"name\": {\"created-date\": {\"value\": 1685972333989}, \"last-modified-date\": {\"value\": 1685972333989}, \"given-names\": {\"value\": \"Arif\"}, \"family-name\": {\"value\": \"Hosan\"}, \"credit-name\": null, \"source\": null, \"visibility\": \"PUBLIC\", \"path\": \"0009-0000-6982-1294\"}, \"other-names\": {\"last-modified-date\": null, \"other-name\": [], \"path\": \"/0009-0000-6982-1294/other-names\"}, \"biography\": null, \"researcher-urls\": {\"last-modified-date\": null, \"researcher-url\": [], \"path\": \"/0009-0000-6982-1294/researcher-urls\"}, \"emails\": {\"last-modified-date\": null, \"email\": [], \"path\": \"/0009-0000-6982-1294/email\"}, \"addresses\": {\"last-modified-date\": null, \"address\": [], \"path\": \"/0009-0000-6982-1294/address\"}, \"keywords\": {\"last-modified-date\": null, \"keyword\": [], \"path\": \"/0009-0000-6982-1294/keywords\"}, \"external-identifiers\": {\"last-modified-date\": null, \"external-identifier\": [], \"path\": \"/0009-0000-6982-1294/external-identifiers\"}, \"path\": \"/0009-0000-6982-1294/person\"}, \"activities-summary\": {\"last-modified-date\": null, \"educations\": {\"last-modified-date\": null, \"education-summary\": [], \"path\": \"/0009-0000-6982-1294/educations\"}, \"employments\": {\"last-modified-date\": null, \"employment-summary\": [], \"path\": \"/0009-0000-6982-1294/employments\"}, \"fundings\": {\"last-modified-date\": null, \"group\": [], \"path\": \"/0009-0000-6982-1294/fundings\"}, \"peer-reviews\": {\"last-modified-date\": null, \"group\": [], \"path\": \"/0009-0000-6982-1294/peer-reviews\"}, \"works\": {\"last-modified-date\": null, \"group\": [], \"path\": \"/0009-0000-6982-1294/works\"}, \"path\": \"/0009-0000-6982-1294/activities\"}, \"path\": \"/0009-0000-6982-1294\"}',23);
/*!40000 ALTER TABLE `socialaccount_socialaccount` ENABLE KEYS */;
UNLOCK TABLES;

--
-- Table structure for table `socialaccount_socialapp`
--

DROP TABLE IF EXISTS `socialaccount_socialapp`;
/*!40101 SET @saved_cs_client     = @@character_set_client */;
/*!50503 SET character_set_client = utf8mb4 */;
CREATE TABLE `socialaccount_socialapp` (
  `id` int NOT NULL AUTO_INCREMENT,
  `provider` varchar(30) NOT NULL,
  `name` varchar(40) NOT NULL,
  `client_id` varchar(191) NOT NULL,
  `secret` varchar(191) NOT NULL,
  `key` varchar(191) NOT NULL,
  PRIMARY KEY (`id`)
) ENGINE=InnoDB AUTO_INCREMENT=2 DEFAULT CHARSET=utf8mb3;
/*!40101 SET character_set_client = @saved_cs_client */;

--
-- Dumping data for table `socialaccount_socialapp`
--

LOCK TABLES `socialaccount_socialapp` WRITE;
/*!40000 ALTER TABLE `socialaccount_socialapp` DISABLE KEYS */;
INSERT INTO `socialaccount_socialapp` VALUES (1,'orcid','orcid app','APP-Z56EMJ9MO0N4UTG1','51032252-12b9-463e-b5e6-d31f94061a9d','');
/*!40000 ALTER TABLE `socialaccount_socialapp` ENABLE KEYS */;
UNLOCK TABLES;

--
-- Table structure for table `socialaccount_socialapp_sites`
--

DROP TABLE IF EXISTS `socialaccount_socialapp_sites`;
/*!40101 SET @saved_cs_client     = @@character_set_client */;
/*!50503 SET character_set_client = utf8mb4 */;
CREATE TABLE `socialaccount_socialapp_sites` (
  `id` bigint NOT NULL AUTO_INCREMENT,
  `socialapp_id` int NOT NULL,
  `site_id` int NOT NULL,
  PRIMARY KEY (`id`),
  UNIQUE KEY `socialaccount_socialapp_sites_socialapp_id_site_id_71a9a768_uniq` (`socialapp_id`,`site_id`),
  KEY `socialaccount_socialapp_sites_site_id_2579dee5_fk_django_site_id` (`site_id`),
  CONSTRAINT `socialaccount_social_socialapp_id_97fb6e7d_fk_socialacc` FOREIGN KEY (`socialapp_id`) REFERENCES `socialaccount_socialapp` (`id`),
  CONSTRAINT `socialaccount_socialapp_sites_site_id_2579dee5_fk_django_site_id` FOREIGN KEY (`site_id`) REFERENCES `django_site` (`id`)
) ENGINE=InnoDB AUTO_INCREMENT=2 DEFAULT CHARSET=utf8mb3;
/*!40101 SET character_set_client = @saved_cs_client */;

--
-- Dumping data for table `socialaccount_socialapp_sites`
--

LOCK TABLES `socialaccount_socialapp_sites` WRITE;
/*!40000 ALTER TABLE `socialaccount_socialapp_sites` DISABLE KEYS */;
INSERT INTO `socialaccount_socialapp_sites` VALUES (1,1,1);
/*!40000 ALTER TABLE `socialaccount_socialapp_sites` ENABLE KEYS */;
UNLOCK TABLES;

--
-- Table structure for table `socialaccount_socialtoken`
--

DROP TABLE IF EXISTS `socialaccount_socialtoken`;
/*!40101 SET @saved_cs_client     = @@character_set_client */;
/*!50503 SET character_set_client = utf8mb4 */;
CREATE TABLE `socialaccount_socialtoken` (
  `id` int NOT NULL AUTO_INCREMENT,
  `token` longtext NOT NULL,
  `token_secret` longtext NOT NULL,
  `expires_at` datetime(6) DEFAULT NULL,
  `account_id` int NOT NULL,
  `app_id` int NOT NULL,
  PRIMARY KEY (`id`),
  UNIQUE KEY `socialaccount_socialtoken_app_id_account_id_fca4e0ac_uniq` (`app_id`,`account_id`),
  KEY `socialaccount_social_account_id_951f210e_fk_socialacc` (`account_id`),
  CONSTRAINT `socialaccount_social_account_id_951f210e_fk_socialacc` FOREIGN KEY (`account_id`) REFERENCES `socialaccount_socialaccount` (`id`),
  CONSTRAINT `socialaccount_social_app_id_636a42d7_fk_socialacc` FOREIGN KEY (`app_id`) REFERENCES `socialaccount_socialapp` (`id`)
) ENGINE=InnoDB DEFAULT CHARSET=utf8mb3;
/*!40101 SET character_set_client = @saved_cs_client */;

--
-- Dumping data for table `socialaccount_socialtoken`
--

LOCK TABLES `socialaccount_socialtoken` WRITE;
/*!40000 ALTER TABLE `socialaccount_socialtoken` DISABLE KEYS */;
/*!40000 ALTER TABLE `socialaccount_socialtoken` ENABLE KEYS */;
UNLOCK TABLES;
/*!40103 SET TIME_ZONE=@OLD_TIME_ZONE */;

/*!40101 SET SQL_MODE=@OLD_SQL_MODE */;
/*!40014 SET FOREIGN_KEY_CHECKS=@OLD_FOREIGN_KEY_CHECKS */;
/*!40014 SET UNIQUE_CHECKS=@OLD_UNIQUE_CHECKS */;
/*!40101 SET CHARACTER_SET_CLIENT=@OLD_CHARACTER_SET_CLIENT */;
/*!40101 SET CHARACTER_SET_RESULTS=@OLD_CHARACTER_SET_RESULTS */;
/*!40101 SET COLLATION_CONNECTION=@OLD_COLLATION_CONNECTION */;
/*!40111 SET SQL_NOTES=@OLD_SQL_NOTES */;

-- Dump completed on 2024-05-03 14:25:06
